{"id":2157,"date":"2022-11-10T20:54:56","date_gmt":"2022-11-10T23:54:56","guid":{"rendered":"https:\/\/sites.uel.br\/pdi\/?page_id=2157"},"modified":"2022-11-10T20:54:56","modified_gmt":"2022-11-10T23:54:56","slug":"sebec-objetivo-2","status":"publish","type":"page","link":"https:\/\/sites.uel.br\/pdi\/sebec-objetivo-2\/","title":{"rendered":"SEBEC &#8211; Objetivo"},"content":{"rendered":"\n<p class=\"has-text-color\" style=\"color:#fefefe\">.<\/p>\n\n\n\n<p>A finalidade do SEBEC \u00e9 de planejamento, coordena\u00e7\u00e3o, execu\u00e7\u00e3o, supervis\u00e3o e controle de servi\u00e7os que promovam bem-estar \u00e0 comunidade universit\u00e1ria no sentido de garantir integral condi\u00e7\u00e3o de trabalho e de viv\u00eancia acad\u00eamica dentro da UEL contribuindo para a perman\u00eancia estudantil.<\/p>\n","protected":false},"excerpt":{"rendered":"<p>. A finalidade do SEBEC \u00e9 de planejamento, coordena\u00e7\u00e3o, execu\u00e7\u00e3o, supervis\u00e3o e controle de servi\u00e7os que promovam bem-estar \u00e0 comunidade universit\u00e1ria no sentido de garantir integral condi\u00e7\u00e3o de trabalho e de viv\u00eancia acad\u00eamica dentro da UEL contribuindo para a perman\u00eancia estudantil.<\/p>\n","protected":false},"author":8,"featured_media":0,"parent":0,"menu_order":0,"comment_status":"closed","ping_status":"closed","template":"","meta":{"footnotes":""},"class_list":["post-2157","page","type-page","status-publish","hentry"],"acf":[],"_links":{"self":[{"href":"https:\/\/sites.uel.br\/pdi\/wp-json\/wp\/v2\/pages\/2157","targetHints":{"allow":["GET"]}}],"collection":[{"href":"https:\/\/sites.uel.br\/pdi\/wp-json\/wp\/v2\/pages"}],"about":[{"href":"https:\/\/sites.uel.br\/pdi\/wp-json\/wp\/v2\/types\/page"}],"author":[{"embeddable":true,"href":"https:\/\/sites.uel.br\/pdi\/wp-json\/wp\/v2\/users\/8"}],"replies":[{"embeddable":true,"href":"https:\/\/sites.uel.br\/pdi\/wp-json\/wp\/v2\/comments?post=2157"}],"version-history":[{"count":1,"href":"https:\/\/sites.uel.br\/pdi\/wp-json\/wp\/v2\/pages\/2157\/revisions"}],"predecessor-version":[{"id":2158,"href":"https:\/\/sites.uel.br\/pdi\/wp-json\/wp\/v2\/pages\/2157\/revisions\/2158"}],"wp:attachment":[{"href":"https:\/\/sites.uel.br\/pdi\/wp-json\/wp\/v2\/media?parent=2157"}],"curies":[{"name":"wp","href":"https:\/\/api.w.org\/{rel}","templated":true}]}}

<p class="has-text-color" style="color:#fefefe">.</p>



<p>A finalidade do SEBEC é de planejamento, coordenação, execução, supervisão e controle de serviços que promovam bem-estar à comunidade universitária no sentido de garantir integral condição de trabalho e de vivência acadêmica dentro da UEL contribuindo para a permanência estudantil.</p>

<p>. A finalidade do SEBEC é de planejamento, coordenação, execução, supervisão e controle de serviços que promovam bem-estar à comunidade universitária no sentido de garantir integral condição de trabalho e de vivência acadêmica dentro da UEL contribuindo para a permanência estudantil.</p>
