{"id":2154,"date":"2022-11-10T20:54:08","date_gmt":"2022-11-10T23:54:08","guid":{"rendered":"https:\/\/sites.uel.br\/pdi\/?page_id=2154"},"modified":"2022-11-10T20:54:08","modified_gmt":"2022-11-10T23:54:08","slug":"sebec-missao-2","status":"publish","type":"page","link":"https:\/\/sites.uel.br\/pdi\/sebec-missao-2\/","title":{"rendered":"SEBEC &#8211; Miss\u00e3o"},"content":{"rendered":"\n<p class=\"has-white-color has-text-color\">.<\/p>\n\n\n\n<p>Desenvolver a\u00e7\u00f5es, na perspectiva da aten\u00e7\u00e3o e assist\u00eancia individual e coletiva \u00e0 comunidade universit\u00e1ria, sejam estes servidores agentes universit\u00e1rios, docentes e estudantes, buscando operacionalizar servi\u00e7os e programas nas \u00e1reas de Sa\u00fade do Trabalhador, Seguran\u00e7a do Trabalho, Seguran\u00e7a Alimentar e Nutricional, Servi\u00e7o Social, Psicologia e Perman\u00eancia Estudantil. S\u00e3o a\u00e7\u00f5es que visam, inclusive, prever aten\u00e7\u00e3o \u00e0s quest\u00f5es relacionadas \u00e0 diversidade social e cultura, sa\u00fade, viol\u00eancias de toda natureza, precariza\u00e7\u00e3o do trabalho, inclus\u00e3o social e viola\u00e7\u00e3o dos direitos humanos.<\/p>\n\n\n\n<p><\/p>\n","protected":false},"excerpt":{"rendered":"<p>. Desenvolver a\u00e7\u00f5es, na perspectiva da aten\u00e7\u00e3o e assist\u00eancia individual e coletiva \u00e0 comunidade universit\u00e1ria, sejam estes servidores agentes universit\u00e1rios, docentes e estudantes, buscando operacionalizar servi\u00e7os e programas nas \u00e1reas de Sa\u00fade do Trabalhador, Seguran\u00e7a do Trabalho, Seguran\u00e7a Alimentar e Nutricional, Servi\u00e7o Social, Psicologia e Perman\u00eancia Estudantil. S\u00e3o a\u00e7\u00f5es que visam, inclusive, prever aten\u00e7\u00e3o \u00e0s [&hellip;]<\/p>\n","protected":false},"author":8,"featured_media":0,"parent":0,"menu_order":0,"comment_status":"closed","ping_status":"closed","template":"","meta":{"footnotes":""},"class_list":["post-2154","page","type-page","status-publish","hentry"],"acf":[],"_links":{"self":[{"href":"https:\/\/sites.uel.br\/pdi\/wp-json\/wp\/v2\/pages\/2154","targetHints":{"allow":["GET"]}}],"collection":[{"href":"https:\/\/sites.uel.br\/pdi\/wp-json\/wp\/v2\/pages"}],"about":[{"href":"https:\/\/sites.uel.br\/pdi\/wp-json\/wp\/v2\/types\/page"}],"author":[{"embeddable":true,"href":"https:\/\/sites.uel.br\/pdi\/wp-json\/wp\/v2\/users\/8"}],"replies":[{"embeddable":true,"href":"https:\/\/sites.uel.br\/pdi\/wp-json\/wp\/v2\/comments?post=2154"}],"version-history":[{"count":1,"href":"https:\/\/sites.uel.br\/pdi\/wp-json\/wp\/v2\/pages\/2154\/revisions"}],"predecessor-version":[{"id":2155,"href":"https:\/\/sites.uel.br\/pdi\/wp-json\/wp\/v2\/pages\/2154\/revisions\/2155"}],"wp:attachment":[{"href":"https:\/\/sites.uel.br\/pdi\/wp-json\/wp\/v2\/media?parent=2154"}],"curies":[{"name":"wp","href":"https:\/\/api.w.org\/{rel}","templated":true}]}}

SEBEC &#8211; Missão

<p class="has-white-color has-text-color">.</p>



<p>Desenvolver ações, na perspectiva da atenção e assistência individual e coletiva à comunidade universitária, sejam estes servidores agentes universitários, docentes e estudantes, buscando operacionalizar serviços e programas nas áreas de Saúde do Trabalhador, Segurança do Trabalho, Segurança Alimentar e Nutricional, Serviço Social, Psicologia e Permanência Estudantil. São ações que visam, inclusive, prever atenção às questões relacionadas à diversidade social e cultura, saúde, violências de toda natureza, precarização do trabalho, inclusão social e violação dos direitos humanos.</p>



<p></p>

<p>. Desenvolver ações, na perspectiva da atenção e assistência individual e coletiva à comunidade universitária, sejam estes servidores agentes universitários, docentes e estudantes, buscando operacionalizar serviços e programas nas áreas de Saúde do Trabalhador, Segurança do Trabalho, Segurança Alimentar e Nutricional, Serviço Social, Psicologia e Permanência Estudantil. São ações que visam, inclusive, prever atenção às [&hellip;]</p>
