{"id":2142,"date":"2022-11-10T20:51:43","date_gmt":"2022-11-10T23:51:43","guid":{"rendered":"https:\/\/sites.uel.br\/pdi\/?page_id=2142"},"modified":"2022-11-13T22:02:30","modified_gmt":"2022-11-14T01:02:30","slug":"sebec-atribuicoes-e-formas-de-atuacao","status":"publish","type":"page","link":"https:\/\/sites.uel.br\/pdi\/sebec-atribuicoes-e-formas-de-atuacao\/","title":{"rendered":"SEBEC &#8211; Atribui\u00e7\u00f5es e Formas de Atua\u00e7\u00e3o"},"content":{"rendered":"\n<p class=\"has-white-color has-text-color\">.<\/p>\n\n\n\n<p>O SEBEC est\u00e1 institu\u00eddo pelo Ato Executivo 008\/2004 e 010\/2004 com \u00f3rg\u00e3o de apoio da Universidade Estadual de Londrina e efetiva suas atribui\u00e7\u00f5es atrav\u00e9s das divis\u00f5es e se\u00e7\u00f5es que passamos agora a detalhar. Especificamente em 2021, novas condi\u00e7\u00f5es de trabalho e de atua\u00e7\u00e3o se expressaram em todo o mundo e que naturalmente repercutiram nas atua\u00e7\u00f5es do SEBEC. A\u00e7\u00f5es imediatas foram necess\u00e1rias, exigindo mudan\u00e7as inclusive conceituais. A forma de comunica\u00e7\u00e3o, estrat\u00e9gias de atendimento, subs\u00eddio de estrutura f\u00edsica e virtual, tudo foi revisto e adaptado. O SEBEC continuou atendendo, durante todo o per\u00edodo de pandemia, sempre comparecendo ao menos um servidor de cada divis\u00e3o. As quest\u00f5es relativas \u00e0s urg\u00eancias foram atendidas e o acompanhamento aos servidores que contra\u00edram o v\u00edrus foi cont\u00ednuo. Aos estudantes, o SEBEC priorizou o atendimento \u00e0 inclus\u00e3o digital e o atendimento em sa\u00fade mental daqueles que buscaram, ou de pessoas que conseguimos identificar alguma necessidade de apoio psicol\u00f3gico. Com muita complexidade as a\u00e7\u00f5es se estabeleceram enquanto urgentes e houve ades\u00e3o \u00e0s muitas demandas da UEL.<\/p>\n\n\n\n<div class=\"wp-block-columns is-not-stacked-on-mobile is-layout-flex wp-container-core-columns-is-layout-9d6595d7 wp-block-columns-is-layout-flex\">\n<div class=\"wp-block-column is-layout-flow wp-block-column-is-layout-flow\">\n<figure class=\"wp-block-gallery has-nested-images columns-default is-cropped wp-block-gallery-1 is-layout-flex wp-block-gallery-is-layout-flex\">\n<figure class=\"wp-block-image size-large\"><a href=\"https:\/\/sites.uel.br\/pdi\/sebec-divisao-de-servico-social\/\"><img loading=\"lazy\" decoding=\"async\" width=\"1024\" height=\"572\" data-id=\"2951\" src=\"https:\/\/sites.uel.br\/pdi\/wp-content\/uploads\/2022\/11\/atr01-1024x572.png\" alt=\"\" class=\"wp-image-2951\" srcset=\"https:\/\/sites.uel.br\/pdi\/wp-content\/uploads\/2022\/11\/atr01-1024x572.png 1024w, https:\/\/sites.uel.br\/pdi\/wp-content\/uploads\/2022\/11\/atr01-300x168.png 300w, https:\/\/sites.uel.br\/pdi\/wp-content\/uploads\/2022\/11\/atr01-768x429.png 768w, https:\/\/sites.uel.br\/pdi\/wp-content\/uploads\/2022\/11\/atr01-1536x858.png 1536w, https:\/\/sites.uel.br\/pdi\/wp-content\/uploads\/2022\/11\/atr01.png 1987w\" sizes=\"auto, (max-width: 1024px) 100vw, 1024px\" \/><\/a><\/figure>\n<\/figure>\n<\/div>\n\n\n\n<div class=\"wp-block-column is-layout-flow wp-block-column-is-layout-flow\">\n<figure class=\"wp-block-gallery has-nested-images columns-default is-cropped wp-block-gallery-2 is-layout-flex wp-block-gallery-is-layout-flex\">\n<figure class=\"wp-block-image size-large\"><a href=\"https:\/\/sites.uel.br\/pdi\/sebec-divisao-de-moradia-estudantil\/\"><img loading=\"lazy\" decoding=\"async\" width=\"1024\" height=\"572\" data-id=\"2952\" src=\"https:\/\/sites.uel.br\/pdi\/wp-content\/uploads\/2022\/11\/atr02-1024x572.png\" alt=\"\" class=\"wp-image-2952\" srcset=\"https:\/\/sites.uel.br\/pdi\/wp-content\/uploads\/2022\/11\/atr02-1024x572.png 1024w, https:\/\/sites.uel.br\/pdi\/wp-content\/uploads\/2022\/11\/atr02-300x168.png 300w, https:\/\/sites.uel.br\/pdi\/wp-content\/uploads\/2022\/11\/atr02-768x429.png 768w, https:\/\/sites.uel.br\/pdi\/wp-content\/uploads\/2022\/11\/atr02-1536x858.png 1536w, https:\/\/sites.uel.br\/pdi\/wp-content\/uploads\/2022\/11\/atr02.png 1987w\" sizes=\"auto, (max-width: 1024px) 100vw, 1024px\" \/><\/a><\/figure>\n<\/figure>\n<\/div>\n\n\n\n<div class=\"wp-block-column is-layout-flow wp-block-column-is-layout-flow\">\n<figure class=\"wp-block-gallery has-nested-images columns-default is-cropped wp-block-gallery-3 is-layout-flex wp-block-gallery-is-layout-flex\">\n<figure class=\"wp-block-image size-large\"><a href=\"https:\/\/sites.uel.br\/pdi\/sebec-divisao-de-restaurante-universitario\/\"><img loading=\"lazy\" decoding=\"async\" width=\"1024\" height=\"572\" data-id=\"2953\" src=\"https:\/\/sites.uel.br\/pdi\/wp-content\/uploads\/2022\/11\/atr03-1024x572.png\" alt=\"\" class=\"wp-image-2953\" srcset=\"https:\/\/sites.uel.br\/pdi\/wp-content\/uploads\/2022\/11\/atr03-1024x572.png 1024w, https:\/\/sites.uel.br\/pdi\/wp-content\/uploads\/2022\/11\/atr03-300x168.png 300w, https:\/\/sites.uel.br\/pdi\/wp-content\/uploads\/2022\/11\/atr03-768x429.png 768w, https:\/\/sites.uel.br\/pdi\/wp-content\/uploads\/2022\/11\/atr03-1536x858.png 1536w, https:\/\/sites.uel.br\/pdi\/wp-content\/uploads\/2022\/11\/atr03.png 1987w\" sizes=\"auto, (max-width: 1024px) 100vw, 1024px\" \/><\/a><\/figure>\n<\/figure>\n<\/div>\n<\/div>\n\n\n\n<div class=\"wp-block-columns is-not-stacked-on-mobile is-layout-flex wp-container-core-columns-is-layout-9d6595d7 wp-block-columns-is-layout-flex\">\n<div class=\"wp-block-column is-layout-flow wp-block-column-is-layout-flow\">\n<figure class=\"wp-block-gallery has-nested-images columns-default is-cropped wp-block-gallery-4 is-layout-flex wp-block-gallery-is-layout-flex\">\n<figure class=\"wp-block-image size-large\"><a href=\"https:\/\/sites.uel.br\/pdi\/sebec-divisao-do-sesmt\/\"><img loading=\"lazy\" decoding=\"async\" width=\"1024\" height=\"572\" data-id=\"2954\" src=\"https:\/\/sites.uel.br\/pdi\/wp-content\/uploads\/2022\/11\/atr04-1024x572.png\" alt=\"\" class=\"wp-image-2954\" srcset=\"https:\/\/sites.uel.br\/pdi\/wp-content\/uploads\/2022\/11\/atr04-1024x572.png 1024w, https:\/\/sites.uel.br\/pdi\/wp-content\/uploads\/2022\/11\/atr04-300x168.png 300w, https:\/\/sites.uel.br\/pdi\/wp-content\/uploads\/2022\/11\/atr04-768x429.png 768w, https:\/\/sites.uel.br\/pdi\/wp-content\/uploads\/2022\/11\/atr04-1536x858.png 1536w, https:\/\/sites.uel.br\/pdi\/wp-content\/uploads\/2022\/11\/atr04.png 1987w\" sizes=\"auto, (max-width: 1024px) 100vw, 1024px\" \/><\/a><\/figure>\n<\/figure>\n<\/div>\n\n\n\n<div class=\"wp-block-column is-layout-flow wp-block-column-is-layout-flow\">\n<figure class=\"wp-block-gallery has-nested-images columns-default is-cropped wp-block-gallery-5 is-layout-flex wp-block-gallery-is-layout-flex\">\n<figure class=\"wp-block-image size-large\"><a href=\"https:\/\/sites.uel.br\/pdi\/sebec-divisao-de-apoio-administrativo\/\"><img loading=\"lazy\" decoding=\"async\" width=\"1024\" height=\"572\" data-id=\"2955\" src=\"https:\/\/sites.uel.br\/pdi\/wp-content\/uploads\/2022\/11\/atr05-1024x572.png\" alt=\"\" class=\"wp-image-2955\" srcset=\"https:\/\/sites.uel.br\/pdi\/wp-content\/uploads\/2022\/11\/atr05-1024x572.png 1024w, https:\/\/sites.uel.br\/pdi\/wp-content\/uploads\/2022\/11\/atr05-300x168.png 300w, https:\/\/sites.uel.br\/pdi\/wp-content\/uploads\/2022\/11\/atr05-768x429.png 768w, https:\/\/sites.uel.br\/pdi\/wp-content\/uploads\/2022\/11\/atr05-1536x858.png 1536w, https:\/\/sites.uel.br\/pdi\/wp-content\/uploads\/2022\/11\/atr05.png 1987w\" sizes=\"auto, (max-width: 1024px) 100vw, 1024px\" \/><\/a><\/figure>\n<\/figure>\n<\/div>\n\n\n\n<div class=\"wp-block-column is-layout-flow wp-block-column-is-layout-flow\">\n<figure class=\"wp-block-gallery has-nested-images columns-default is-cropped wp-block-gallery-6 is-layout-flex wp-block-gallery-is-layout-flex\">\n<figure class=\"wp-block-image size-large\"><a href=\"https:\/\/sites.uel.br\/pdi\/sebec-secao-de-saude-mental\/\"><img loading=\"lazy\" decoding=\"async\" width=\"1024\" height=\"572\" data-id=\"2956\" src=\"https:\/\/sites.uel.br\/pdi\/wp-content\/uploads\/2022\/11\/atr06-1024x572.png\" alt=\"\" class=\"wp-image-2956\" srcset=\"https:\/\/sites.uel.br\/pdi\/wp-content\/uploads\/2022\/11\/atr06-1024x572.png 1024w, https:\/\/sites.uel.br\/pdi\/wp-content\/uploads\/2022\/11\/atr06-300x168.png 300w, https:\/\/sites.uel.br\/pdi\/wp-content\/uploads\/2022\/11\/atr06-768x429.png 768w, https:\/\/sites.uel.br\/pdi\/wp-content\/uploads\/2022\/11\/atr06-1536x858.png 1536w, https:\/\/sites.uel.br\/pdi\/wp-content\/uploads\/2022\/11\/atr06.png 1987w\" sizes=\"auto, (max-width: 1024px) 100vw, 1024px\" \/><\/a><\/figure>\n<\/figure>\n<\/div>\n<\/div>\n\n\n\n<p><\/p>\n","protected":false},"excerpt":{"rendered":"<p>. O SEBEC est\u00e1 institu\u00eddo pelo Ato Executivo 008\/2004 e 010\/2004 com \u00f3rg\u00e3o de apoio da Universidade Estadual de Londrina e efetiva suas atribui\u00e7\u00f5es atrav\u00e9s das divis\u00f5es e se\u00e7\u00f5es que passamos agora a detalhar. Especificamente em 2021, novas condi\u00e7\u00f5es de trabalho e de atua\u00e7\u00e3o se expressaram em todo o mundo e que naturalmente repercutiram nas [&hellip;]<\/p>\n","protected":false},"author":8,"featured_media":0,"parent":0,"menu_order":0,"comment_status":"closed","ping_status":"closed","template":"","meta":{"footnotes":""},"class_list":["post-2142","page","type-page","status-publish","hentry"],"acf":[],"_links":{"self":[{"href":"https:\/\/sites.uel.br\/pdi\/wp-json\/wp\/v2\/pages\/2142","targetHints":{"allow":["GET"]}}],"collection":[{"href":"https:\/\/sites.uel.br\/pdi\/wp-json\/wp\/v2\/pages"}],"about":[{"href":"https:\/\/sites.uel.br\/pdi\/wp-json\/wp\/v2\/types\/page"}],"author":[{"embeddable":true,"href":"https:\/\/sites.uel.br\/pdi\/wp-json\/wp\/v2\/users\/8"}],"replies":[{"embeddable":true,"href":"https:\/\/sites.uel.br\/pdi\/wp-json\/wp\/v2\/comments?post=2142"}],"version-history":[{"count":6,"href":"https:\/\/sites.uel.br\/pdi\/wp-json\/wp\/v2\/pages\/2142\/revisions"}],"predecessor-version":[{"id":2973,"href":"https:\/\/sites.uel.br\/pdi\/wp-json\/wp\/v2\/pages\/2142\/revisions\/2973"}],"wp:attachment":[{"href":"https:\/\/sites.uel.br\/pdi\/wp-json\/wp\/v2\/media?parent=2142"}],"curies":[{"name":"wp","href":"https:\/\/api.w.org\/{rel}","templated":true}]}}

SEBEC &#8211; Atribuições e Formas de Atuação

<p class="has-white-color has-text-color">.</p>



<p>O SEBEC está instituído pelo Ato Executivo 008/2004 e 010/2004 com órgão de apoio da Universidade Estadual de Londrina e efetiva suas atribuições através das divisões e seções que passamos agora a detalhar. Especificamente em 2021, novas condições de trabalho e de atuação se expressaram em todo o mundo e que naturalmente repercutiram nas atuações do SEBEC. Ações imediatas foram necessárias, exigindo mudanças inclusive conceituais. A forma de comunicação, estratégias de atendimento, subsídio de estrutura física e virtual, tudo foi revisto e adaptado. O SEBEC continuou atendendo, durante todo o período de pandemia, sempre comparecendo ao menos um servidor de cada divisão. As questões relativas às urgências foram atendidas e o acompanhamento aos servidores que contraíram o vírus foi contínuo. Aos estudantes, o SEBEC priorizou o atendimento à inclusão digital e o atendimento em saúde mental daqueles que buscaram, ou de pessoas que conseguimos identificar alguma necessidade de apoio psicológico. Com muita complexidade as ações se estabeleceram enquanto urgentes e houve adesão às muitas demandas da UEL.</p>



<div class="wp-block-columns is-not-stacked-on-mobile is-layout-flex wp-container-core-columns-is-layout-9d6595d7 wp-block-columns-is-layout-flex">
<div class="wp-block-column is-layout-flow wp-block-column-is-layout-flow">
<figure class="wp-block-gallery has-nested-images columns-default is-cropped wp-block-gallery-1 is-layout-flex wp-block-gallery-is-layout-flex">
<figure class="wp-block-image size-large"><a href="https://sites.uel.br/pdi/sebec-divisao-de-servico-social/"><img loading="lazy" decoding="async" width="1024" height="572" data-id="2951" src="https://sites.uel.br/pdi/wp-content/uploads/2022/11/atr01-1024x572.png" alt="" class="wp-image-2951" srcset="https://sites.uel.br/pdi/wp-content/uploads/2022/11/atr01-1024x572.png 1024w, https://sites.uel.br/pdi/wp-content/uploads/2022/11/atr01-300x168.png 300w, https://sites.uel.br/pdi/wp-content/uploads/2022/11/atr01-768x429.png 768w, https://sites.uel.br/pdi/wp-content/uploads/2022/11/atr01-1536x858.png 1536w, https://sites.uel.br/pdi/wp-content/uploads/2022/11/atr01.png 1987w" sizes="auto, (max-width: 1024px) 100vw, 1024px" /></a></figure>
</figure>
</div>



<div class="wp-block-column is-layout-flow wp-block-column-is-layout-flow">
<figure class="wp-block-gallery has-nested-images columns-default is-cropped wp-block-gallery-2 is-layout-flex wp-block-gallery-is-layout-flex">
<figure class="wp-block-image size-large"><a href="https://sites.uel.br/pdi/sebec-divisao-de-moradia-estudantil/"><img loading="lazy" decoding="async" width="1024" height="572" data-id="2952" src="https://sites.uel.br/pdi/wp-content/uploads/2022/11/atr02-1024x572.png" alt="" class="wp-image-2952" srcset="https://sites.uel.br/pdi/wp-content/uploads/2022/11/atr02-1024x572.png 1024w, https://sites.uel.br/pdi/wp-content/uploads/2022/11/atr02-300x168.png 300w, https://sites.uel.br/pdi/wp-content/uploads/2022/11/atr02-768x429.png 768w, https://sites.uel.br/pdi/wp-content/uploads/2022/11/atr02-1536x858.png 1536w, https://sites.uel.br/pdi/wp-content/uploads/2022/11/atr02.png 1987w" sizes="auto, (max-width: 1024px) 100vw, 1024px" /></a></figure>
</figure>
</div>



<div class="wp-block-column is-layout-flow wp-block-column-is-layout-flow">
<figure class="wp-block-gallery has-nested-images columns-default is-cropped wp-block-gallery-3 is-layout-flex wp-block-gallery-is-layout-flex">
<figure class="wp-block-image size-large"><a href="https://sites.uel.br/pdi/sebec-divisao-de-restaurante-universitario/"><img loading="lazy" decoding="async" width="1024" height="572" data-id="2953" src="https://sites.uel.br/pdi/wp-content/uploads/2022/11/atr03-1024x572.png" alt="" class="wp-image-2953" srcset="https://sites.uel.br/pdi/wp-content/uploads/2022/11/atr03-1024x572.png 1024w, https://sites.uel.br/pdi/wp-content/uploads/2022/11/atr03-300x168.png 300w, https://sites.uel.br/pdi/wp-content/uploads/2022/11/atr03-768x429.png 768w, https://sites.uel.br/pdi/wp-content/uploads/2022/11/atr03-1536x858.png 1536w, https://sites.uel.br/pdi/wp-content/uploads/2022/11/atr03.png 1987w" sizes="auto, (max-width: 1024px) 100vw, 1024px" /></a></figure>
</figure>
</div>
</div>



<div class="wp-block-columns is-not-stacked-on-mobile is-layout-flex wp-container-core-columns-is-layout-9d6595d7 wp-block-columns-is-layout-flex">
<div class="wp-block-column is-layout-flow wp-block-column-is-layout-flow">
<figure class="wp-block-gallery has-nested-images columns-default is-cropped wp-block-gallery-4 is-layout-flex wp-block-gallery-is-layout-flex">
<figure class="wp-block-image size-large"><a href="https://sites.uel.br/pdi/sebec-divisao-do-sesmt/"><img loading="lazy" decoding="async" width="1024" height="572" data-id="2954" src="https://sites.uel.br/pdi/wp-content/uploads/2022/11/atr04-1024x572.png" alt="" class="wp-image-2954" srcset="https://sites.uel.br/pdi/wp-content/uploads/2022/11/atr04-1024x572.png 1024w, https://sites.uel.br/pdi/wp-content/uploads/2022/11/atr04-300x168.png 300w, https://sites.uel.br/pdi/wp-content/uploads/2022/11/atr04-768x429.png 768w, https://sites.uel.br/pdi/wp-content/uploads/2022/11/atr04-1536x858.png 1536w, https://sites.uel.br/pdi/wp-content/uploads/2022/11/atr04.png 1987w" sizes="auto, (max-width: 1024px) 100vw, 1024px" /></a></figure>
</figure>
</div>



<div class="wp-block-column is-layout-flow wp-block-column-is-layout-flow">
<figure class="wp-block-gallery has-nested-images columns-default is-cropped wp-block-gallery-5 is-layout-flex wp-block-gallery-is-layout-flex">
<figure class="wp-block-image size-large"><a href="https://sites.uel.br/pdi/sebec-divisao-de-apoio-administrativo/"><img loading="lazy" decoding="async" width="1024" height="572" data-id="2955" src="https://sites.uel.br/pdi/wp-content/uploads/2022/11/atr05-1024x572.png" alt="" class="wp-image-2955" srcset="https://sites.uel.br/pdi/wp-content/uploads/2022/11/atr05-1024x572.png 1024w, https://sites.uel.br/pdi/wp-content/uploads/2022/11/atr05-300x168.png 300w, https://sites.uel.br/pdi/wp-content/uploads/2022/11/atr05-768x429.png 768w, https://sites.uel.br/pdi/wp-content/uploads/2022/11/atr05-1536x858.png 1536w, https://sites.uel.br/pdi/wp-content/uploads/2022/11/atr05.png 1987w" sizes="auto, (max-width: 1024px) 100vw, 1024px" /></a></figure>
</figure>
</div>



<div class="wp-block-column is-layout-flow wp-block-column-is-layout-flow">
<figure class="wp-block-gallery has-nested-images columns-default is-cropped wp-block-gallery-6 is-layout-flex wp-block-gallery-is-layout-flex">
<figure class="wp-block-image size-large"><a href="https://sites.uel.br/pdi/sebec-secao-de-saude-mental/"><img loading="lazy" decoding="async" width="1024" height="572" data-id="2956" src="https://sites.uel.br/pdi/wp-content/uploads/2022/11/atr06-1024x572.png" alt="" class="wp-image-2956" srcset="https://sites.uel.br/pdi/wp-content/uploads/2022/11/atr06-1024x572.png 1024w, https://sites.uel.br/pdi/wp-content/uploads/2022/11/atr06-300x168.png 300w, https://sites.uel.br/pdi/wp-content/uploads/2022/11/atr06-768x429.png 768w, https://sites.uel.br/pdi/wp-content/uploads/2022/11/atr06-1536x858.png 1536w, https://sites.uel.br/pdi/wp-content/uploads/2022/11/atr06.png 1987w" sizes="auto, (max-width: 1024px) 100vw, 1024px" /></a></figure>
</figure>
</div>
</div>



<p></p>

<p>. O SEBEC está instituído pelo Ato Executivo 008/2004 e 010/2004 com órgão de apoio da Universidade Estadual de Londrina e efetiva suas atribuições através das divisões e seções que passamos agora a detalhar. Especificamente em 2021, novas condições de trabalho e de atuação se expressaram em todo o mundo e que naturalmente repercutiram nas [&hellip;]</p>
