{"id":210,"date":"2022-09-07T15:02:51","date_gmt":"2022-09-07T18:02:51","guid":{"rendered":"https:\/\/sites.uel.br\/pdi\/?page_id=210"},"modified":"2023-10-11T14:52:50","modified_gmt":"2023-10-11T17:52:50","slug":"macroetapa-iv-atividades-de-execucao-e-gestao-do-pdi","status":"publish","type":"page","link":"https:\/\/sites.uel.br\/pdi\/macroetapa-iv-atividades-de-execucao-e-gestao-do-pdi\/","title":{"rendered":"Macroetapa IV &#8211; ATIVIDADES DE EXECU\u00c7\u00c3O E GEST\u00c3O DO PDI"},"content":{"rendered":"\n<p class=\"has-white-color has-text-color\">&#8211;<\/p>\n\n\n\n<p>A&nbsp;<strong>Macroetapa IV<\/strong>&nbsp;relacionada \u00e0s&nbsp;<strong>Atividades de Execu\u00e7\u00e3o e Gest\u00e3o do PDI<\/strong>, de acordo com Sant\u2019Anna e demais autores (2017), contempla os seguintes pontos de aten\u00e7\u00e3o, em termos de a\u00e7\u00f5es e decis\u00f5es: plano de gerencialmento do projeto (PGP), estrutura anal\u00edtica do projeto (EAP), sequencia\u00e7\u00e3o de atividades, cronograma, estrutura da pol\u00edtica de comunica\u00e7\u00e3o, monitoramento e controle do projeto, controle de mudan\u00e7as, controle do cronograma e controle dos custos e das fontes de receita.<\/p>\n\n\n\n<p>A arte apresentada em sequ\u00eancia descreve as atividades inerentes \u00e0 Macroetapa IV &#8211; Atividades de Execu\u00e7\u00e3o e Gest\u00e3o do PDI UEL 2024-2028.<\/p>\n\n\n\n<figure class=\"wp-block-gallery has-nested-images columns-default is-cropped wp-block-gallery-1 is-layout-flex wp-block-gallery-is-layout-flex\">\n<figure class=\"wp-block-image size-large\"><img loading=\"lazy\" decoding=\"async\" width=\"2518\" height=\"2080\" data-id=\"76\" src=\"https:\/\/sites.uel.br\/pdi\/wp-content\/uploads\/2022\/09\/site-MACROETAPAIV.jpg\" alt=\"Figura 5 \u2013 Metodologia de Elabora\u00e7\u00e3o do PDI \u2013 Macroetapa IV \u2013 Atividades de Execu\u00e7\u00e3o e Gest\u00e3o\" class=\"wp-image-76\" srcset=\"https:\/\/sites.uel.br\/pdi\/wp-content\/uploads\/2022\/09\/site-MACROETAPAIV.jpg 2518w, https:\/\/sites.uel.br\/pdi\/wp-content\/uploads\/2022\/09\/site-MACROETAPAIV-300x248.jpg 300w, https:\/\/sites.uel.br\/pdi\/wp-content\/uploads\/2022\/09\/site-MACROETAPAIV-1024x846.jpg 1024w, https:\/\/sites.uel.br\/pdi\/wp-content\/uploads\/2022\/09\/site-MACROETAPAIV-768x634.jpg 768w, https:\/\/sites.uel.br\/pdi\/wp-content\/uploads\/2022\/09\/site-MACROETAPAIV-1536x1269.jpg 1536w, https:\/\/sites.uel.br\/pdi\/wp-content\/uploads\/2022\/09\/site-MACROETAPAIV-2048x1692.jpg 2048w\" sizes=\"auto, (max-width: 2518px) 100vw, 2518px\" \/><figcaption class=\"wp-element-caption\">Macroetapa IV \u2013 Atividades de Execu\u00e7\u00e3o e Gest\u00e3o do PDI UEL 2023-2027<\/figcaption><\/figure>\n<\/figure>\n\n\n\n<p><strong>Fonte<\/strong>: UEL\/PROPLAN\/DAII<\/p>\n","protected":false},"excerpt":{"rendered":"<p>&#8211; A&nbsp;Macroetapa IV&nbsp;relacionada \u00e0s&nbsp;Atividades de Execu\u00e7\u00e3o e Gest\u00e3o do PDI, de acordo com Sant\u2019Anna e demais autores (2017), contempla os seguintes pontos de aten\u00e7\u00e3o, em termos de a\u00e7\u00f5es e decis\u00f5es: plano de gerencialmento do projeto (PGP), estrutura anal\u00edtica do projeto (EAP), sequencia\u00e7\u00e3o de atividades, cronograma, estrutura da pol\u00edtica de comunica\u00e7\u00e3o, monitoramento e controle do projeto, [&hellip;]<\/p>\n","protected":false},"author":8,"featured_media":0,"parent":0,"menu_order":0,"comment_status":"closed","ping_status":"closed","template":"","meta":{"footnotes":""},"class_list":["post-210","page","type-page","status-publish","hentry"],"acf":[],"_links":{"self":[{"href":"https:\/\/sites.uel.br\/pdi\/wp-json\/wp\/v2\/pages\/210","targetHints":{"allow":["GET"]}}],"collection":[{"href":"https:\/\/sites.uel.br\/pdi\/wp-json\/wp\/v2\/pages"}],"about":[{"href":"https:\/\/sites.uel.br\/pdi\/wp-json\/wp\/v2\/types\/page"}],"author":[{"embeddable":true,"href":"https:\/\/sites.uel.br\/pdi\/wp-json\/wp\/v2\/users\/8"}],"replies":[{"embeddable":true,"href":"https:\/\/sites.uel.br\/pdi\/wp-json\/wp\/v2\/comments?post=210"}],"version-history":[{"count":3,"href":"https:\/\/sites.uel.br\/pdi\/wp-json\/wp\/v2\/pages\/210\/revisions"}],"predecessor-version":[{"id":4194,"href":"https:\/\/sites.uel.br\/pdi\/wp-json\/wp\/v2\/pages\/210\/revisions\/4194"}],"wp:attachment":[{"href":"https:\/\/sites.uel.br\/pdi\/wp-json\/wp\/v2\/media?parent=210"}],"curies":[{"name":"wp","href":"https:\/\/api.w.org\/{rel}","templated":true}]}}