{"id":2071,"date":"2022-11-08T12:37:04","date_gmt":"2022-11-08T15:37:04","guid":{"rendered":"https:\/\/sites.uel.br\/pdi\/?page_id=2071"},"modified":"2022-11-08T12:37:04","modified_gmt":"2022-11-08T15:37:04","slug":"qualificacoes-universitarias","status":"publish","type":"page","link":"https:\/\/sites.uel.br\/pdi\/qualificacoes-universitarias\/","title":{"rendered":"Qualifica\u00e7\u00f5es Universit\u00e1rias"},"content":{"rendered":"\n<p class=\"has-white-color has-text-color\">.<\/p>\n\n\n\n<p>A Universidade expedir\u00e1 diplomas, t\u00edtulos e certificados para documentar a habilita\u00e7\u00e3o em seus diversos cursos.<\/p>\n\n\n\n<p>A qualifica\u00e7\u00e3o universit\u00e1ria far-se-\u00e1 por meio de outorga de:<\/p>\n\n\n\n<ul class=\"wp-block-list\">\n<li>diploma de gradua\u00e7\u00e3o;<\/li>\n\n\n\n<li>diploma de mestre;<\/li>\n\n\n\n<li>diploma de doutor;<\/li>\n\n\n\n<li>certificados de:<\/li>\n\n\n\n<li>aprova\u00e7\u00e3o em disciplinas;<\/li>\n\n\n\n<li>conclus\u00e3o de cursos de especializa\u00e7\u00e3o, mestrado, doutorado, aperfei\u00e7oamento, extens\u00e3o universit\u00e1ria e outros.<\/li>\n<\/ul>\n\n\n\n<p>A Universidade proceder\u00e1 a revalida\u00e7\u00e3o de diplomas estrangeiros, de conformidade com normas regimentais e observadas as condi\u00e7\u00f5es fixadas pela legisla\u00e7\u00e3o vigente.<\/p>\n\n\n\n<p class=\"has-text-align-center\">O texto est\u00e1 dispon\u00edvel na(s) seguinte(s) refer\u00eancia(s):&nbsp;<\/p>\n\n\n\n<p class=\"has-text-align-center\">ESTATUTO DA UEL, REGIMENTO GERAL DA UEL, RESOLU\u00c7\u00c3O CEPE 033\/2014, RESOLU\u00c7\u00c3O CEPE 037\/2016<\/p>\n","protected":false},"excerpt":{"rendered":"<p>. A Universidade expedir\u00e1 diplomas, t\u00edtulos e certificados para documentar a habilita\u00e7\u00e3o em seus diversos cursos. A qualifica\u00e7\u00e3o universit\u00e1ria far-se-\u00e1 por meio de outorga de: A Universidade proceder\u00e1 a revalida\u00e7\u00e3o de diplomas estrangeiros, de conformidade com normas regimentais e observadas as condi\u00e7\u00f5es fixadas pela legisla\u00e7\u00e3o vigente. O texto est\u00e1 dispon\u00edvel na(s) seguinte(s) refer\u00eancia(s):&nbsp; ESTATUTO DA [&hellip;]<\/p>\n","protected":false},"author":8,"featured_media":0,"parent":0,"menu_order":0,"comment_status":"closed","ping_status":"closed","template":"","meta":{"footnotes":""},"class_list":["post-2071","page","type-page","status-publish","hentry"],"acf":[],"_links":{"self":[{"href":"https:\/\/sites.uel.br\/pdi\/wp-json\/wp\/v2\/pages\/2071","targetHints":{"allow":["GET"]}}],"collection":[{"href":"https:\/\/sites.uel.br\/pdi\/wp-json\/wp\/v2\/pages"}],"about":[{"href":"https:\/\/sites.uel.br\/pdi\/wp-json\/wp\/v2\/types\/page"}],"author":[{"embeddable":true,"href":"https:\/\/sites.uel.br\/pdi\/wp-json\/wp\/v2\/users\/8"}],"replies":[{"embeddable":true,"href":"https:\/\/sites.uel.br\/pdi\/wp-json\/wp\/v2\/comments?post=2071"}],"version-history":[{"count":1,"href":"https:\/\/sites.uel.br\/pdi\/wp-json\/wp\/v2\/pages\/2071\/revisions"}],"predecessor-version":[{"id":2072,"href":"https:\/\/sites.uel.br\/pdi\/wp-json\/wp\/v2\/pages\/2071\/revisions\/2072"}],"wp:attachment":[{"href":"https:\/\/sites.uel.br\/pdi\/wp-json\/wp\/v2\/media?parent=2071"}],"curies":[{"name":"wp","href":"https:\/\/api.w.org\/{rel}","templated":true}]}}