{"id":2054,"date":"2022-11-07T22:29:52","date_gmt":"2022-11-08T01:29:52","guid":{"rendered":"https:\/\/sites.uel.br\/pdi\/?page_id=2054"},"modified":"2022-11-07T22:29:52","modified_gmt":"2022-11-08T01:29:52","slug":"pos-graduacao-stricto-sensu-creditos","status":"publish","type":"page","link":"https:\/\/sites.uel.br\/pdi\/pos-graduacao-stricto-sensu-creditos\/","title":{"rendered":"P\u00f3s-Gradua\u00e7\u00e3o Stricto Sensu &#8211; Cr\u00e9ditos"},"content":{"rendered":"\n<p class=\"has-text-color\" style=\"color:#fefefe\">.<\/p>\n\n\n\n<p>O cr\u00e9dito-aula de P\u00f3s-Gradua\u00e7\u00e3o corresponde a quinze horas-aula.<\/p>\n\n\n\n<ul class=\"wp-block-list\">\n<li>O n\u00famero de cr\u00e9ditos a ser distribu\u00eddo em disciplinas ser\u00e1 fixado na estrutura curricular, podendo ser computados os cr\u00e9ditos do Mestrado para a totaliza\u00e7\u00e3o dos cr\u00e9ditos de Doutorado.<\/li>\n<\/ul>\n\n\n\n<p>Cr\u00e9ditos obtidos em disciplinas, na condi\u00e7\u00e3o de estudante especial na UEL, poder\u00e3o ser aceitos de acordo com o Regimento do Programa e ap\u00f3s a avalia\u00e7\u00e3o da Coordena\u00e7\u00e3o do Programa.<\/p>\n\n\n\n<p>Os Programas de P\u00f3s-Gradua\u00e7\u00e3o Stricto Sensu poder\u00e3o aproveitar cr\u00e9ditos de disciplinas de p\u00f3s-gradua\u00e7\u00e3o, desde que a documenta\u00e7\u00e3o necess\u00e1ria seja apresentada e tenha a anu\u00eancia pr\u00e9via do orientador, nas seguintes condi\u00e7\u00f5es:<\/p>\n\n\n\n<ul class=\"wp-block-list\">\n<li>Disciplina cursada em Programas Stricto Sensu com validade nacional de outras Institui\u00e7\u00f5es ou da UEL, ou Internacional, ap\u00f3s aprova\u00e7\u00e3o da Coordena\u00e7\u00e3o do Programa, mediante:<\/li>\n\n\n\n<li>equival\u00eancia de disciplina: o orientador dever\u00e1 indicar a(s) disciplina(s) existente(s) na grade curricular do Programa, que possua conte\u00fado program\u00e1tico equivalente;<\/li>\n\n\n\n<li>convalida\u00e7\u00e3o de cr\u00e9ditos: o orientador dever\u00e1 definir o n\u00famero de cr\u00e9ditos a serem convalidados e se os mesmos ser\u00e3o aproveitados para integraliza\u00e7\u00e3o dos cr\u00e9ditos exigidos em disciplinas n\u00e3o obrigat\u00f3rias.<\/li>\n\n\n\n<li>Disciplina cursada no mesmo Programa de P\u00f3s-Gradua\u00e7\u00e3o Stricto Sensu em que estiver matriculado o estudante, mas em n\u00edvel e\/ou grade curricular diferente, mediante:<\/li>\n\n\n\n<li>equival\u00eancia de disciplina: o orientador dever\u00e1 indicar a disciplina existente na grade curricular do Programa, que possua conte\u00fado program\u00e1tico equivalente.<\/li>\n\n\n\n<li>convalida\u00e7\u00e3o de cr\u00e9ditos: o orientador dever\u00e1 definir o n\u00famero de cr\u00e9ditos a serem convalidados e se os mesmos ser\u00e3o aproveitados para integraliza\u00e7\u00e3o dos cr\u00e9ditos exigidos em disciplinas n\u00e3o obrigat\u00f3rias.<\/li>\n<\/ul>\n\n\n\n<p class=\"has-text-align-center\">O texto est\u00e1 dispon\u00edvel na(s) seguinte(s) refer\u00eancia(s):&nbsp;<\/p>\n\n\n\n<p class=\"has-text-align-center\">REGIMENTO GERAL DA UEL, RESOLU\u00c7\u00c3O CEPE 033\/2014, RESOLU\u00c7\u00c3O CEPE 037\/2016<\/p>\n","protected":false},"excerpt":{"rendered":"<p>. O cr\u00e9dito-aula de P\u00f3s-Gradua\u00e7\u00e3o corresponde a quinze horas-aula. Cr\u00e9ditos obtidos em disciplinas, na condi\u00e7\u00e3o de estudante especial na UEL, poder\u00e3o ser aceitos de acordo com o Regimento do Programa e ap\u00f3s a avalia\u00e7\u00e3o da Coordena\u00e7\u00e3o do Programa. Os Programas de P\u00f3s-Gradua\u00e7\u00e3o Stricto Sensu poder\u00e3o aproveitar cr\u00e9ditos de disciplinas de p\u00f3s-gradua\u00e7\u00e3o, desde que a documenta\u00e7\u00e3o [&hellip;]<\/p>\n","protected":false},"author":8,"featured_media":0,"parent":0,"menu_order":0,"comment_status":"closed","ping_status":"closed","template":"","meta":{"footnotes":""},"class_list":["post-2054","page","type-page","status-publish","hentry"],"acf":[],"_links":{"self":[{"href":"https:\/\/sites.uel.br\/pdi\/wp-json\/wp\/v2\/pages\/2054","targetHints":{"allow":["GET"]}}],"collection":[{"href":"https:\/\/sites.uel.br\/pdi\/wp-json\/wp\/v2\/pages"}],"about":[{"href":"https:\/\/sites.uel.br\/pdi\/wp-json\/wp\/v2\/types\/page"}],"author":[{"embeddable":true,"href":"https:\/\/sites.uel.br\/pdi\/wp-json\/wp\/v2\/users\/8"}],"replies":[{"embeddable":true,"href":"https:\/\/sites.uel.br\/pdi\/wp-json\/wp\/v2\/comments?post=2054"}],"version-history":[{"count":1,"href":"https:\/\/sites.uel.br\/pdi\/wp-json\/wp\/v2\/pages\/2054\/revisions"}],"predecessor-version":[{"id":2055,"href":"https:\/\/sites.uel.br\/pdi\/wp-json\/wp\/v2\/pages\/2054\/revisions\/2055"}],"wp:attachment":[{"href":"https:\/\/sites.uel.br\/pdi\/wp-json\/wp\/v2\/media?parent=2054"}],"curies":[{"name":"wp","href":"https:\/\/api.w.org\/{rel}","templated":true}]}}

Pós-Graduação Stricto Sensu &#8211; Créditos

<p class="has-text-color" style="color:#fefefe">.</p>



<p>O crédito-aula de Pós-Graduação corresponde a quinze horas-aula.</p>



<ul class="wp-block-list">
<li>O número de créditos a ser distribuído em disciplinas será fixado na estrutura curricular, podendo ser computados os créditos do Mestrado para a totalização dos créditos de Doutorado.</li>
</ul>



<p>Créditos obtidos em disciplinas, na condição de estudante especial na UEL, poderão ser aceitos de acordo com o Regimento do Programa e após a avaliação da Coordenação do Programa.</p>



<p>Os Programas de Pós-Graduação Stricto Sensu poderão aproveitar créditos de disciplinas de pós-graduação, desde que a documentação necessária seja apresentada e tenha a anuência prévia do orientador, nas seguintes condições:</p>



<ul class="wp-block-list">
<li>Disciplina cursada em Programas Stricto Sensu com validade nacional de outras Instituições ou da UEL, ou Internacional, após aprovação da Coordenação do Programa, mediante:</li>



<li>equivalência de disciplina: o orientador deverá indicar a(s) disciplina(s) existente(s) na grade curricular do Programa, que possua conteúdo programático equivalente;</li>



<li>convalidação de créditos: o orientador deverá definir o número de créditos a serem convalidados e se os mesmos serão aproveitados para integralização dos créditos exigidos em disciplinas não obrigatórias.</li>



<li>Disciplina cursada no mesmo Programa de Pós-Graduação Stricto Sensu em que estiver matriculado o estudante, mas em nível e/ou grade curricular diferente, mediante:</li>



<li>equivalência de disciplina: o orientador deverá indicar a disciplina existente na grade curricular do Programa, que possua conteúdo programático equivalente.</li>



<li>convalidação de créditos: o orientador deverá definir o número de créditos a serem convalidados e se os mesmos serão aproveitados para integralização dos créditos exigidos em disciplinas não obrigatórias.</li>
</ul>



<p class="has-text-align-center">O texto está disponível na(s) seguinte(s) referência(s):&nbsp;</p>



<p class="has-text-align-center">REGIMENTO GERAL DA UEL, RESOLUÇÃO CEPE 033/2014, RESOLUÇÃO CEPE 037/2016</p>

<p>. O crédito-aula de Pós-Graduação corresponde a quinze horas-aula. Créditos obtidos em disciplinas, na condição de estudante especial na UEL, poderão ser aceitos de acordo com o Regimento do Programa e após a avaliação da Coordenação do Programa. Os Programas de Pós-Graduação Stricto Sensu poderão aproveitar créditos de disciplinas de pós-graduação, desde que a documentação [&hellip;]</p>
