{"id":2052,"date":"2022-11-07T22:28:30","date_gmt":"2022-11-08T01:28:30","guid":{"rendered":"https:\/\/sites.uel.br\/pdi\/?page_id=2052"},"modified":"2022-11-07T22:28:30","modified_gmt":"2022-11-08T01:28:30","slug":"pos-graduacao-stricto-sensu-frequencia","status":"publish","type":"page","link":"https:\/\/sites.uel.br\/pdi\/pos-graduacao-stricto-sensu-frequencia\/","title":{"rendered":"P\u00f3s-Gradua\u00e7\u00e3o Stricto Sensu &#8211; Frequ\u00eancia"},"content":{"rendered":"\n<p class=\"has-white-color has-text-color\">.<\/p>\n\n\n\n<p>A frequ\u00eancia \u00e0s atividades did\u00e1ticas oficiais e programadas constituir\u00e1 aspecto obrigat\u00f3rio na verifica\u00e7\u00e3o do rendimento acad\u00eamico.<\/p>\n\n\n\n<ul class=\"wp-block-list\">\n<li>O cr\u00e9dito somente ser\u00e1 concedido ao estudante que, satisfeitas as demais exig\u00eancias, tiver um m\u00ednimo de setenta e cinco porcento de frequ\u00eancia \u00e0s aulas dadas em cada disciplina.<\/li>\n\n\n\n<li>Os estudantes em afastamento por quest\u00f5es de sa\u00fade ou licen\u00e7a maternidade ter\u00e3o seus direitos preservados conforme legisla\u00e7\u00e3o vigente.<\/li>\n\n\n\n<li>No caso de licen\u00e7a maternidade, o prazo regular ser\u00e1 ampliado por mais quatro meses.<\/li>\n\n\n\n<li>Mediante apresenta\u00e7\u00e3o de atestado m\u00e9dico, os estudantes poder\u00e3o solicitar justificativa de faltas por motivo de doen\u00e7a onde ser\u00e1 concedido ao estudante o direito de receber regime especial de aulas ou exerc\u00edcios domiciliares pelo per\u00edodo determinado no atestado.<\/li>\n\n\n\n<li>Outras modalidades de pedido de afastamento ser\u00e3o analisadas pela Comiss\u00e3o Coordenadora do Programa.<\/li>\n\n\n\n<li>Em qualquer modalidade de afastamento, com exce\u00e7\u00e3o da licen\u00e7a maternidade, o prazo final pra conclus\u00e3o do curso n\u00e3o sofrer\u00e1 altera\u00e7\u00e3o.<\/li>\n<\/ul>\n\n\n\n<p class=\"has-text-align-center\">O texto est\u00e1 dispon\u00edvel na(s) seguinte(s) refer\u00eancia(s):&nbsp;<\/p>\n\n\n\n<p class=\"has-text-align-center\">REGIMENTO GERAL DA UEL, RESOLU\u00c7\u00c3O CEPE 033\/2014, RESOLU\u00c7\u00c3O CEPE 037\/2016<\/p>\n","protected":false},"excerpt":{"rendered":"<p>. A frequ\u00eancia \u00e0s atividades did\u00e1ticas oficiais e programadas constituir\u00e1 aspecto obrigat\u00f3rio na verifica\u00e7\u00e3o do rendimento acad\u00eamico. O texto est\u00e1 dispon\u00edvel na(s) seguinte(s) refer\u00eancia(s):&nbsp; REGIMENTO GERAL DA UEL, RESOLU\u00c7\u00c3O CEPE 033\/2014, RESOLU\u00c7\u00c3O CEPE 037\/2016<\/p>\n","protected":false},"author":8,"featured_media":0,"parent":0,"menu_order":0,"comment_status":"closed","ping_status":"closed","template":"","meta":{"footnotes":""},"class_list":["post-2052","page","type-page","status-publish","hentry"],"acf":[],"_links":{"self":[{"href":"https:\/\/sites.uel.br\/pdi\/wp-json\/wp\/v2\/pages\/2052","targetHints":{"allow":["GET"]}}],"collection":[{"href":"https:\/\/sites.uel.br\/pdi\/wp-json\/wp\/v2\/pages"}],"about":[{"href":"https:\/\/sites.uel.br\/pdi\/wp-json\/wp\/v2\/types\/page"}],"author":[{"embeddable":true,"href":"https:\/\/sites.uel.br\/pdi\/wp-json\/wp\/v2\/users\/8"}],"replies":[{"embeddable":true,"href":"https:\/\/sites.uel.br\/pdi\/wp-json\/wp\/v2\/comments?post=2052"}],"version-history":[{"count":1,"href":"https:\/\/sites.uel.br\/pdi\/wp-json\/wp\/v2\/pages\/2052\/revisions"}],"predecessor-version":[{"id":2053,"href":"https:\/\/sites.uel.br\/pdi\/wp-json\/wp\/v2\/pages\/2052\/revisions\/2053"}],"wp:attachment":[{"href":"https:\/\/sites.uel.br\/pdi\/wp-json\/wp\/v2\/media?parent=2052"}],"curies":[{"name":"wp","href":"https:\/\/api.w.org\/{rel}","templated":true}]}}