{"id":2036,"date":"2022-11-07T22:04:41","date_gmt":"2022-11-08T01:04:41","guid":{"rendered":"https:\/\/sites.uel.br\/pdi\/?page_id=2036"},"modified":"2022-11-07T22:04:41","modified_gmt":"2022-11-08T01:04:41","slug":"pos-graduacao-lato-sensu-duracao","status":"publish","type":"page","link":"https:\/\/sites.uel.br\/pdi\/pos-graduacao-lato-sensu-duracao\/","title":{"rendered":"P\u00f3s-Gradua\u00e7\u00e3o Lato Sensu &#8211; Dura\u00e7\u00e3o"},"content":{"rendered":"\n<p class=\"has-white-color has-text-color\">.<\/p>\n\n\n\n<p>A dura\u00e7\u00e3o m\u00ednima dos Cursos de P\u00f3s-Gradua\u00e7\u00e3o Lato Sensu ser\u00e1 de trezentas e sessenta horas, n\u00e3o computado o tempo de orienta\u00e7\u00e3o para elabora\u00e7\u00e3o individual e obrigat\u00f3ria do trabalho de conclus\u00e3o de curso\/monografia.<\/p>\n\n\n\n<ul class=\"wp-block-list\">\n<li>Para os cursos que se destinam \u00e0 qualifica\u00e7\u00e3o de docentes, pelo menos sessenta horas da carga hor\u00e1ria total ser\u00e3o utilizadas em disciplinas de forma\u00e7\u00e3o did\u00e1tico-pedag\u00f3gica, devendo o restante ser dedicado ao conte\u00fado espec\u00edfico do curso, incluindo a inicia\u00e7\u00e3o \u00e0 pesquisa.<\/li>\n\n\n\n<li>Os Cursos de P\u00f3s-Gradua\u00e7\u00e3o Lato Sensu que n\u00e3o se destinarem \u00e0 qualifica\u00e7\u00e3o de docentes poder\u00e3o estruturar-se sem a inclus\u00e3o das disciplinas de forma\u00e7\u00e3o did\u00e1tico-pedag\u00f3gica.<\/li>\n\n\n\n<li>Os estudantes ou egressos dos cursos referidos no par\u00e1grafo anterior que desejarem, tamb\u00e9m, a qualifica\u00e7\u00e3o docente poder\u00e3o, quando do seu interesse, cursar as disciplinas did\u00e1tico-pedag\u00f3gicas em outros cursos oferecidos pela UEL.<\/li>\n<\/ul>\n\n\n\n<p>Os cursos poder\u00e3o ser ministrados em um ou mais per\u00edodos, inclusive com calend\u00e1rio especial.<\/p>\n\n\n\n<p>O curso, incluindo Monografia ou Trabalho de Conclus\u00e3o do Curso de P\u00f3s-Gradua\u00e7\u00e3o, n\u00e3o poder\u00e1 ser conclu\u00eddo em prazo inferior a um per\u00edodo letivo.A conclus\u00e3o dos Cursos de P\u00f3s-Gradua\u00e7\u00e3o Lato Sensu dever\u00e1 obedecer ao n\u00famero de per\u00edodos letivos previstos na Resolu\u00e7\u00e3o CEPE ou na Delibera\u00e7\u00e3o da C\u00e2mara de P\u00f3s-Gradua\u00e7\u00e3o do respectivo curso.<\/p>\n\n\n\n<p class=\"has-text-align-center\">O texto est\u00e1 dispon\u00edvel na(s) seguinte(s) refer\u00eancia(s):&nbsp;<\/p>\n\n\n\n<p class=\"has-text-align-center\">REGIMENTO GERAL DA UEL, RESOLU\u00c7\u00c3O CEPE 033\/2014, RESOLU\u00c7\u00c3O CEPE 037\/2016<\/p>\n","protected":false},"excerpt":{"rendered":"<p>. A dura\u00e7\u00e3o m\u00ednima dos Cursos de P\u00f3s-Gradua\u00e7\u00e3o Lato Sensu ser\u00e1 de trezentas e sessenta horas, n\u00e3o computado o tempo de orienta\u00e7\u00e3o para elabora\u00e7\u00e3o individual e obrigat\u00f3ria do trabalho de conclus\u00e3o de curso\/monografia. Os cursos poder\u00e3o ser ministrados em um ou mais per\u00edodos, inclusive com calend\u00e1rio especial. O curso, incluindo Monografia ou Trabalho de Conclus\u00e3o [&hellip;]<\/p>\n","protected":false},"author":8,"featured_media":0,"parent":0,"menu_order":0,"comment_status":"closed","ping_status":"closed","template":"","meta":{"footnotes":""},"class_list":["post-2036","page","type-page","status-publish","hentry"],"acf":[],"_links":{"self":[{"href":"https:\/\/sites.uel.br\/pdi\/wp-json\/wp\/v2\/pages\/2036","targetHints":{"allow":["GET"]}}],"collection":[{"href":"https:\/\/sites.uel.br\/pdi\/wp-json\/wp\/v2\/pages"}],"about":[{"href":"https:\/\/sites.uel.br\/pdi\/wp-json\/wp\/v2\/types\/page"}],"author":[{"embeddable":true,"href":"https:\/\/sites.uel.br\/pdi\/wp-json\/wp\/v2\/users\/8"}],"replies":[{"embeddable":true,"href":"https:\/\/sites.uel.br\/pdi\/wp-json\/wp\/v2\/comments?post=2036"}],"version-history":[{"count":1,"href":"https:\/\/sites.uel.br\/pdi\/wp-json\/wp\/v2\/pages\/2036\/revisions"}],"predecessor-version":[{"id":2037,"href":"https:\/\/sites.uel.br\/pdi\/wp-json\/wp\/v2\/pages\/2036\/revisions\/2037"}],"wp:attachment":[{"href":"https:\/\/sites.uel.br\/pdi\/wp-json\/wp\/v2\/media?parent=2036"}],"curies":[{"name":"wp","href":"https:\/\/api.w.org\/{rel}","templated":true}]}}

Pós-Graduação Lato Sensu &#8211; Duração

<p class="has-white-color has-text-color">.</p>



<p>A duração mínima dos Cursos de Pós-Graduação Lato Sensu será de trezentas e sessenta horas, não computado o tempo de orientação para elaboração individual e obrigatória do trabalho de conclusão de curso/monografia.</p>



<ul class="wp-block-list">
<li>Para os cursos que se destinam à qualificação de docentes, pelo menos sessenta horas da carga horária total serão utilizadas em disciplinas de formação didático-pedagógica, devendo o restante ser dedicado ao conteúdo específico do curso, incluindo a iniciação à pesquisa.</li>



<li>Os Cursos de Pós-Graduação Lato Sensu que não se destinarem à qualificação de docentes poderão estruturar-se sem a inclusão das disciplinas de formação didático-pedagógica.</li>



<li>Os estudantes ou egressos dos cursos referidos no parágrafo anterior que desejarem, também, a qualificação docente poderão, quando do seu interesse, cursar as disciplinas didático-pedagógicas em outros cursos oferecidos pela UEL.</li>
</ul>



<p>Os cursos poderão ser ministrados em um ou mais períodos, inclusive com calendário especial.</p>



<p>O curso, incluindo Monografia ou Trabalho de Conclusão do Curso de Pós-Graduação, não poderá ser concluído em prazo inferior a um período letivo.A conclusão dos Cursos de Pós-Graduação Lato Sensu deverá obedecer ao número de períodos letivos previstos na Resolução CEPE ou na Deliberação da Câmara de Pós-Graduação do respectivo curso.</p>



<p class="has-text-align-center">O texto está disponível na(s) seguinte(s) referência(s):&nbsp;</p>



<p class="has-text-align-center">REGIMENTO GERAL DA UEL, RESOLUÇÃO CEPE 033/2014, RESOLUÇÃO CEPE 037/2016</p>

<p>. A duração mínima dos Cursos de Pós-Graduação Lato Sensu será de trezentas e sessenta horas, não computado o tempo de orientação para elaboração individual e obrigatória do trabalho de conclusão de curso/monografia. Os cursos poderão ser ministrados em um ou mais períodos, inclusive com calendário especial. O curso, incluindo Monografia ou Trabalho de Conclusão [&hellip;]</p>
