{"id":2034,"date":"2022-11-07T22:03:18","date_gmt":"2022-11-08T01:03:18","guid":{"rendered":"https:\/\/sites.uel.br\/pdi\/?page_id=2034"},"modified":"2022-11-07T22:03:18","modified_gmt":"2022-11-08T01:03:18","slug":"pos-graduacao-lato-sensu-admissao","status":"publish","type":"page","link":"https:\/\/sites.uel.br\/pdi\/pos-graduacao-lato-sensu-admissao\/","title":{"rendered":"P\u00f3s-Gradua\u00e7\u00e3o Lato Sensu &#8211; Admiss\u00e3o"},"content":{"rendered":"\n<p class=\"has-text-color\" style=\"color:#fefefe\">.<\/p>\n\n\n\n<p>Os crit\u00e9rios de inscri\u00e7\u00e3o, sele\u00e7\u00e3o e matr\u00edcula ser\u00e3o estabelecidos nos editais que regem o ingresso de estudantes de cada turma.<\/p>\n\n\n\n<ul class=\"wp-block-list\">\n<li>A inscri\u00e7\u00e3o para sele\u00e7\u00e3o aos Cursos de Especializa\u00e7\u00e3o ser\u00e1 aberta a graduados ou graduandos em Curso Superior, desde que comprovem a conclus\u00e3o da gradua\u00e7\u00e3o at\u00e9 a data da matr\u00edcula.<\/li>\n\n\n\n<li>A sele\u00e7\u00e3o dos candidatos estar\u00e1 a cargo da Comiss\u00e3o de Sele\u00e7\u00e3o e dever\u00e1 atender aos crit\u00e9rios estabelecidos na resolu\u00e7\u00e3o\/delibera\u00e7\u00e3o do Curso e no edital de oferta da turma.<\/li>\n\n\n\n<li>Ter\u00e3o direito \u00e0 matr\u00edcula nos Cursos de P\u00f3s-Gradua\u00e7\u00e3o Lato Sensu os candidatos inscritos que forem aprovados e classificados no processo de sele\u00e7\u00e3o, desde que n\u00e3o ultrapasse o n\u00famero de vagas ofertadas.<\/li>\n\n\n\n<li>Os estudantes matriculados ser\u00e3o classificados nas seguintes categorias, de acordo com o Regimento Geral:<\/li>\n\n\n\n<li>estudante regular: aprovado no exame de sele\u00e7\u00e3o, matriculado no Curso de Especializa\u00e7\u00e3o, com obedi\u00eancia a todos os requisitos indispens\u00e1veis \u00e0 obten\u00e7\u00e3o dos certificados correspondentes;<\/li>\n\n\n\n<li>estudante especial: matriculado em disciplinas isoladas do Curso. A categoria de estudante especial aplica-se somente para a modalidade presencial.<\/li>\n<\/ul>\n\n\n\n<p>A matr\u00edcula \u00e9 obrigat\u00f3ria, a sua n\u00e3o realiza\u00e7\u00e3o dentro dos prazos estabelecidos no Calend\u00e1rio Escolar de P\u00f3s-Gradua\u00e7\u00e3o implicar\u00e1 o desligamento do estudante do Curso de P\u00f3s-Gradua\u00e7\u00e3o.<\/p>\n\n\n\n<ul class=\"wp-block-list\">\n<li>A matr\u00edcula ter\u00e1 validade pelo n\u00famero per\u00edodos letivos de dura\u00e7\u00e3o do Curso.<\/li>\n<\/ul>\n\n\n\n<p>Os Cursos de P\u00f3s-Gradua\u00e7\u00e3o Lato Sensu poder\u00e3o receber matr\u00edcula de estudantes especiais, conforme prazo estabelecido no calend\u00e1rio vigente, mediante requerimento semestral \u00e0 Coordena\u00e7\u00e3o do Curso, desde que, nesta categoria, o estudante n\u00e3o frequente mais que cinquenta porcento dos cr\u00e9ditos exigidos.<\/p>\n\n\n\n<ul class=\"wp-block-list\">\n<li>O estudante especial poder\u00e1 concluir o curso ap\u00f3s ingresso como estudante regular, mediante aprova\u00e7\u00e3o em processo de sele\u00e7\u00e3o.<\/li>\n\n\n\n<li>Uma vez enquadrado na categoria de estudante regular, atrav\u00e9s de processo de sele\u00e7\u00e3o, seu tempo como estudante especial n\u00e3o ser\u00e1 contado para efeito de verifica\u00e7\u00e3o do cumprimento dos prazos para obten\u00e7\u00e3o do t\u00edtulo de Especialista.<\/li>\n<\/ul>\n\n\n\n<p>O estudante regular matriculado em um Curso de P\u00f3s-Gradua\u00e7\u00e3o Lato Sensu da UEL poder\u00e1 se matricular em disciplinas de outros cursos desta Institui\u00e7\u00e3o, ap\u00f3s aprova\u00e7\u00e3o do Coordenador do Curso da(s) disciplina(s) requerida(s).<\/p>\n\n\n\n<p>O estudante que n\u00e3o desejar continuar o curso poder\u00e1 solicitar, a qualquer tempo, o cancelamento de matr\u00edcula, mediante comprova\u00e7\u00e3o do adimplemento proporcional dos cr\u00e9ditos cursados at\u00e9 a data do pedido de cancelamento.O estudante poder\u00e1 solicitar o cancelamento de disciplina pelo portal do estudante, desde que n\u00e3o tenha ultrapassado cinquenta porcento da sua carga hor\u00e1ria, cabendo ao Coordenador do Curso a aprova\u00e7\u00e3o.<\/p>\n\n\n\n<p class=\"has-text-align-center\">O texto est\u00e1 dispon\u00edvel na(s) seguinte(s) refer\u00eancia(s):&nbsp;<\/p>\n\n\n\n<p class=\"has-text-align-center\">REGIMENTO GERAL DA UEL, RESOLU\u00c7\u00c3O CEPE 033\/2014, RESOLU\u00c7\u00c3O CEPE 037\/2016<\/p>\n","protected":false},"excerpt":{"rendered":"<p>. Os crit\u00e9rios de inscri\u00e7\u00e3o, sele\u00e7\u00e3o e matr\u00edcula ser\u00e3o estabelecidos nos editais que regem o ingresso de estudantes de cada turma. A matr\u00edcula \u00e9 obrigat\u00f3ria, a sua n\u00e3o realiza\u00e7\u00e3o dentro dos prazos estabelecidos no Calend\u00e1rio Escolar de P\u00f3s-Gradua\u00e7\u00e3o implicar\u00e1 o desligamento do estudante do Curso de P\u00f3s-Gradua\u00e7\u00e3o. Os Cursos de P\u00f3s-Gradua\u00e7\u00e3o Lato Sensu poder\u00e3o receber [&hellip;]<\/p>\n","protected":false},"author":8,"featured_media":0,"parent":0,"menu_order":0,"comment_status":"closed","ping_status":"closed","template":"","meta":{"footnotes":""},"class_list":["post-2034","page","type-page","status-publish","hentry"],"acf":[],"_links":{"self":[{"href":"https:\/\/sites.uel.br\/pdi\/wp-json\/wp\/v2\/pages\/2034","targetHints":{"allow":["GET"]}}],"collection":[{"href":"https:\/\/sites.uel.br\/pdi\/wp-json\/wp\/v2\/pages"}],"about":[{"href":"https:\/\/sites.uel.br\/pdi\/wp-json\/wp\/v2\/types\/page"}],"author":[{"embeddable":true,"href":"https:\/\/sites.uel.br\/pdi\/wp-json\/wp\/v2\/users\/8"}],"replies":[{"embeddable":true,"href":"https:\/\/sites.uel.br\/pdi\/wp-json\/wp\/v2\/comments?post=2034"}],"version-history":[{"count":1,"href":"https:\/\/sites.uel.br\/pdi\/wp-json\/wp\/v2\/pages\/2034\/revisions"}],"predecessor-version":[{"id":2035,"href":"https:\/\/sites.uel.br\/pdi\/wp-json\/wp\/v2\/pages\/2034\/revisions\/2035"}],"wp:attachment":[{"href":"https:\/\/sites.uel.br\/pdi\/wp-json\/wp\/v2\/media?parent=2034"}],"curies":[{"name":"wp","href":"https:\/\/api.w.org\/{rel}","templated":true}]}}

Pós-Graduação Lato Sensu &#8211; Admissão

<p class="has-text-color" style="color:#fefefe">.</p>



<p>Os critérios de inscrição, seleção e matrícula serão estabelecidos nos editais que regem o ingresso de estudantes de cada turma.</p>



<ul class="wp-block-list">
<li>A inscrição para seleção aos Cursos de Especialização será aberta a graduados ou graduandos em Curso Superior, desde que comprovem a conclusão da graduação até a data da matrícula.</li>



<li>A seleção dos candidatos estará a cargo da Comissão de Seleção e deverá atender aos critérios estabelecidos na resolução/deliberação do Curso e no edital de oferta da turma.</li>



<li>Terão direito à matrícula nos Cursos de Pós-Graduação Lato Sensu os candidatos inscritos que forem aprovados e classificados no processo de seleção, desde que não ultrapasse o número de vagas ofertadas.</li>



<li>Os estudantes matriculados serão classificados nas seguintes categorias, de acordo com o Regimento Geral:</li>



<li>estudante regular: aprovado no exame de seleção, matriculado no Curso de Especialização, com obediência a todos os requisitos indispensáveis à obtenção dos certificados correspondentes;</li>



<li>estudante especial: matriculado em disciplinas isoladas do Curso. A categoria de estudante especial aplica-se somente para a modalidade presencial.</li>
</ul>



<p>A matrícula é obrigatória, a sua não realização dentro dos prazos estabelecidos no Calendário Escolar de Pós-Graduação implicará o desligamento do estudante do Curso de Pós-Graduação.</p>



<ul class="wp-block-list">
<li>A matrícula terá validade pelo número períodos letivos de duração do Curso.</li>
</ul>



<p>Os Cursos de Pós-Graduação Lato Sensu poderão receber matrícula de estudantes especiais, conforme prazo estabelecido no calendário vigente, mediante requerimento semestral à Coordenação do Curso, desde que, nesta categoria, o estudante não frequente mais que cinquenta porcento dos créditos exigidos.</p>



<ul class="wp-block-list">
<li>O estudante especial poderá concluir o curso após ingresso como estudante regular, mediante aprovação em processo de seleção.</li>



<li>Uma vez enquadrado na categoria de estudante regular, através de processo de seleção, seu tempo como estudante especial não será contado para efeito de verificação do cumprimento dos prazos para obtenção do título de Especialista.</li>
</ul>



<p>O estudante regular matriculado em um Curso de Pós-Graduação Lato Sensu da UEL poderá se matricular em disciplinas de outros cursos desta Instituição, após aprovação do Coordenador do Curso da(s) disciplina(s) requerida(s).</p>



<p>O estudante que não desejar continuar o curso poderá solicitar, a qualquer tempo, o cancelamento de matrícula, mediante comprovação do adimplemento proporcional dos créditos cursados até a data do pedido de cancelamento.O estudante poderá solicitar o cancelamento de disciplina pelo portal do estudante, desde que não tenha ultrapassado cinquenta porcento da sua carga horária, cabendo ao Coordenador do Curso a aprovação.</p>



<p class="has-text-align-center">O texto está disponível na(s) seguinte(s) referência(s):&nbsp;</p>



<p class="has-text-align-center">REGIMENTO GERAL DA UEL, RESOLUÇÃO CEPE 033/2014, RESOLUÇÃO CEPE 037/2016</p>

<p>. Os critérios de inscrição, seleção e matrícula serão estabelecidos nos editais que regem o ingresso de estudantes de cada turma. A matrícula é obrigatória, a sua não realização dentro dos prazos estabelecidos no Calendário Escolar de Pós-Graduação implicará o desligamento do estudante do Curso de Pós-Graduação. Os Cursos de Pós-Graduação Lato Sensu poderão receber [&hellip;]</p>
