{"id":2030,"date":"2022-11-07T21:58:55","date_gmt":"2022-11-08T00:58:55","guid":{"rendered":"https:\/\/sites.uel.br\/pdi\/?page_id=2030"},"modified":"2022-11-10T16:58:56","modified_gmt":"2022-11-10T19:58:56","slug":"graduacao-ano-academico","status":"publish","type":"page","link":"https:\/\/sites.uel.br\/pdi\/graduacao-ano-academico\/","title":{"rendered":"Gradua\u00e7\u00e3o &#8211; Ano Acad\u00eamico"},"content":{"rendered":"\n<p class=\"has-text-color\" style=\"color:#fefefe\">.<\/p>\n\n\n\n<p>O ano acad\u00eamico ter\u00e1 a dura\u00e7\u00e3o m\u00ednima em dias de trabalho escolar efetivo estabelecido pela legisla\u00e7\u00e3o vigente.<\/p>\n\n\n\n<p>As atividades escolares, durante o ano acad\u00eamico, constar\u00e3o no Calend\u00e1rio Acad\u00eamico apreciado pelas C\u00e2maras de Gradua\u00e7\u00e3o e de P\u00f3s-gradua\u00e7\u00e3o e aprovado pelo Conselho de Ensino, pesquisa e Extens\u00e3o.<\/p>\n\n\n\n<p class=\"has-text-align-center\">O texto est\u00e1 dispon\u00edvel na(s) seguinte(s) refer\u00eancia(s):&nbsp;<\/p>\n\n\n\n<p class=\"has-text-align-center\">REGIMENTO GERAL DA UEL, RESOLU\u00c7\u00c3O CEPE 033\/2014, RESOLU\u00c7\u00c3O CEPE 037\/2016<\/p>\n","protected":false},"excerpt":{"rendered":"<p>. O ano acad\u00eamico ter\u00e1 a dura\u00e7\u00e3o m\u00ednima em dias de trabalho escolar efetivo estabelecido pela legisla\u00e7\u00e3o vigente. As atividades escolares, durante o ano acad\u00eamico, constar\u00e3o no Calend\u00e1rio Acad\u00eamico apreciado pelas C\u00e2maras de Gradua\u00e7\u00e3o e de P\u00f3s-gradua\u00e7\u00e3o e aprovado pelo Conselho de Ensino, pesquisa e Extens\u00e3o. O texto est\u00e1 dispon\u00edvel na(s) seguinte(s) refer\u00eancia(s):&nbsp; REGIMENTO GERAL [&hellip;]<\/p>\n","protected":false},"author":8,"featured_media":0,"parent":0,"menu_order":0,"comment_status":"closed","ping_status":"closed","template":"","meta":{"footnotes":""},"class_list":["post-2030","page","type-page","status-publish","hentry"],"acf":[],"_links":{"self":[{"href":"https:\/\/sites.uel.br\/pdi\/wp-json\/wp\/v2\/pages\/2030","targetHints":{"allow":["GET"]}}],"collection":[{"href":"https:\/\/sites.uel.br\/pdi\/wp-json\/wp\/v2\/pages"}],"about":[{"href":"https:\/\/sites.uel.br\/pdi\/wp-json\/wp\/v2\/types\/page"}],"author":[{"embeddable":true,"href":"https:\/\/sites.uel.br\/pdi\/wp-json\/wp\/v2\/users\/8"}],"replies":[{"embeddable":true,"href":"https:\/\/sites.uel.br\/pdi\/wp-json\/wp\/v2\/comments?post=2030"}],"version-history":[{"count":2,"href":"https:\/\/sites.uel.br\/pdi\/wp-json\/wp\/v2\/pages\/2030\/revisions"}],"predecessor-version":[{"id":2120,"href":"https:\/\/sites.uel.br\/pdi\/wp-json\/wp\/v2\/pages\/2030\/revisions\/2120"}],"wp:attachment":[{"href":"https:\/\/sites.uel.br\/pdi\/wp-json\/wp\/v2\/media?parent=2030"}],"curies":[{"name":"wp","href":"https:\/\/api.w.org\/{rel}","templated":true}]}}

Graduação &#8211; Ano Acadêmico

<p class="has-text-color" style="color:#fefefe">.</p>



<p>O ano acadêmico terá a duração mínima em dias de trabalho escolar efetivo estabelecido pela legislação vigente.</p>



<p>As atividades escolares, durante o ano acadêmico, constarão no Calendário Acadêmico apreciado pelas Câmaras de Graduação e de Pós-graduação e aprovado pelo Conselho de Ensino, pesquisa e Extensão.</p>



<p class="has-text-align-center">O texto está disponível na(s) seguinte(s) referência(s):&nbsp;</p>



<p class="has-text-align-center">REGIMENTO GERAL DA UEL, RESOLUÇÃO CEPE 033/2014, RESOLUÇÃO CEPE 037/2016</p>

<p>. O ano acadêmico terá a duração mínima em dias de trabalho escolar efetivo estabelecido pela legislação vigente. As atividades escolares, durante o ano acadêmico, constarão no Calendário Acadêmico apreciado pelas Câmaras de Graduação e de Pós-graduação e aprovado pelo Conselho de Ensino, pesquisa e Extensão. O texto está disponível na(s) seguinte(s) referência(s):&nbsp; REGIMENTO GERAL [&hellip;]</p>
