{"id":203,"date":"2022-09-07T14:58:29","date_gmt":"2022-09-07T17:58:29","guid":{"rendered":"https:\/\/sites.uel.br\/pdi\/?page_id=203"},"modified":"2023-10-11T14:52:32","modified_gmt":"2023-10-11T17:52:32","slug":"macroetapa-iii-atividades-de-planejamento-da-elaboracao-do-pdi","status":"publish","type":"page","link":"https:\/\/sites.uel.br\/pdi\/macroetapa-iii-atividades-de-planejamento-da-elaboracao-do-pdi\/","title":{"rendered":"Macroetapa III &#8211; ATIVIDADES DE PLANEJAMENTO DA ELABORA\u00c7\u00c3O DO PDI"},"content":{"rendered":"\n<p class=\"has-text-color\" style=\"color:#fefefe\">&#8211;<\/p>\n\n\n\n<p>A&nbsp;<strong>Macroetapa III<\/strong>&nbsp;relacionada \u00e0s&nbsp;<strong>Atividades de Planejamento da Elabora\u00e7\u00e3o do PDI<\/strong>, de acordo com Sant\u2019Anna e demais autores (2017), contempla os seguintes pontos de aten\u00e7\u00e3o, em termos de a\u00e7\u00f5es e decis\u00f5es: defini\u00e7\u00e3o dos crit\u00e9rios de prioriza\u00e7\u00e3o; prioriza\u00e7\u00e3o das necessidades; defini\u00e7\u00e3o das metas e a\u00e7\u00f5es; identifica\u00e7\u00e3o dos fatores cr\u00edticos de sucesso; planejamento das a\u00e7\u00f5es de recursos humanos; planejamento dos aspectos or\u00e7ament\u00e1rios; planejamento das a\u00e7\u00f5es de infraestrutura f\u00edsica; planejamento do processo de controle do PDI; e, consolida\u00e7\u00e3o dos resultados.<\/p>\n\n\n\n<p>A partir de consultas realizadas \u00e0 Lei 10861, de 14 de abril de 2004, ao Decreto 5773, de 9 de maio de 2006, \u00e0 Delibera\u00e7\u00e3o CEE\/CP 06\/20, de 9 de novembro de 2010, \u00e0 Nota T\u00e9cnica INEP\/DAES\/CONAES 065, de 2014, \u00e0 Ficha de Avalia\u00e7\u00e3o CAPES (2013-2016), \u00e0 Ficha de Avalia\u00e7\u00e3o da CAPES (2017-2020) e \u00e0 Sant\u2019Anna e demais autores (2017), foi identificada a necessidade de complementar a Macroetapa III com a inser\u00e7\u00e3o do descritivo do Eixo Tem\u00e1tico XI, que trata sobre o Processo de Monitoramento, Controle e Revis\u00e3o do PDI. Para melhor acompanhamento do conte\u00fado apresentado neste PDI, optou-se por alocar o Eixo Tem\u00e1tico XI ap\u00f3s a exposi\u00e7\u00e3o da consolida\u00e7\u00e3o dos resultados.&nbsp;<\/p>\n\n\n\n<p>A Macroetapa III \u2013 Atividades de Planejamento da Elabora\u00e7\u00e3o do PDI se encerra ap\u00f3s o descritivo do Eixo Tem\u00e1tico XI \u2013 Processo de Monitramento, Controle e Revis\u00e3o do PDI, com uma se\u00e7\u00e3o de Conclus\u00e3o das Atividades de Planejamento para a Elabora\u00e7\u00e3o do PDI, na qual os seguintes t\u00f3picos foram abordados:<\/p>\n\n\n\n<ul class=\"wp-block-list\">\n<li>import\u00e2ncia do PDI para o alcance dos objetivos da UEL;<\/li>\n\n\n\n<li>m\u00e9rito de execu\u00e7\u00e3o do PDI conforme planejamento; e,<\/li>\n\n\n\n<li>sensibiliza\u00e7\u00e3o \u2013 controle cont\u00ednuo e alcance de metas.<\/li>\n<\/ul>\n\n\n\n<p>A arte apresentada em sequ\u00eancia descreve as atividades inerentes \u00e0 Macroetapa III &#8211; Atividades de Planejamento para a Elabora\u00e7\u00e3o do PDI UEL 2024-2028.<\/p>\n\n\n\n<div class=\"wp-block-columns is-layout-flex wp-container-core-columns-is-layout-9d6595d7 wp-block-columns-is-layout-flex\">\n<div class=\"wp-block-column is-layout-flow wp-block-column-is-layout-flow\">\n<figure class=\"wp-block-gallery has-nested-images columns-default is-cropped wp-block-gallery-1 is-layout-flex wp-block-gallery-is-layout-flex\">\n<figure class=\"wp-block-image size-large\"><img loading=\"lazy\" decoding=\"async\" width=\"2560\" height=\"1050\" data-id=\"75\" src=\"https:\/\/sites.uel.br\/pdi\/wp-content\/uploads\/2022\/09\/site-MACROETAPAIII-1-scaled.jpg\" alt=\"Figura 4 \u2013 Metodologia de Elabora\u00e7\u00e3o do PDI \u2013 Macroetapa III \u2013 Atividades de Planejamento\" class=\"wp-image-75\" srcset=\"https:\/\/sites.uel.br\/pdi\/wp-content\/uploads\/2022\/09\/site-MACROETAPAIII-1-scaled.jpg 2560w, https:\/\/sites.uel.br\/pdi\/wp-content\/uploads\/2022\/09\/site-MACROETAPAIII-1-300x123.jpg 300w, https:\/\/sites.uel.br\/pdi\/wp-content\/uploads\/2022\/09\/site-MACROETAPAIII-1-1024x420.jpg 1024w, https:\/\/sites.uel.br\/pdi\/wp-content\/uploads\/2022\/09\/site-MACROETAPAIII-1-768x315.jpg 768w, https:\/\/sites.uel.br\/pdi\/wp-content\/uploads\/2022\/09\/site-MACROETAPAIII-1-1536x630.jpg 1536w, https:\/\/sites.uel.br\/pdi\/wp-content\/uploads\/2022\/09\/site-MACROETAPAIII-1-2048x840.jpg 2048w\" sizes=\"auto, (max-width: 2560px) 100vw, 2560px\" \/><figcaption class=\"wp-element-caption\">Macroetapa III \u2013 Atividades de Planejamento para a Elabora\u00e7\u00e3o do PDI UEL 2023-2027<\/figcaption><\/figure>\n<\/figure>\n<\/div>\n<\/div>\n\n\n\n<p><strong>Fonte<\/strong>: UEL\/PROPLAN\/DAII<\/p>\n","protected":false},"excerpt":{"rendered":"<p>&#8211; A&nbsp;Macroetapa III&nbsp;relacionada \u00e0s&nbsp;Atividades de Planejamento da Elabora\u00e7\u00e3o do PDI, de acordo com Sant\u2019Anna e demais autores (2017), contempla os seguintes pontos de aten\u00e7\u00e3o, em termos de a\u00e7\u00f5es e decis\u00f5es: defini\u00e7\u00e3o dos crit\u00e9rios de prioriza\u00e7\u00e3o; prioriza\u00e7\u00e3o das necessidades; defini\u00e7\u00e3o das metas e a\u00e7\u00f5es; identifica\u00e7\u00e3o dos fatores cr\u00edticos de sucesso; planejamento das a\u00e7\u00f5es de recursos humanos; [&hellip;]<\/p>\n","protected":false},"author":8,"featured_media":0,"parent":0,"menu_order":0,"comment_status":"closed","ping_status":"closed","template":"","meta":{"footnotes":""},"class_list":["post-203","page","type-page","status-publish","hentry"],"acf":[],"_links":{"self":[{"href":"https:\/\/sites.uel.br\/pdi\/wp-json\/wp\/v2\/pages\/203","targetHints":{"allow":["GET"]}}],"collection":[{"href":"https:\/\/sites.uel.br\/pdi\/wp-json\/wp\/v2\/pages"}],"about":[{"href":"https:\/\/sites.uel.br\/pdi\/wp-json\/wp\/v2\/types\/page"}],"author":[{"embeddable":true,"href":"https:\/\/sites.uel.br\/pdi\/wp-json\/wp\/v2\/users\/8"}],"replies":[{"embeddable":true,"href":"https:\/\/sites.uel.br\/pdi\/wp-json\/wp\/v2\/comments?post=203"}],"version-history":[{"count":3,"href":"https:\/\/sites.uel.br\/pdi\/wp-json\/wp\/v2\/pages\/203\/revisions"}],"predecessor-version":[{"id":4193,"href":"https:\/\/sites.uel.br\/pdi\/wp-json\/wp\/v2\/pages\/203\/revisions\/4193"}],"wp:attachment":[{"href":"https:\/\/sites.uel.br\/pdi\/wp-json\/wp\/v2\/media?parent=203"}],"curies":[{"name":"wp","href":"https:\/\/api.w.org\/{rel}","templated":true}]}}