{"id":2028,"date":"2022-11-07T21:57:46","date_gmt":"2022-11-08T00:57:46","guid":{"rendered":"https:\/\/sites.uel.br\/pdi\/?page_id=2028"},"modified":"2022-11-07T21:57:46","modified_gmt":"2022-11-08T00:57:46","slug":"graduacao-transferencias","status":"publish","type":"page","link":"https:\/\/sites.uel.br\/pdi\/graduacao-transferencias\/","title":{"rendered":"Gradua\u00e7\u00e3o &#8211; Transfer\u00eancias"},"content":{"rendered":"\n<p class=\"has-white-color has-text-color\">.<\/p>\n\n\n\n<p>Para o recebimento de transfer\u00eancia, o que s\u00f3 poder\u00e1 ocorrer na exist\u00eancia de vagas, haver\u00e1 sele\u00e7\u00e3o de acordo com as normas propostas pela Pr\u00f3-Reitoria de Gradua\u00e7\u00e3o e aprovadas pelo Conselho de Ensino, Pesquisa e Extens\u00e3o.<\/p>\n\n\n\n<ul class=\"wp-block-list\">\n<li>Compete \u00e0 Coordenadoria de Processos Seletivos o preparo, a realiza\u00e7\u00e3o dos exames de sele\u00e7\u00e3o para transfer\u00eancia e publica\u00e7\u00e3o dos resultados por edital.<\/li>\n<\/ul>\n\n\n\n<p>A ordem de prioridade para atendimento de transfer\u00eancia ser\u00e1 a seguinte:<\/p>\n\n\n\n<ul class=\"wp-block-list\">\n<li>transfer\u00eancia de turno;<\/li>\n\n\n\n<li>transfer\u00eancia externa de institui\u00e7\u00f5es p\u00fablicas do pa\u00eds;<\/li>\n\n\n\n<li>transfer\u00eancia externa de institui\u00e7\u00f5es particulares do pa\u00eds;<\/li>\n\n\n\n<li>transfer\u00eancia externa, de outros pa\u00edses.<\/li>\n<\/ul>\n\n\n\n<p>A transfer\u00eancia para a Universidade ser\u00e1 feita em qualquer \u00e9poca e independentemente de vagas nos casos previstos na Legisla\u00e7\u00e3o Estadual e Federal e mediante aprova\u00e7\u00e3o do Conselho de Ensino, Pesquisa e Extens\u00e3o quando se tratar de:<\/p>\n\n\n\n<ul class=\"wp-block-list\">\n<li>dependentes de servidores aprovados em concurso p\u00fablico da Universidade Estadual de Londrina e que, em raz\u00e3o de v\u00ednculo com a Universidade, comprovem mudan\u00e7a de domic\u00edlio para a cidade de Londrina;<\/li>\n\n\n\n<li>dependentes de servidores, quando estes retornarem de licen\u00e7a concedida pela Universidade para programas de p\u00f3s-gradua\u00e7\u00e3o stricto sensu;<\/li>\n\n\n\n<li>dependentes de pessoal da Universidade colocado \u00e0 disposi\u00e7\u00e3o de outro \u00f3rg\u00e3o oficial, na ocasi\u00e3o de retorno.<\/li>\n<\/ul>\n\n\n\n<p>A inscri\u00e7\u00e3o para transfer\u00eancia de alunos de qualquer institui\u00e7\u00e3o de ensino superior, respeitada a legisla\u00e7\u00e3o em vigor, somente poder\u00e1 ser feita na \u00e9poca prevista no Calend\u00e1rio Escolar.<\/p>\n\n\n\n<ul class=\"wp-block-list\">\n<li>Os processos de transfer\u00eancia externa ser\u00e3o analisados pelo crit\u00e9rio do equivalente valor formativo.<\/li>\n\n\n\n<li>Entende-se por equivalente valor formativo a avalia\u00e7\u00e3o dos conhecimentos, habilidades e compet\u00eancias do candidato por s\u00e9rie de estudos.<\/li>\n\n\n\n<li>Entende-se por equival\u00eancia de disciplinas\/atividades acad\u00eamicas o aproveitamento concedido ap\u00f3s an\u00e1lise dos conte\u00fados curriculares cumpridos na Institui\u00e7\u00e3o de Ensino Superior de origem, estabelecendo-se correspond\u00eancia com as disciplinas\/atividades acad\u00eamicas ofertadas na Universidade.<\/li>\n\n\n\n<li>Expedido o atestado de vaga pela Pr\u00f3-Reitoria de Gradua\u00e7\u00e3o, a matr\u00edcula somente poder\u00e1 ser feita de acordo com o Calend\u00e1rio Escolar, atendidas as exig\u00eancias constantes da legisla\u00e7\u00e3o em vigor.<\/li>\n\n\n\n<li>O estudante transferido que n\u00e3o comparecer nos primeiros trinta dias letivos consecutivos ap\u00f3s a matr\u00edcula ou for reprovado em todas as atividades acad\u00eamicas por n\u00e3o comparecimento, ter\u00e1 sua matr\u00edcula cancelada, se n\u00e3o houver motivo justificado.<\/li>\n<\/ul>\n\n\n\n<p>Para fins de adapta\u00e7\u00e3o do curr\u00edculo cursado pelo estudante transferido, ser\u00e3o exigidos id\u00eanticos crit\u00e9rios aos usados para os estudantes da Universidade, conforme pronunciamento do respectivo Colegiado de Curso, atendidas as disposi\u00e7\u00f5es da Legisla\u00e7\u00e3o Estadual e Federal.<\/p>\n\n\n\n<ul class=\"wp-block-list\">\n<li>Em se tratando de matr\u00edcula privilegiada nos termos da Lei, e verificada a impossibilidade de adapta\u00e7\u00e3o no ano letivo em andamento, o estudante poder\u00e1 trancar sua matr\u00edcula ou cumprir atividades acad\u00eamicas complementares de ensino.<\/li>\n<\/ul>\n\n\n\n<p class=\"has-text-align-center\">O texto est\u00e1 dispon\u00edvel na(s) seguinte(s) refer\u00eancia(s):&nbsp;<\/p>\n\n\n\n<p class=\"has-text-align-center\">REGIMENTO GERAL DA UEL, RESOLU\u00c7\u00c3O CEPE 033\/2014, RESOLU\u00c7\u00c3O CEPE 037\/2016<\/p>\n","protected":false},"excerpt":{"rendered":"<p>. Para o recebimento de transfer\u00eancia, o que s\u00f3 poder\u00e1 ocorrer na exist\u00eancia de vagas, haver\u00e1 sele\u00e7\u00e3o de acordo com as normas propostas pela Pr\u00f3-Reitoria de Gradua\u00e7\u00e3o e aprovadas pelo Conselho de Ensino, Pesquisa e Extens\u00e3o. A ordem de prioridade para atendimento de transfer\u00eancia ser\u00e1 a seguinte: A transfer\u00eancia para a Universidade ser\u00e1 feita em [&hellip;]<\/p>\n","protected":false},"author":8,"featured_media":0,"parent":0,"menu_order":0,"comment_status":"closed","ping_status":"closed","template":"","meta":{"footnotes":""},"class_list":["post-2028","page","type-page","status-publish","hentry"],"acf":[],"_links":{"self":[{"href":"https:\/\/sites.uel.br\/pdi\/wp-json\/wp\/v2\/pages\/2028","targetHints":{"allow":["GET"]}}],"collection":[{"href":"https:\/\/sites.uel.br\/pdi\/wp-json\/wp\/v2\/pages"}],"about":[{"href":"https:\/\/sites.uel.br\/pdi\/wp-json\/wp\/v2\/types\/page"}],"author":[{"embeddable":true,"href":"https:\/\/sites.uel.br\/pdi\/wp-json\/wp\/v2\/users\/8"}],"replies":[{"embeddable":true,"href":"https:\/\/sites.uel.br\/pdi\/wp-json\/wp\/v2\/comments?post=2028"}],"version-history":[{"count":1,"href":"https:\/\/sites.uel.br\/pdi\/wp-json\/wp\/v2\/pages\/2028\/revisions"}],"predecessor-version":[{"id":2029,"href":"https:\/\/sites.uel.br\/pdi\/wp-json\/wp\/v2\/pages\/2028\/revisions\/2029"}],"wp:attachment":[{"href":"https:\/\/sites.uel.br\/pdi\/wp-json\/wp\/v2\/media?parent=2028"}],"curies":[{"name":"wp","href":"https:\/\/api.w.org\/{rel}","templated":true}]}}