{"id":1994,"date":"2022-11-07T21:21:07","date_gmt":"2022-11-08T00:21:07","guid":{"rendered":"https:\/\/sites.uel.br\/pdi\/?page_id=1994"},"modified":"2022-11-07T21:21:07","modified_gmt":"2022-11-08T00:21:07","slug":"graduacao-sistema-academico","status":"publish","type":"page","link":"https:\/\/sites.uel.br\/pdi\/graduacao-sistema-academico\/","title":{"rendered":"Gradua\u00e7\u00e3o &#8211; Sistema Acad\u00eamico"},"content":{"rendered":"\n<p class=\"has-text-color\" style=\"color:#fefefe\">.<\/p>\n\n\n\n<p>O sistema acad\u00eamico dos cursos de gradua\u00e7\u00e3o ser\u00e1 definido nos respectivos projetos pedag\u00f3gicos, de acordo com as diretrizes aprovadas pelo Conselho de Ensino, Pesquisa e Extens\u00e3o.<\/p>\n\n\n\n<ul class=\"wp-block-list\">\n<li>O projeto pedag\u00f3gico de cada curso ser\u00e1 proposto pelo Colegiado, analisado pela Pr\u00f3-Reitoria de Planejamento da Universidade, apreciado pelo Conselho de Administra\u00e7\u00e3o e aprovado pelo Conselho de Ensino, Pesquisa e Extens\u00e3o.<\/li>\n<\/ul>\n\n\n\n<p>\u00c9 vedado computar como carga hor\u00e1ria de disciplinas\/atividades acad\u00eamicas obrigat\u00f3rias as horas relacionadas, por iniciativa e interesse individual do discente, a estudos, exerc\u00edcios, projetos e pesquisa.<\/p>\n\n\n\n<p class=\"has-text-align-center\">O texto est\u00e1 dispon\u00edvel na(s) seguinte(s) refer\u00eancia(s):&nbsp;<\/p>\n\n\n\n<p class=\"has-text-align-center\">REGIMENTO GERAL DA UEL, RESOLU\u00c7\u00c3O CEPE 033\/2014, RESOLU\u00c7\u00c3O CEPE 037\/2016<\/p>\n","protected":false},"excerpt":{"rendered":"<p>. O sistema acad\u00eamico dos cursos de gradua\u00e7\u00e3o ser\u00e1 definido nos respectivos projetos pedag\u00f3gicos, de acordo com as diretrizes aprovadas pelo Conselho de Ensino, Pesquisa e Extens\u00e3o. \u00c9 vedado computar como carga hor\u00e1ria de disciplinas\/atividades acad\u00eamicas obrigat\u00f3rias as horas relacionadas, por iniciativa e interesse individual do discente, a estudos, exerc\u00edcios, projetos e pesquisa. O texto [&hellip;]<\/p>\n","protected":false},"author":8,"featured_media":0,"parent":0,"menu_order":0,"comment_status":"closed","ping_status":"closed","template":"","meta":{"footnotes":""},"class_list":["post-1994","page","type-page","status-publish","hentry"],"acf":[],"_links":{"self":[{"href":"https:\/\/sites.uel.br\/pdi\/wp-json\/wp\/v2\/pages\/1994","targetHints":{"allow":["GET"]}}],"collection":[{"href":"https:\/\/sites.uel.br\/pdi\/wp-json\/wp\/v2\/pages"}],"about":[{"href":"https:\/\/sites.uel.br\/pdi\/wp-json\/wp\/v2\/types\/page"}],"author":[{"embeddable":true,"href":"https:\/\/sites.uel.br\/pdi\/wp-json\/wp\/v2\/users\/8"}],"replies":[{"embeddable":true,"href":"https:\/\/sites.uel.br\/pdi\/wp-json\/wp\/v2\/comments?post=1994"}],"version-history":[{"count":1,"href":"https:\/\/sites.uel.br\/pdi\/wp-json\/wp\/v2\/pages\/1994\/revisions"}],"predecessor-version":[{"id":1995,"href":"https:\/\/sites.uel.br\/pdi\/wp-json\/wp\/v2\/pages\/1994\/revisions\/1995"}],"wp:attachment":[{"href":"https:\/\/sites.uel.br\/pdi\/wp-json\/wp\/v2\/media?parent=1994"}],"curies":[{"name":"wp","href":"https:\/\/api.w.org\/{rel}","templated":true}]}}

Graduação &#8211; Sistema Acadêmico

<p class="has-text-color" style="color:#fefefe">.</p>



<p>O sistema acadêmico dos cursos de graduação será definido nos respectivos projetos pedagógicos, de acordo com as diretrizes aprovadas pelo Conselho de Ensino, Pesquisa e Extensão.</p>



<ul class="wp-block-list">
<li>O projeto pedagógico de cada curso será proposto pelo Colegiado, analisado pela Pró-Reitoria de Planejamento da Universidade, apreciado pelo Conselho de Administração e aprovado pelo Conselho de Ensino, Pesquisa e Extensão.</li>
</ul>



<p>É vedado computar como carga horária de disciplinas/atividades acadêmicas obrigatórias as horas relacionadas, por iniciativa e interesse individual do discente, a estudos, exercícios, projetos e pesquisa.</p>



<p class="has-text-align-center">O texto está disponível na(s) seguinte(s) referência(s):&nbsp;</p>



<p class="has-text-align-center">REGIMENTO GERAL DA UEL, RESOLUÇÃO CEPE 033/2014, RESOLUÇÃO CEPE 037/2016</p>

<p>. O sistema acadêmico dos cursos de graduação será definido nos respectivos projetos pedagógicos, de acordo com as diretrizes aprovadas pelo Conselho de Ensino, Pesquisa e Extensão. É vedado computar como carga horária de disciplinas/atividades acadêmicas obrigatórias as horas relacionadas, por iniciativa e interesse individual do discente, a estudos, exercícios, projetos e pesquisa. O texto [&hellip;]</p>
