{"id":1976,"date":"2022-11-07T21:05:47","date_gmt":"2022-11-08T00:05:47","guid":{"rendered":"https:\/\/sites.uel.br\/pdi\/?page_id=1976"},"modified":"2022-11-07T21:05:47","modified_gmt":"2022-11-08T00:05:47","slug":"pos-graduacao-stricto-sensu-estrutura-curricular","status":"publish","type":"page","link":"https:\/\/sites.uel.br\/pdi\/pos-graduacao-stricto-sensu-estrutura-curricular\/","title":{"rendered":"P\u00f3s-Gradua\u00e7\u00e3o Stricto Sensu &#8211; Estrutura Curricular"},"content":{"rendered":"\n<p class=\"has-white-color has-text-color\">.<\/p>\n\n\n\n<p>A estrutura curricular dos Programas de P\u00f3s-Gradua\u00e7\u00e3o Stricto Sensu ser\u00e1 agrupada em:<\/p>\n\n\n\n<ul class=\"wp-block-list\">\n<li>Disciplinas, cada uma com carga hor\u00e1ria expressa em cr\u00e9ditos, com aproveitamento de frequ\u00eancia avaliados conforme previsto pela Resolu\u00e7\u00e3o CEPE 037\/2016.<\/li>\n\n\n\n<li>Atividades especiais, programadas ou outras definidas pelo Programa, que ser\u00e3o registradas ap\u00f3s aprova\u00e7\u00e3o da Coordena\u00e7\u00e3o do Programa.<\/li>\n\n\n\n<li>Disserta\u00e7\u00e3o ou tese, que ser\u00e1 avaliada em conformidade com as normas constantes na Resolu\u00e7\u00e3o CEPE 037\/2016.<\/li>\n<\/ul>\n\n\n\n<p>O n\u00famero de cr\u00e9ditos a ser distribu\u00eddo em disciplinas, atividades especiais e disserta\u00e7\u00e3o ou de tese, ser\u00e1 fixado na estrutura curricular dos Cursos de Mestrado e de Doutorado.<\/p>\n\n\n\n<p>O curr\u00edculo do Programa de P\u00f3s-Gradua\u00e7\u00e3o ser\u00e1 composto por um conjunto de disciplinas caracterizados pelo c\u00f3digo, denomina\u00e7\u00e3o, carga hor\u00e1ria, n\u00famero de cr\u00e9ditos, ementa, conte\u00fado program\u00e1tico, bibliografia e docente respons\u00e1vel.<\/p>\n\n\n\n<ul class=\"wp-block-list\">\n<li>Al\u00e9m das disciplinas, a estrutura curricular dever\u00e1 prever a elabora\u00e7\u00e3o de Disserta\u00e7\u00e3o ou Tese, que ser\u00e1 submetida para a aprova\u00e7\u00e3o de uma Banca Examinadora.<br><\/li>\n<\/ul>\n\n\n\n<p class=\"has-text-align-center\">O texto est\u00e1 dispon\u00edvel na(s) seguinte(s) refer\u00eancia(s):&nbsp;<\/p>\n\n\n\n<p class=\"has-text-align-center\">REGIMENTO GERAL DA UEL, RESOLU\u00c7\u00c3O CEPE 033\/2014, RESOLU\u00c7\u00c3O CEPE 037\/2016<\/p>\n","protected":false},"excerpt":{"rendered":"<p>. A estrutura curricular dos Programas de P\u00f3s-Gradua\u00e7\u00e3o Stricto Sensu ser\u00e1 agrupada em: O n\u00famero de cr\u00e9ditos a ser distribu\u00eddo em disciplinas, atividades especiais e disserta\u00e7\u00e3o ou de tese, ser\u00e1 fixado na estrutura curricular dos Cursos de Mestrado e de Doutorado. O curr\u00edculo do Programa de P\u00f3s-Gradua\u00e7\u00e3o ser\u00e1 composto por um conjunto de disciplinas caracterizados [&hellip;]<\/p>\n","protected":false},"author":8,"featured_media":0,"parent":0,"menu_order":0,"comment_status":"closed","ping_status":"closed","template":"","meta":{"footnotes":""},"class_list":["post-1976","page","type-page","status-publish","hentry"],"acf":[],"_links":{"self":[{"href":"https:\/\/sites.uel.br\/pdi\/wp-json\/wp\/v2\/pages\/1976","targetHints":{"allow":["GET"]}}],"collection":[{"href":"https:\/\/sites.uel.br\/pdi\/wp-json\/wp\/v2\/pages"}],"about":[{"href":"https:\/\/sites.uel.br\/pdi\/wp-json\/wp\/v2\/types\/page"}],"author":[{"embeddable":true,"href":"https:\/\/sites.uel.br\/pdi\/wp-json\/wp\/v2\/users\/8"}],"replies":[{"embeddable":true,"href":"https:\/\/sites.uel.br\/pdi\/wp-json\/wp\/v2\/comments?post=1976"}],"version-history":[{"count":1,"href":"https:\/\/sites.uel.br\/pdi\/wp-json\/wp\/v2\/pages\/1976\/revisions"}],"predecessor-version":[{"id":1977,"href":"https:\/\/sites.uel.br\/pdi\/wp-json\/wp\/v2\/pages\/1976\/revisions\/1977"}],"wp:attachment":[{"href":"https:\/\/sites.uel.br\/pdi\/wp-json\/wp\/v2\/media?parent=1976"}],"curies":[{"name":"wp","href":"https:\/\/api.w.org\/{rel}","templated":true}]}}

Pós-Graduação Stricto Sensu &#8211; Estrutura Curricular

<p class="has-white-color has-text-color">.</p>



<p>A estrutura curricular dos Programas de Pós-Graduação Stricto Sensu será agrupada em:</p>



<ul class="wp-block-list">
<li>Disciplinas, cada uma com carga horária expressa em créditos, com aproveitamento de frequência avaliados conforme previsto pela Resolução CEPE 037/2016.</li>



<li>Atividades especiais, programadas ou outras definidas pelo Programa, que serão registradas após aprovação da Coordenação do Programa.</li>



<li>Dissertação ou tese, que será avaliada em conformidade com as normas constantes na Resolução CEPE 037/2016.</li>
</ul>



<p>O número de créditos a ser distribuído em disciplinas, atividades especiais e dissertação ou de tese, será fixado na estrutura curricular dos Cursos de Mestrado e de Doutorado.</p>



<p>O currículo do Programa de Pós-Graduação será composto por um conjunto de disciplinas caracterizados pelo código, denominação, carga horária, número de créditos, ementa, conteúdo programático, bibliografia e docente responsável.</p>



<ul class="wp-block-list">
<li>Além das disciplinas, a estrutura curricular deverá prever a elaboração de Dissertação ou Tese, que será submetida para a aprovação de uma Banca Examinadora.<br></li>
</ul>



<p class="has-text-align-center">O texto está disponível na(s) seguinte(s) referência(s):&nbsp;</p>



<p class="has-text-align-center">REGIMENTO GERAL DA UEL, RESOLUÇÃO CEPE 033/2014, RESOLUÇÃO CEPE 037/2016</p>

<p>. A estrutura curricular dos Programas de Pós-Graduação Stricto Sensu será agrupada em: O número de créditos a ser distribuído em disciplinas, atividades especiais e dissertação ou de tese, será fixado na estrutura curricular dos Cursos de Mestrado e de Doutorado. O currículo do Programa de Pós-Graduação será composto por um conjunto de disciplinas caracterizados [&hellip;]</p>
