{"id":1963,"date":"2022-11-07T20:57:28","date_gmt":"2022-11-07T23:57:28","guid":{"rendered":"https:\/\/sites.uel.br\/pdi\/?page_id=1963"},"modified":"2022-11-07T21:07:56","modified_gmt":"2022-11-08T00:07:56","slug":"pos-graduacao-stricto-sensu-defesa-da-dissertacao-ou-tese","status":"publish","type":"page","link":"https:\/\/sites.uel.br\/pdi\/pos-graduacao-stricto-sensu-defesa-da-dissertacao-ou-tese\/","title":{"rendered":"P\u00f3s-Gradua\u00e7\u00e3o Stricto Sensu &#8211; Defesa da Disserta\u00e7\u00e3o ou Tese"},"content":{"rendered":"\n<p class=\"has-white-color has-text-color\">.<\/p>\n\n\n\n<p>Ap\u00f3s a homologa\u00e7\u00e3o da Banca Examinadora pela Pr\u00f3-Reitoria de Pesquisa e P\u00f3s-Gradua\u00e7\u00e3o, a defesa dever\u00e1 ocorrer num prazo m\u00e1ximo de sessenta dias.<\/p>\n\n\n\n<ul class=\"wp-block-list\">\n<li>A Defesa s\u00f3 poder\u00e1 ser cancelada no caso de impedimento do estudante ou de ser orientador\/coorientador, desde que justificado a Coordena\u00e7\u00e3o do Programa.<\/li>\n<\/ul>\n\n\n\n<p>Os procedimentos de defesa oral e p\u00fablica ser\u00e3o definidos no Regimento do Programa.<\/p>\n\n\n\n<p class=\"has-text-align-center\">O texto est\u00e1 dispon\u00edvel na(s) seguinte(s) refer\u00eancia(s):&nbsp;<\/p>\n\n\n\n<p class=\"has-text-align-center\">REGIMENTO GERAL DA UEL, RESOLU\u00c7\u00c3O CEPE 033\/2014, RESOLU\u00c7\u00c3O CEPE 037\/2016<\/p>\n","protected":false},"excerpt":{"rendered":"<p>. Ap\u00f3s a homologa\u00e7\u00e3o da Banca Examinadora pela Pr\u00f3-Reitoria de Pesquisa e P\u00f3s-Gradua\u00e7\u00e3o, a defesa dever\u00e1 ocorrer num prazo m\u00e1ximo de sessenta dias. Os procedimentos de defesa oral e p\u00fablica ser\u00e3o definidos no Regimento do Programa. O texto est\u00e1 dispon\u00edvel na(s) seguinte(s) refer\u00eancia(s):&nbsp; REGIMENTO GERAL DA UEL, RESOLU\u00c7\u00c3O CEPE 033\/2014, RESOLU\u00c7\u00c3O CEPE 037\/2016<\/p>\n","protected":false},"author":8,"featured_media":0,"parent":0,"menu_order":0,"comment_status":"closed","ping_status":"closed","template":"","meta":{"footnotes":""},"class_list":["post-1963","page","type-page","status-publish","hentry"],"acf":[],"_links":{"self":[{"href":"https:\/\/sites.uel.br\/pdi\/wp-json\/wp\/v2\/pages\/1963","targetHints":{"allow":["GET"]}}],"collection":[{"href":"https:\/\/sites.uel.br\/pdi\/wp-json\/wp\/v2\/pages"}],"about":[{"href":"https:\/\/sites.uel.br\/pdi\/wp-json\/wp\/v2\/types\/page"}],"author":[{"embeddable":true,"href":"https:\/\/sites.uel.br\/pdi\/wp-json\/wp\/v2\/users\/8"}],"replies":[{"embeddable":true,"href":"https:\/\/sites.uel.br\/pdi\/wp-json\/wp\/v2\/comments?post=1963"}],"version-history":[{"count":2,"href":"https:\/\/sites.uel.br\/pdi\/wp-json\/wp\/v2\/pages\/1963\/revisions"}],"predecessor-version":[{"id":1979,"href":"https:\/\/sites.uel.br\/pdi\/wp-json\/wp\/v2\/pages\/1963\/revisions\/1979"}],"wp:attachment":[{"href":"https:\/\/sites.uel.br\/pdi\/wp-json\/wp\/v2\/media?parent=1963"}],"curies":[{"name":"wp","href":"https:\/\/api.w.org\/{rel}","templated":true}]}}

Pós-Graduação Stricto Sensu &#8211; Defesa da Dissertação ou Tese

<p class="has-white-color has-text-color">.</p>



<p>Após a homologação da Banca Examinadora pela Pró-Reitoria de Pesquisa e Pós-Graduação, a defesa deverá ocorrer num prazo máximo de sessenta dias.</p>



<ul class="wp-block-list">
<li>A Defesa só poderá ser cancelada no caso de impedimento do estudante ou de ser orientador/coorientador, desde que justificado a Coordenação do Programa.</li>
</ul>



<p>Os procedimentos de defesa oral e pública serão definidos no Regimento do Programa.</p>



<p class="has-text-align-center">O texto está disponível na(s) seguinte(s) referência(s):&nbsp;</p>



<p class="has-text-align-center">REGIMENTO GERAL DA UEL, RESOLUÇÃO CEPE 033/2014, RESOLUÇÃO CEPE 037/2016</p>

<p>. Após a homologação da Banca Examinadora pela Pró-Reitoria de Pesquisa e Pós-Graduação, a defesa deverá ocorrer num prazo máximo de sessenta dias. Os procedimentos de defesa oral e pública serão definidos no Regimento do Programa. O texto está disponível na(s) seguinte(s) referência(s):&nbsp; REGIMENTO GERAL DA UEL, RESOLUÇÃO CEPE 033/2014, RESOLUÇÃO CEPE 037/2016</p>
