{"id":1959,"date":"2022-11-07T20:55:43","date_gmt":"2022-11-07T23:55:43","guid":{"rendered":"https:\/\/sites.uel.br\/pdi\/?page_id=1959"},"modified":"2022-11-07T20:56:11","modified_gmt":"2022-11-07T23:56:11","slug":"pos-graduacao-stricto-sensu-julgamento","status":"publish","type":"page","link":"https:\/\/sites.uel.br\/pdi\/pos-graduacao-stricto-sensu-julgamento\/","title":{"rendered":"P\u00f3s-Gradua\u00e7\u00e3o Stricto Sensu &#8211; Julgamento"},"content":{"rendered":"\n<p class=\"has-white-color has-text-color\">.<\/p>\n\n\n\n<p>O julgamento ser\u00e1 expresso pelos examinadores como:<\/p>\n\n\n\n<ul class=\"wp-block-list\">\n<li>Aprovado pela maioria dos membros da Banca;<\/li>\n\n\n\n<li>Reprovado pela maioria dos membros da Banca.<\/li>\n<\/ul>\n\n\n\n<p>O t\u00edtulo de conclus\u00e3o somente ser\u00e1 expedido ap\u00f3s o estudante ter atendido as condi\u00e7\u00f5es seguintes:<\/p>\n\n\n\n<ul class=\"wp-block-list\">\n<li>aprova\u00e7\u00e3o da Disserta\u00e7\u00e3o ou da Tese;<\/li>\n\n\n\n<li>reformula\u00e7\u00e3o, se constar tal recomenda\u00e7\u00e3o na ata de defesa;<\/li>\n\n\n\n<li>cumprimento de todas as exig\u00eancias do Regimento espec\u00edfico do Programa;<\/li>\n\n\n\n<li>dep\u00f3sito da vers\u00e3o digital definitiva junto ao programa, autorizada pelo orientador;<\/li>\n\n\n\n<li>encaminhamento da ata de defesa \u00e0 PROPPG pela Coordena\u00e7\u00e3o;<\/li>\n\n\n\n<li>demais exig\u00eancias previstas no Regimento do Programa.<\/li>\n<\/ul>\n\n\n\n<p class=\"has-text-align-center\">O texto est\u00e1 dispon\u00edvel na(s) seguinte(s) refer\u00eancia(s): <\/p>\n\n\n\n<p class=\"has-text-align-center\">REGIMENTO GERAL DA UEL, RESOLU\u00c7\u00c3O CEPE 033\/2014, RESOLU\u00c7\u00c3O CEPE 037\/2016<\/p>\n\n\n\n<p><\/p>\n","protected":false},"excerpt":{"rendered":"<p>. O julgamento ser\u00e1 expresso pelos examinadores como: O t\u00edtulo de conclus\u00e3o somente ser\u00e1 expedido ap\u00f3s o estudante ter atendido as condi\u00e7\u00f5es seguintes: O texto est\u00e1 dispon\u00edvel na(s) seguinte(s) refer\u00eancia(s): REGIMENTO GERAL DA UEL, RESOLU\u00c7\u00c3O CEPE 033\/2014, RESOLU\u00c7\u00c3O CEPE 037\/2016<\/p>\n","protected":false},"author":8,"featured_media":0,"parent":0,"menu_order":0,"comment_status":"closed","ping_status":"closed","template":"","meta":{"footnotes":""},"class_list":["post-1959","page","type-page","status-publish","hentry"],"acf":[],"_links":{"self":[{"href":"https:\/\/sites.uel.br\/pdi\/wp-json\/wp\/v2\/pages\/1959","targetHints":{"allow":["GET"]}}],"collection":[{"href":"https:\/\/sites.uel.br\/pdi\/wp-json\/wp\/v2\/pages"}],"about":[{"href":"https:\/\/sites.uel.br\/pdi\/wp-json\/wp\/v2\/types\/page"}],"author":[{"embeddable":true,"href":"https:\/\/sites.uel.br\/pdi\/wp-json\/wp\/v2\/users\/8"}],"replies":[{"embeddable":true,"href":"https:\/\/sites.uel.br\/pdi\/wp-json\/wp\/v2\/comments?post=1959"}],"version-history":[{"count":3,"href":"https:\/\/sites.uel.br\/pdi\/wp-json\/wp\/v2\/pages\/1959\/revisions"}],"predecessor-version":[{"id":1962,"href":"https:\/\/sites.uel.br\/pdi\/wp-json\/wp\/v2\/pages\/1959\/revisions\/1962"}],"wp:attachment":[{"href":"https:\/\/sites.uel.br\/pdi\/wp-json\/wp\/v2\/media?parent=1959"}],"curies":[{"name":"wp","href":"https:\/\/api.w.org\/{rel}","templated":true}]}}