{"id":1925,"date":"2022-11-02T16:52:25","date_gmt":"2022-11-02T19:52:25","guid":{"rendered":"https:\/\/sites.uel.br\/pdi\/?page_id=1925"},"modified":"2022-11-02T16:52:25","modified_gmt":"2022-11-02T19:52:25","slug":"lato-sensu-colegiados","status":"publish","type":"page","link":"https:\/\/sites.uel.br\/pdi\/lato-sensu-colegiados\/","title":{"rendered":"Lato Sensu &#8211; Colegiados"},"content":{"rendered":"\n<p class=\"has-white-color has-text-color\">.<\/p>\n\n\n\n<p>Compete aos Colegiados dos Cursos de P\u00f3s-Gradua\u00e7\u00e3o<em>&nbsp;<\/em>Lato Sensu:<\/p>\n\n\n\n<ul class=\"wp-block-list\">\n<li>Orientar os trabalhos de coordena\u00e7\u00e3o did\u00e1tica dos Cursos.<\/li>\n\n\n\n<li>Eleger entre seus membros o Coordenador e o Subcoordenador.<\/li>\n\n\n\n<li>Sugerir as Comiss\u00f5es Coordenadoras quaisquer medidas julgadas \u00fateis \u00e0 execu\u00e7\u00e3o do Curso.<\/li>\n\n\n\n<li>Analisar e emitir parecer sobre os processos referentes \u00e0 implanta\u00e7\u00e3o, reformula\u00e7\u00e3o ou extin\u00e7\u00e3o de Cursos de P\u00f3s-Gradua\u00e7\u00e3o Lato Sensu nas diversas unidades da UEL, encaminhando parecer \u00e0 C\u00e2mara de P\u00f3s-Gradua\u00e7\u00e3o.<\/li>\n<\/ul>\n","protected":false},"excerpt":{"rendered":"<p>. Compete aos Colegiados dos Cursos de P\u00f3s-Gradua\u00e7\u00e3o&nbsp;Lato Sensu:<\/p>\n","protected":false},"author":8,"featured_media":0,"parent":0,"menu_order":0,"comment_status":"closed","ping_status":"closed","template":"","meta":{"footnotes":""},"class_list":["post-1925","page","type-page","status-publish","hentry"],"acf":[],"_links":{"self":[{"href":"https:\/\/sites.uel.br\/pdi\/wp-json\/wp\/v2\/pages\/1925","targetHints":{"allow":["GET"]}}],"collection":[{"href":"https:\/\/sites.uel.br\/pdi\/wp-json\/wp\/v2\/pages"}],"about":[{"href":"https:\/\/sites.uel.br\/pdi\/wp-json\/wp\/v2\/types\/page"}],"author":[{"embeddable":true,"href":"https:\/\/sites.uel.br\/pdi\/wp-json\/wp\/v2\/users\/8"}],"replies":[{"embeddable":true,"href":"https:\/\/sites.uel.br\/pdi\/wp-json\/wp\/v2\/comments?post=1925"}],"version-history":[{"count":1,"href":"https:\/\/sites.uel.br\/pdi\/wp-json\/wp\/v2\/pages\/1925\/revisions"}],"predecessor-version":[{"id":1926,"href":"https:\/\/sites.uel.br\/pdi\/wp-json\/wp\/v2\/pages\/1925\/revisions\/1926"}],"wp:attachment":[{"href":"https:\/\/sites.uel.br\/pdi\/wp-json\/wp\/v2\/media?parent=1925"}],"curies":[{"name":"wp","href":"https:\/\/api.w.org\/{rel}","templated":true}]}}

<p class="has-white-color has-text-color">.</p>



<p>Compete aos Colegiados dos Cursos de Pós-Graduação<em>&nbsp;</em>Lato Sensu:</p>



<ul class="wp-block-list">
<li>Orientar os trabalhos de coordenação didática dos Cursos.</li>



<li>Eleger entre seus membros o Coordenador e o Subcoordenador.</li>



<li>Sugerir as Comissões Coordenadoras quaisquer medidas julgadas úteis à execução do Curso.</li>



<li>Analisar e emitir parecer sobre os processos referentes à implantação, reformulação ou extinção de Cursos de Pós-Graduação Lato Sensu nas diversas unidades da UEL, encaminhando parecer à Câmara de Pós-Graduação.</li>
</ul>

<p>. Compete aos Colegiados dos Cursos de Pós-Graduação&nbsp;Lato Sensu:</p>
