{"id":1923,"date":"2022-11-02T16:51:41","date_gmt":"2022-11-02T19:51:41","guid":{"rendered":"https:\/\/sites.uel.br\/pdi\/?page_id=1923"},"modified":"2022-11-02T16:51:41","modified_gmt":"2022-11-02T19:51:41","slug":"lato-sensu-comissao-coordenadora","status":"publish","type":"page","link":"https:\/\/sites.uel.br\/pdi\/lato-sensu-comissao-coordenadora\/","title":{"rendered":"Lato Sensu &#8211; Comiss\u00e3o Coordenadora"},"content":{"rendered":"\n<p class=\"has-white-color has-text-color\">.<\/p>\n\n\n\n<p>A Comiss\u00e3o Coordenadora, com fun\u00e7\u00f5es normativas e deliberativas, tem as seguintes fun\u00e7\u00f5es:<\/p>\n\n\n\n<ul class=\"wp-block-list\">\n<li>Eleger entre seus membros o Coordenador e o Vice-Coordenador da Comiss\u00e3o.<\/li>\n\n\n\n<li>Propor normas e diretrizes gerais para o bom funcionamento do Curso.<\/li>\n\n\n\n<li>Definir a Resolu\u00e7\u00e3o\/Delibera\u00e7\u00e3o que estabelece a organiza\u00e7\u00e3o curricular do Curso e o perfil da clientela que poder\u00e1 inscrever-se para a sele\u00e7\u00e3o.<\/li>\n\n\n\n<li>Assessorar o Coordenador em todas as decis\u00f5es relativas \u00e0 vida acad\u00eamica dos corpos docente e discente do Curso.<\/li>\n\n\n\n<li>Deliberar sobre pedidos de equival\u00eancia de disciplina.<\/li>\n\n\n\n<li>Indicar a Comiss\u00e3o de sele\u00e7\u00e3o para ingresso nos Cursos de P\u00f3s-Gradua\u00e7\u00e3o.<\/li>\n\n\n\n<li>Propor altera\u00e7\u00f5es na organiza\u00e7\u00e3o curricular, encaminhando-as para aprova\u00e7\u00e3o do(s) Departamento(s), Conselho de Centro, Colegiado e demais \u00f3rg\u00e3os competentes.<\/li>\n\n\n\n<li>Organizar a oferta das atividades curriculares do Curso.<\/li>\n\n\n\n<li>Estabelecer os crit\u00e9rios para concess\u00e3o de aux\u00edlios financeiros.<\/li>\n\n\n\n<li>Acompanhar as atividades do Curso nos Departamentos, dando ci\u00eancia das principais decis\u00f5es tomadas.<\/li>\n\n\n\n<li>Interagir com a Pr\u00f3-Reitoria de pesquisa e P\u00f3s-Gradua\u00e7\u00e3o para o bom desenvolvimento do Curso.<\/li>\n\n\n\n<li>Avaliar o curr\u00edculo em desenvolvimento nos Cursos.<\/li>\n<\/ul>\n","protected":false},"excerpt":{"rendered":"<p>. A Comiss\u00e3o Coordenadora, com fun\u00e7\u00f5es normativas e deliberativas, tem as seguintes fun\u00e7\u00f5es:<\/p>\n","protected":false},"author":8,"featured_media":0,"parent":0,"menu_order":0,"comment_status":"closed","ping_status":"closed","template":"","meta":{"footnotes":""},"class_list":["post-1923","page","type-page","status-publish","hentry"],"acf":[],"_links":{"self":[{"href":"https:\/\/sites.uel.br\/pdi\/wp-json\/wp\/v2\/pages\/1923","targetHints":{"allow":["GET"]}}],"collection":[{"href":"https:\/\/sites.uel.br\/pdi\/wp-json\/wp\/v2\/pages"}],"about":[{"href":"https:\/\/sites.uel.br\/pdi\/wp-json\/wp\/v2\/types\/page"}],"author":[{"embeddable":true,"href":"https:\/\/sites.uel.br\/pdi\/wp-json\/wp\/v2\/users\/8"}],"replies":[{"embeddable":true,"href":"https:\/\/sites.uel.br\/pdi\/wp-json\/wp\/v2\/comments?post=1923"}],"version-history":[{"count":1,"href":"https:\/\/sites.uel.br\/pdi\/wp-json\/wp\/v2\/pages\/1923\/revisions"}],"predecessor-version":[{"id":1924,"href":"https:\/\/sites.uel.br\/pdi\/wp-json\/wp\/v2\/pages\/1923\/revisions\/1924"}],"wp:attachment":[{"href":"https:\/\/sites.uel.br\/pdi\/wp-json\/wp\/v2\/media?parent=1923"}],"curies":[{"name":"wp","href":"https:\/\/api.w.org\/{rel}","templated":true}]}}

Lato Sensu &#8211; Comissão Coordenadora

<p class="has-white-color has-text-color">.</p>



<p>A Comissão Coordenadora, com funções normativas e deliberativas, tem as seguintes funções:</p>



<ul class="wp-block-list">
<li>Eleger entre seus membros o Coordenador e o Vice-Coordenador da Comissão.</li>



<li>Propor normas e diretrizes gerais para o bom funcionamento do Curso.</li>



<li>Definir a Resolução/Deliberação que estabelece a organização curricular do Curso e o perfil da clientela que poderá inscrever-se para a seleção.</li>



<li>Assessorar o Coordenador em todas as decisões relativas à vida acadêmica dos corpos docente e discente do Curso.</li>



<li>Deliberar sobre pedidos de equivalência de disciplina.</li>



<li>Indicar a Comissão de seleção para ingresso nos Cursos de Pós-Graduação.</li>



<li>Propor alterações na organização curricular, encaminhando-as para aprovação do(s) Departamento(s), Conselho de Centro, Colegiado e demais órgãos competentes.</li>



<li>Organizar a oferta das atividades curriculares do Curso.</li>



<li>Estabelecer os critérios para concessão de auxílios financeiros.</li>



<li>Acompanhar as atividades do Curso nos Departamentos, dando ciência das principais decisões tomadas.</li>



<li>Interagir com a Pró-Reitoria de pesquisa e Pós-Graduação para o bom desenvolvimento do Curso.</li>



<li>Avaliar o currículo em desenvolvimento nos Cursos.</li>
</ul>

<p>. A Comissão Coordenadora, com funções normativas e deliberativas, tem as seguintes funções:</p>
