{"id":1921,"date":"2022-11-02T16:50:59","date_gmt":"2022-11-02T19:50:59","guid":{"rendered":"https:\/\/sites.uel.br\/pdi\/?page_id=1921"},"modified":"2022-11-02T16:50:59","modified_gmt":"2022-11-02T19:50:59","slug":"lato-sensu-coordenacao","status":"publish","type":"page","link":"https:\/\/sites.uel.br\/pdi\/lato-sensu-coordenacao\/","title":{"rendered":"Lato Sensu &#8211; Coordena\u00e7\u00e3o"},"content":{"rendered":"\n<p class=\"has-white-color has-text-color\">.<\/p>\n\n\n\n<p>S\u00e3o atribui\u00e7\u00f5es do Coordenador de Curso:<\/p>\n\n\n\n<ul class=\"wp-block-list\">\n<li>Convocar e presidir as reuni\u00f5es da Comiss\u00e3o Coordenadora do Curso.<\/li>\n\n\n\n<li>Coordenar a execu\u00e7\u00e3o program\u00e1tica do Curso, adotando, em entendimento com os Chefes de Departamentos, as medidas necess\u00e1rias ao seu desenvolvimento.<\/li>\n\n\n\n<li>Exercer a dire\u00e7\u00e3o administrativa do Curso e responder a todos os expedientes oficiais do Curso.<\/li>\n\n\n\n<li>Participar, obrigatoriamente, das reuni\u00f5es do Colegiado, quando impossibilitado, indicar o Vice-Coordenador ou outro representante legal.<\/li>\n\n\n\n<li>Dar cumprimento \u00e0s decis\u00f5es da Comiss\u00e3o Coordenadora, do Colegiado, da Pr\u00f3-Reitoria de Pesquisa e P\u00f3s-Gradua\u00e7\u00e3o e dos \u00f3rg\u00e3os superiores da Universidade.<\/li>\n\n\n\n<li>Submeter \u00e0 Comiss\u00e3o Coordenadora do Curso as atividades pedag\u00f3gicas previstas na oferta do Curso.<\/li>\n\n\n\n<li>Elaborar o hor\u00e1rio de aulas junto aos Departamentos participantes do Curso, com seus respectivos docentes.<\/li>\n\n\n\n<li>Elaborar a lista dos professores orientadores.<\/li>\n\n\n\n<li>Autorizar os aux\u00edlios financeiros de acordo com os crit\u00e9rios estabelecidos pela Comiss\u00e3o Coordenadora.<\/li>\n\n\n\n<li>Representar o Curso quando se fizer necess\u00e1rio.<\/li>\n\n\n\n<li>Encaminhar pedidos e autorizar despesas de acordo com a previs\u00e3o or\u00e7ament\u00e1ria do Curso junto \u00e0 Pr\u00f3-Reitoria de Pesquisa e P\u00f3s-Gradua\u00e7\u00e3o, para Cursos n\u00e3o conveniados ou junto \u00e0s funda\u00e7\u00f5es de apoio, para Cursos conveniados.<\/li>\n<\/ul>\n","protected":false},"excerpt":{"rendered":"<p>. S\u00e3o atribui\u00e7\u00f5es do Coordenador de Curso:<\/p>\n","protected":false},"author":8,"featured_media":0,"parent":0,"menu_order":0,"comment_status":"closed","ping_status":"closed","template":"","meta":{"footnotes":""},"class_list":["post-1921","page","type-page","status-publish","hentry"],"acf":[],"_links":{"self":[{"href":"https:\/\/sites.uel.br\/pdi\/wp-json\/wp\/v2\/pages\/1921","targetHints":{"allow":["GET"]}}],"collection":[{"href":"https:\/\/sites.uel.br\/pdi\/wp-json\/wp\/v2\/pages"}],"about":[{"href":"https:\/\/sites.uel.br\/pdi\/wp-json\/wp\/v2\/types\/page"}],"author":[{"embeddable":true,"href":"https:\/\/sites.uel.br\/pdi\/wp-json\/wp\/v2\/users\/8"}],"replies":[{"embeddable":true,"href":"https:\/\/sites.uel.br\/pdi\/wp-json\/wp\/v2\/comments?post=1921"}],"version-history":[{"count":1,"href":"https:\/\/sites.uel.br\/pdi\/wp-json\/wp\/v2\/pages\/1921\/revisions"}],"predecessor-version":[{"id":1922,"href":"https:\/\/sites.uel.br\/pdi\/wp-json\/wp\/v2\/pages\/1921\/revisions\/1922"}],"wp:attachment":[{"href":"https:\/\/sites.uel.br\/pdi\/wp-json\/wp\/v2\/media?parent=1921"}],"curies":[{"name":"wp","href":"https:\/\/api.w.org\/{rel}","templated":true}]}}

Lato Sensu &#8211; Coordenação

<p class="has-white-color has-text-color">.</p>



<p>São atribuições do Coordenador de Curso:</p>



<ul class="wp-block-list">
<li>Convocar e presidir as reuniões da Comissão Coordenadora do Curso.</li>



<li>Coordenar a execução programática do Curso, adotando, em entendimento com os Chefes de Departamentos, as medidas necessárias ao seu desenvolvimento.</li>



<li>Exercer a direção administrativa do Curso e responder a todos os expedientes oficiais do Curso.</li>



<li>Participar, obrigatoriamente, das reuniões do Colegiado, quando impossibilitado, indicar o Vice-Coordenador ou outro representante legal.</li>



<li>Dar cumprimento às decisões da Comissão Coordenadora, do Colegiado, da Pró-Reitoria de Pesquisa e Pós-Graduação e dos órgãos superiores da Universidade.</li>



<li>Submeter à Comissão Coordenadora do Curso as atividades pedagógicas previstas na oferta do Curso.</li>



<li>Elaborar o horário de aulas junto aos Departamentos participantes do Curso, com seus respectivos docentes.</li>



<li>Elaborar a lista dos professores orientadores.</li>



<li>Autorizar os auxílios financeiros de acordo com os critérios estabelecidos pela Comissão Coordenadora.</li>



<li>Representar o Curso quando se fizer necessário.</li>



<li>Encaminhar pedidos e autorizar despesas de acordo com a previsão orçamentária do Curso junto à Pró-Reitoria de Pesquisa e Pós-Graduação, para Cursos não conveniados ou junto às fundações de apoio, para Cursos conveniados.</li>
</ul>

<p>. São atribuições do Coordenador de Curso:</p>
