{"id":1910,"date":"2022-11-02T16:37:24","date_gmt":"2022-11-02T19:37:24","guid":{"rendered":"https:\/\/sites.uel.br\/pdi\/?page_id=1910"},"modified":"2022-11-02T16:37:24","modified_gmt":"2022-11-02T19:37:24","slug":"coordenacao-dos-colegiados-de-cursos-de-graduacao","status":"publish","type":"page","link":"https:\/\/sites.uel.br\/pdi\/coordenacao-dos-colegiados-de-cursos-de-graduacao\/","title":{"rendered":"Coordena\u00e7\u00e3o dos Colegiados de Cursos de Gradua\u00e7\u00e3o"},"content":{"rendered":"\n<p class=\"has-text-color\" style=\"color:#fefefe\">.<\/p>\n\n\n\n<p>Compete aos Coordenadores dos Colegiados de Cursos:<\/p>\n\n\n\n<ul class=\"wp-block-list\">\n<li>Convocar e presidir o Colegiado.<\/li>\n\n\n\n<li>Coordenar as atividades do Colegiado.<\/li>\n\n\n\n<li>Integrar o Conselho de Centro da respectiva Unidade e a C\u00e2mara de Gradua\u00e7\u00e3o do Conselho de Ensino, Pesquisa e Extens\u00e3o.<\/li>\n\n\n\n<li>Comunicar e encaminhar todas as delibera\u00e7\u00f5es do Colegiado a quem de direito, para que sejam fielmente cumpridas.<\/li>\n\n\n\n<li>Adotar medidas de urg\u00eancia, ad referendum do Colegiado.<\/li>\n\n\n\n<li>Designar docentes para orienta\u00e7\u00e3o de matr\u00edculas, quando for o caso.<\/li>\n<\/ul>\n","protected":false},"excerpt":{"rendered":"<p>. Compete aos Coordenadores dos Colegiados de Cursos:<\/p>\n","protected":false},"author":8,"featured_media":0,"parent":0,"menu_order":0,"comment_status":"closed","ping_status":"closed","template":"","meta":{"footnotes":""},"class_list":["post-1910","page","type-page","status-publish","hentry"],"acf":[],"_links":{"self":[{"href":"https:\/\/sites.uel.br\/pdi\/wp-json\/wp\/v2\/pages\/1910","targetHints":{"allow":["GET"]}}],"collection":[{"href":"https:\/\/sites.uel.br\/pdi\/wp-json\/wp\/v2\/pages"}],"about":[{"href":"https:\/\/sites.uel.br\/pdi\/wp-json\/wp\/v2\/types\/page"}],"author":[{"embeddable":true,"href":"https:\/\/sites.uel.br\/pdi\/wp-json\/wp\/v2\/users\/8"}],"replies":[{"embeddable":true,"href":"https:\/\/sites.uel.br\/pdi\/wp-json\/wp\/v2\/comments?post=1910"}],"version-history":[{"count":1,"href":"https:\/\/sites.uel.br\/pdi\/wp-json\/wp\/v2\/pages\/1910\/revisions"}],"predecessor-version":[{"id":1911,"href":"https:\/\/sites.uel.br\/pdi\/wp-json\/wp\/v2\/pages\/1910\/revisions\/1911"}],"wp:attachment":[{"href":"https:\/\/sites.uel.br\/pdi\/wp-json\/wp\/v2\/media?parent=1910"}],"curies":[{"name":"wp","href":"https:\/\/api.w.org\/{rel}","templated":true}]}}

Coordenação dos Colegiados de Cursos de Graduação

<p class="has-text-color" style="color:#fefefe">.</p>



<p>Compete aos Coordenadores dos Colegiados de Cursos:</p>



<ul class="wp-block-list">
<li>Convocar e presidir o Colegiado.</li>



<li>Coordenar as atividades do Colegiado.</li>



<li>Integrar o Conselho de Centro da respectiva Unidade e a Câmara de Graduação do Conselho de Ensino, Pesquisa e Extensão.</li>



<li>Comunicar e encaminhar todas as deliberações do Colegiado a quem de direito, para que sejam fielmente cumpridas.</li>



<li>Adotar medidas de urgência, ad referendum do Colegiado.</li>



<li>Designar docentes para orientação de matrículas, quando for o caso.</li>
</ul>
