{"id":1901,"date":"2022-11-02T16:26:31","date_gmt":"2022-11-02T19:26:31","guid":{"rendered":"https:\/\/sites.uel.br\/pdi\/?page_id=1901"},"modified":"2022-11-02T16:26:31","modified_gmt":"2022-11-02T19:26:31","slug":"chefia-de-departamento","status":"publish","type":"page","link":"https:\/\/sites.uel.br\/pdi\/chefia-de-departamento\/","title":{"rendered":"Chefia de Departamento"},"content":{"rendered":"\n<p class=\"has-white-color has-text-color\">.<\/p>\n\n\n\n<p>S\u00e3o atribui\u00e7\u00f5es do Chefe de Departamento:<\/p>\n\n\n\n<ul class=\"wp-block-list\">\n<li>Convocar e presidir as reuni\u00f5es do Conselho do Departamento.<\/li>\n\n\n\n<li>Administrar e representar o Departamento.<\/li>\n\n\n\n<li>Participar com direito de voz e voto, das reuni\u00f5es do Conselho de Centro.<\/li>\n\n\n\n<li>Tomar as provid\u00eancias de ordem administrativa, financeira, disciplinar e did\u00e1tico-cient\u00edfica que julgar convenientes aos trabalhos do Departamento.<\/li>\n\n\n\n<li>Controlar a aplica\u00e7\u00e3o de recursos alocados \u00e0 disposi\u00e7\u00e3o do Departamento.<\/li>\n\n\n\n<li>Submeter, na \u00e9poca devida, para aprova\u00e7\u00e3o no Conselho do Departamento, o plano das atividades a serem desenvolvidas em cada per\u00edodo letivo.<\/li>\n\n\n\n<li>Encaminhar ao Diretor de Centro, em tempo h\u00e1bil, os dados relativos ao Departamento, necess\u00e1rios \u00e0 elabora\u00e7\u00e3o de programas de trabalho e do or\u00e7amento da Unidade.<\/li>\n\n\n\n<li>Apresentar, ao final de cada per\u00edodo letivo, ao Diretor do Centro, ap\u00f3s aprecia\u00e7\u00e3o do Conselho de Departamento, o relat\u00f3rio de avalia\u00e7\u00e3o das atividades departamentais, sugerindo as provid\u00eancias cab\u00edveis.<\/li>\n\n\n\n<li>Solicitar admiss\u00e3o de pessoal docente, observado o quadro pr\u00f3prio e as disposi\u00e7\u00f5es estatut\u00e1rias e regimes pertinentes.<\/li>\n\n\n\n<li>Distribuir os encargos acad\u00eamicos ao pessoal docente do Departamento, bem como orientar e fiscalizar sua execu\u00e7\u00e3o.<\/li>\n\n\n\n<li>Controlar a assiduidade do pessoal docente e t\u00e9cnico-administrativo em atividades do Departamento.<\/li>\n\n\n\n<li>Ter sob sua responsabilidade os bens patrimoniais distribu\u00eddos \u00e0 carga do Departamento, os quais devem ser periodicamente conferidos.<\/li>\n\n\n\n<li>Transferir ao seu sucessor, mediante termo de responsabilidade, vistado pelo Diretor de Centro e pelo Chefe do Patrim\u00f4nio da Universidade a carga dos bens patrimoniais do Departamento.<\/li>\n\n\n\n<li>Adotar, em casos de urg\u00eancia, medidas que se imponham em mat\u00e9ria de compet\u00eancia do Conselho de Departamento, submetendo o seu ato \u00e0 ratifica\u00e7\u00e3o deste, na primeira reuni\u00e3o subsequente.<\/li>\n\n\n\n<li>Propor ao Conselho do Centro, ouvido o Conselho do Departamento respectivo, conv\u00eanios que interessem \u00e0s atividades do Departamento.<\/li>\n\n\n\n<li>Constituir comiss\u00f5es ou grupos de trabalho para o desempenho de tarefas espec\u00edficas.<\/li>\n\n\n\n<li>Cumprir e fazer cumprir as disposi\u00e7\u00f5es dos Regimentos do Centro e do Conselho do Departamento, do Regimento Geral e do Estatuto, assim como as delibera\u00e7\u00f5es do Departamento e os atos e decis\u00f5es dos \u00f3rg\u00e3os e autoridades superiores a que esteja subordinado.<\/li>\n\n\n\n<li>Encaminhar aos Colegiados de Cursos de Gradua\u00e7\u00e3o os programas das atividades acad\u00eamicas sob sua responsabilidade.<\/li>\n\n\n\n<li>Informar aos cursos\/programas de p\u00f3s-gradua\u00e7\u00e3o, os docentes de seu Departamento, respons\u00e1veis pelas respectivas atividades acad\u00eamicas.<\/li>\n\n\n\n<li>Aprovar per\u00edodo de f\u00e9rias de docentes, garantindo a manuten\u00e7\u00e3o das atividades essenciais.<\/li>\n<\/ul>\n","protected":false},"excerpt":{"rendered":"<p>. S\u00e3o atribui\u00e7\u00f5es do Chefe de Departamento:<\/p>\n","protected":false},"author":8,"featured_media":0,"parent":0,"menu_order":0,"comment_status":"closed","ping_status":"closed","template":"","meta":{"footnotes":""},"class_list":["post-1901","page","type-page","status-publish","hentry"],"acf":[],"_links":{"self":[{"href":"https:\/\/sites.uel.br\/pdi\/wp-json\/wp\/v2\/pages\/1901","targetHints":{"allow":["GET"]}}],"collection":[{"href":"https:\/\/sites.uel.br\/pdi\/wp-json\/wp\/v2\/pages"}],"about":[{"href":"https:\/\/sites.uel.br\/pdi\/wp-json\/wp\/v2\/types\/page"}],"author":[{"embeddable":true,"href":"https:\/\/sites.uel.br\/pdi\/wp-json\/wp\/v2\/users\/8"}],"replies":[{"embeddable":true,"href":"https:\/\/sites.uel.br\/pdi\/wp-json\/wp\/v2\/comments?post=1901"}],"version-history":[{"count":1,"href":"https:\/\/sites.uel.br\/pdi\/wp-json\/wp\/v2\/pages\/1901\/revisions"}],"predecessor-version":[{"id":1902,"href":"https:\/\/sites.uel.br\/pdi\/wp-json\/wp\/v2\/pages\/1901\/revisions\/1902"}],"wp:attachment":[{"href":"https:\/\/sites.uel.br\/pdi\/wp-json\/wp\/v2\/media?parent=1901"}],"curies":[{"name":"wp","href":"https:\/\/api.w.org\/{rel}","templated":true}]}}

<p class="has-white-color has-text-color">.</p>



<p>São atribuições do Chefe de Departamento:</p>



<ul class="wp-block-list">
<li>Convocar e presidir as reuniões do Conselho do Departamento.</li>



<li>Administrar e representar o Departamento.</li>



<li>Participar com direito de voz e voto, das reuniões do Conselho de Centro.</li>



<li>Tomar as providências de ordem administrativa, financeira, disciplinar e didático-científica que julgar convenientes aos trabalhos do Departamento.</li>



<li>Controlar a aplicação de recursos alocados à disposição do Departamento.</li>



<li>Submeter, na época devida, para aprovação no Conselho do Departamento, o plano das atividades a serem desenvolvidas em cada período letivo.</li>



<li>Encaminhar ao Diretor de Centro, em tempo hábil, os dados relativos ao Departamento, necessários à elaboração de programas de trabalho e do orçamento da Unidade.</li>



<li>Apresentar, ao final de cada período letivo, ao Diretor do Centro, após apreciação do Conselho de Departamento, o relatório de avaliação das atividades departamentais, sugerindo as providências cabíveis.</li>



<li>Solicitar admissão de pessoal docente, observado o quadro próprio e as disposições estatutárias e regimes pertinentes.</li>



<li>Distribuir os encargos acadêmicos ao pessoal docente do Departamento, bem como orientar e fiscalizar sua execução.</li>



<li>Controlar a assiduidade do pessoal docente e técnico-administrativo em atividades do Departamento.</li>



<li>Ter sob sua responsabilidade os bens patrimoniais distribuídos à carga do Departamento, os quais devem ser periodicamente conferidos.</li>



<li>Transferir ao seu sucessor, mediante termo de responsabilidade, vistado pelo Diretor de Centro e pelo Chefe do Patrimônio da Universidade a carga dos bens patrimoniais do Departamento.</li>



<li>Adotar, em casos de urgência, medidas que se imponham em matéria de competência do Conselho de Departamento, submetendo o seu ato à ratificação deste, na primeira reunião subsequente.</li>



<li>Propor ao Conselho do Centro, ouvido o Conselho do Departamento respectivo, convênios que interessem às atividades do Departamento.</li>



<li>Constituir comissões ou grupos de trabalho para o desempenho de tarefas específicas.</li>



<li>Cumprir e fazer cumprir as disposições dos Regimentos do Centro e do Conselho do Departamento, do Regimento Geral e do Estatuto, assim como as deliberações do Departamento e os atos e decisões dos órgãos e autoridades superiores a que esteja subordinado.</li>



<li>Encaminhar aos Colegiados de Cursos de Graduação os programas das atividades acadêmicas sob sua responsabilidade.</li>



<li>Informar aos cursos/programas de pós-graduação, os docentes de seu Departamento, responsáveis pelas respectivas atividades acadêmicas.</li>



<li>Aprovar período de férias de docentes, garantindo a manutenção das atividades essenciais.</li>
</ul>

<p>. São atribuições do Chefe de Departamento:</p>
