{"id":1883,"date":"2022-11-02T16:06:18","date_gmt":"2022-11-02T19:06:18","guid":{"rendered":"https:\/\/sites.uel.br\/pdi\/?page_id=1883"},"modified":"2022-11-02T16:06:18","modified_gmt":"2022-11-02T19:06:18","slug":"camara-de-pesquisa","status":"publish","type":"page","link":"https:\/\/sites.uel.br\/pdi\/camara-de-pesquisa\/","title":{"rendered":"C\u00e2mara de Pesquisa"},"content":{"rendered":"\n<p class=\"has-white-color has-text-color\">.<\/p>\n\n\n\n<p>\u00c0 C\u00e2mara de Pesquisa compete:<\/p>\n\n\n\n<ul class=\"wp-block-list\">\n<li>Aprovar o calend\u00e1rio de atividades de pesquisa.<\/li>\n\n\n\n<li>Avaliar e acompanhar, atrav\u00e9s de instrumentos pr\u00f3prios, as atividades de pesquisa, capacita\u00e7\u00e3o, inicia\u00e7\u00e3o cient\u00edfica, inova\u00e7\u00e3o tecnol\u00f3gica e de publica\u00e7\u00f5es cient\u00edficas e culturais.<\/li>\n\n\n\n<li>Avaliar e acompanhar o desempenho das \u00c1reas e Linhas de Pesquisa.<\/li>\n\n\n\n<li>Aprovar o Regulamento do Programa de Inicia\u00e7\u00e3o Cient\u00edfica.<\/li>\n\n\n\n<li>Definir a pol\u00edtica de distribui\u00e7\u00e3o de recursos financeiros do or\u00e7amento para os projetos de pesquisa.<\/li>\n\n\n\n<li>Deliberar sobre recursos, em mat\u00e9rias referentes \u00e0 pesquisa, interpostos contra decis\u00e3o dos Conselhos de Centro.<\/li>\n\n\n\n<li>Propor ao Conselho de Ensino, Pesquisa e Extens\u00e3o a pol\u00edtica de pesquisa, capacita\u00e7\u00e3o, inicia\u00e7\u00e3o cient\u00edfica, inova\u00e7\u00e3o tecnol\u00f3gica e de publica\u00e7\u00f5es cient\u00edficas e culturais.<\/li>\n\n\n\n<li>Propor ao Conselho de Ensino, Pesquisa e Extens\u00e3o a pol\u00edtica de capacita\u00e7\u00e3o docente.<\/li>\n\n\n\n<li>Propor ao Conselho de Ensino, Pesquisa e Extens\u00e3o a pol\u00edtica de inicia\u00e7\u00e3o cient\u00edfica.<\/li>\n\n\n\n<li>Elaborar instrumentos de acompanhamento e avalia\u00e7\u00e3o das pesquisas, capacita\u00e7\u00e3o, inicia\u00e7\u00e3o cient\u00edfica, inova\u00e7\u00e3o tecnol\u00f3gica e de publica\u00e7\u00f5es cient\u00edficas e culturais.<\/li>\n\n\n\n<li>Propor ao Conselho de Ensino, Pesquisa e Extens\u00e3o, o or\u00e7amento para o desenvolvimento das atividades de pesquisa.<\/li>\n\n\n\n<li>Propor ao Conselho de Ensino, Pesquisa e Extens\u00e3o mudan\u00e7as na legisla\u00e7\u00e3o sobre pesquisa, capacita\u00e7\u00e3o, inicia\u00e7\u00e3o cient\u00edfica, \u00e9tica em pesquisa, inova\u00e7\u00e3o tecnol\u00f3gica e de publica\u00e7\u00f5es cient\u00edficas e culturais.<\/li>\n\n\n\n<li>Aprovar projeto de pesquisa.<\/li>\n<\/ul>\n","protected":false},"excerpt":{"rendered":"<p>. \u00c0 C\u00e2mara de Pesquisa compete:<\/p>\n","protected":false},"author":8,"featured_media":0,"parent":0,"menu_order":0,"comment_status":"closed","ping_status":"closed","template":"","meta":{"footnotes":""},"class_list":["post-1883","page","type-page","status-publish","hentry"],"acf":[],"_links":{"self":[{"href":"https:\/\/sites.uel.br\/pdi\/wp-json\/wp\/v2\/pages\/1883","targetHints":{"allow":["GET"]}}],"collection":[{"href":"https:\/\/sites.uel.br\/pdi\/wp-json\/wp\/v2\/pages"}],"about":[{"href":"https:\/\/sites.uel.br\/pdi\/wp-json\/wp\/v2\/types\/page"}],"author":[{"embeddable":true,"href":"https:\/\/sites.uel.br\/pdi\/wp-json\/wp\/v2\/users\/8"}],"replies":[{"embeddable":true,"href":"https:\/\/sites.uel.br\/pdi\/wp-json\/wp\/v2\/comments?post=1883"}],"version-history":[{"count":1,"href":"https:\/\/sites.uel.br\/pdi\/wp-json\/wp\/v2\/pages\/1883\/revisions"}],"predecessor-version":[{"id":1884,"href":"https:\/\/sites.uel.br\/pdi\/wp-json\/wp\/v2\/pages\/1883\/revisions\/1884"}],"wp:attachment":[{"href":"https:\/\/sites.uel.br\/pdi\/wp-json\/wp\/v2\/media?parent=1883"}],"curies":[{"name":"wp","href":"https:\/\/api.w.org\/{rel}","templated":true}]}}

Câmara de Pesquisa

<p class="has-white-color has-text-color">.</p>



<p>À Câmara de Pesquisa compete:</p>



<ul class="wp-block-list">
<li>Aprovar o calendário de atividades de pesquisa.</li>



<li>Avaliar e acompanhar, através de instrumentos próprios, as atividades de pesquisa, capacitação, iniciação científica, inovação tecnológica e de publicações científicas e culturais.</li>



<li>Avaliar e acompanhar o desempenho das Áreas e Linhas de Pesquisa.</li>



<li>Aprovar o Regulamento do Programa de Iniciação Científica.</li>



<li>Definir a política de distribuição de recursos financeiros do orçamento para os projetos de pesquisa.</li>



<li>Deliberar sobre recursos, em matérias referentes à pesquisa, interpostos contra decisão dos Conselhos de Centro.</li>



<li>Propor ao Conselho de Ensino, Pesquisa e Extensão a política de pesquisa, capacitação, iniciação científica, inovação tecnológica e de publicações científicas e culturais.</li>



<li>Propor ao Conselho de Ensino, Pesquisa e Extensão a política de capacitação docente.</li>



<li>Propor ao Conselho de Ensino, Pesquisa e Extensão a política de iniciação científica.</li>



<li>Elaborar instrumentos de acompanhamento e avaliação das pesquisas, capacitação, iniciação científica, inovação tecnológica e de publicações científicas e culturais.</li>



<li>Propor ao Conselho de Ensino, Pesquisa e Extensão, o orçamento para o desenvolvimento das atividades de pesquisa.</li>



<li>Propor ao Conselho de Ensino, Pesquisa e Extensão mudanças na legislação sobre pesquisa, capacitação, iniciação científica, ética em pesquisa, inovação tecnológica e de publicações científicas e culturais.</li>



<li>Aprovar projeto de pesquisa.</li>
</ul>

<p>. À Câmara de Pesquisa compete:</p>
