{"id":1866,"date":"2022-11-02T15:41:45","date_gmt":"2022-11-02T18:41:45","guid":{"rendered":"https:\/\/sites.uel.br\/pdi\/?page_id=1866"},"modified":"2022-11-02T15:42:11","modified_gmt":"2022-11-02T18:42:11","slug":"orgaos-colegiados-superiores-deliberativos-conselhos","status":"publish","type":"page","link":"https:\/\/sites.uel.br\/pdi\/orgaos-colegiados-superiores-deliberativos-conselhos\/","title":{"rendered":"\u00d3rg\u00e3os Colegiados Superiores Deliberativos &#8211; Conselhos"},"content":{"rendered":"\n<p class=\"has-text-color\" style=\"color:#fbfbfb\">.<\/p>\n\n\n\n<p>Conselho Universit\u00e1rio<\/p>\n\n\n\n<p>Conselho de Administra\u00e7\u00e3o<\/p>\n\n\n\n<p>Conselho de Ensino, Pesquisa e Extens\u00e3o<\/p>\n","protected":false},"excerpt":{"rendered":"<p>. Conselho Universit\u00e1rio Conselho de Administra\u00e7\u00e3o Conselho de Ensino, Pesquisa e Extens\u00e3o<\/p>\n","protected":false},"author":8,"featured_media":0,"parent":0,"menu_order":0,"comment_status":"closed","ping_status":"closed","template":"","meta":{"footnotes":""},"class_list":["post-1866","page","type-page","status-publish","hentry"],"acf":[],"_links":{"self":[{"href":"https:\/\/sites.uel.br\/pdi\/wp-json\/wp\/v2\/pages\/1866","targetHints":{"allow":["GET"]}}],"collection":[{"href":"https:\/\/sites.uel.br\/pdi\/wp-json\/wp\/v2\/pages"}],"about":[{"href":"https:\/\/sites.uel.br\/pdi\/wp-json\/wp\/v2\/types\/page"}],"author":[{"embeddable":true,"href":"https:\/\/sites.uel.br\/pdi\/wp-json\/wp\/v2\/users\/8"}],"replies":[{"embeddable":true,"href":"https:\/\/sites.uel.br\/pdi\/wp-json\/wp\/v2\/comments?post=1866"}],"version-history":[{"count":3,"href":"https:\/\/sites.uel.br\/pdi\/wp-json\/wp\/v2\/pages\/1866\/revisions"}],"predecessor-version":[{"id":1869,"href":"https:\/\/sites.uel.br\/pdi\/wp-json\/wp\/v2\/pages\/1866\/revisions\/1869"}],"wp:attachment":[{"href":"https:\/\/sites.uel.br\/pdi\/wp-json\/wp\/v2\/media?parent=1866"}],"curies":[{"name":"wp","href":"https:\/\/api.w.org\/{rel}","templated":true}]}}