{"id":1862,"date":"2022-11-02T15:37:41","date_gmt":"2022-11-02T18:37:41","guid":{"rendered":"https:\/\/sites.uel.br\/pdi\/?page_id=1862"},"modified":"2022-11-02T15:37:41","modified_gmt":"2022-11-02T18:37:41","slug":"orgaos-colegiados-superiores-deliberativos","status":"publish","type":"page","link":"https:\/\/sites.uel.br\/pdi\/orgaos-colegiados-superiores-deliberativos\/","title":{"rendered":"\u00d3rg\u00e3os Colegiados Superiores Deliberativos"},"content":{"rendered":"\n<p class=\"has-text-color\" style=\"color:#fefefe\">.<\/p>\n\n\n\n<p>Conselho Universit\u00e1rio<\/p>\n\n\n\n<p>Conselho de Administra\u00e7\u00e3o<\/p>\n\n\n\n<p>Conselho de Ensino, Pesquisa e Extens\u00e3o<\/p>\n\n\n\n<p>C\u00e2mara de Gradua\u00e7\u00e3o<\/p>\n\n\n\n<p>C\u00e2mara de P\u00f3s-Gradua\u00e7\u00e3o<\/p>\n\n\n\n<p>C\u00e2mara de Pesquisa<\/p>\n\n\n\n<p>C\u00e2mara de Extens\u00e3o<\/p>\n","protected":false},"excerpt":{"rendered":"<p>. Conselho Universit\u00e1rio Conselho de Administra\u00e7\u00e3o Conselho de Ensino, Pesquisa e Extens\u00e3o C\u00e2mara de Gradua\u00e7\u00e3o C\u00e2mara de P\u00f3s-Gradua\u00e7\u00e3o C\u00e2mara de Pesquisa C\u00e2mara de Extens\u00e3o<\/p>\n","protected":false},"author":8,"featured_media":0,"parent":0,"menu_order":0,"comment_status":"closed","ping_status":"closed","template":"","meta":{"footnotes":""},"class_list":["post-1862","page","type-page","status-publish","hentry"],"acf":[],"_links":{"self":[{"href":"https:\/\/sites.uel.br\/pdi\/wp-json\/wp\/v2\/pages\/1862","targetHints":{"allow":["GET"]}}],"collection":[{"href":"https:\/\/sites.uel.br\/pdi\/wp-json\/wp\/v2\/pages"}],"about":[{"href":"https:\/\/sites.uel.br\/pdi\/wp-json\/wp\/v2\/types\/page"}],"author":[{"embeddable":true,"href":"https:\/\/sites.uel.br\/pdi\/wp-json\/wp\/v2\/users\/8"}],"replies":[{"embeddable":true,"href":"https:\/\/sites.uel.br\/pdi\/wp-json\/wp\/v2\/comments?post=1862"}],"version-history":[{"count":1,"href":"https:\/\/sites.uel.br\/pdi\/wp-json\/wp\/v2\/pages\/1862\/revisions"}],"predecessor-version":[{"id":1863,"href":"https:\/\/sites.uel.br\/pdi\/wp-json\/wp\/v2\/pages\/1862\/revisions\/1863"}],"wp:attachment":[{"href":"https:\/\/sites.uel.br\/pdi\/wp-json\/wp\/v2\/media?parent=1862"}],"curies":[{"name":"wp","href":"https:\/\/api.w.org\/{rel}","templated":true}]}}

Órgãos Colegiados Superiores Deliberativos

<p class="has-text-color" style="color:#fefefe">.</p>



<p>Conselho Universitário</p>



<p>Conselho de Administração</p>



<p>Conselho de Ensino, Pesquisa e Extensão</p>



<p>Câmara de Graduação</p>



<p>Câmara de Pós-Graduação</p>



<p>Câmara de Pesquisa</p>



<p>Câmara de Extensão</p>

<p>. Conselho Universitário Conselho de Administração Conselho de Ensino, Pesquisa e Extensão Câmara de Graduação Câmara de Pós-Graduação Câmara de Pesquisa Câmara de Extensão</p>
