{"id":1859,"date":"2022-11-02T15:34:12","date_gmt":"2022-11-02T18:34:12","guid":{"rendered":"https:\/\/sites.uel.br\/pdi\/?page_id=1859"},"modified":"2022-11-02T15:34:12","modified_gmt":"2022-11-02T18:34:12","slug":"conselho-de-interacao-universidade-sociedade","status":"publish","type":"page","link":"https:\/\/sites.uel.br\/pdi\/conselho-de-interacao-universidade-sociedade\/","title":{"rendered":"Conselho de Intera\u00e7\u00e3o Universidade-Sociedade\u00a0"},"content":{"rendered":"\n<p class=\"has-text-color\" style=\"color:#fefefe\">.<\/p>\n\n\n\n<p>O Conselho de Intera\u00e7\u00e3o Universidade-Sociedade tem as seguintes finalidades:<\/p>\n\n\n\n<ul class=\"wp-block-list\">\n<li>Analisar o plano de gest\u00e3o da Universidade Estadual de Londrina, suas pol\u00edticas estrat\u00e9gicas, projetos e programas.<\/li>\n\n\n\n<li>Discutir e propor a\u00e7\u00f5es conjuntas da Universidade com a Sociedade.<\/li>\n<\/ul>\n","protected":false},"excerpt":{"rendered":"<p>. O Conselho de Intera\u00e7\u00e3o Universidade-Sociedade tem as seguintes finalidades:<\/p>\n","protected":false},"author":8,"featured_media":0,"parent":0,"menu_order":0,"comment_status":"closed","ping_status":"closed","template":"","meta":{"footnotes":""},"class_list":["post-1859","page","type-page","status-publish","hentry"],"acf":[],"_links":{"self":[{"href":"https:\/\/sites.uel.br\/pdi\/wp-json\/wp\/v2\/pages\/1859","targetHints":{"allow":["GET"]}}],"collection":[{"href":"https:\/\/sites.uel.br\/pdi\/wp-json\/wp\/v2\/pages"}],"about":[{"href":"https:\/\/sites.uel.br\/pdi\/wp-json\/wp\/v2\/types\/page"}],"author":[{"embeddable":true,"href":"https:\/\/sites.uel.br\/pdi\/wp-json\/wp\/v2\/users\/8"}],"replies":[{"embeddable":true,"href":"https:\/\/sites.uel.br\/pdi\/wp-json\/wp\/v2\/comments?post=1859"}],"version-history":[{"count":1,"href":"https:\/\/sites.uel.br\/pdi\/wp-json\/wp\/v2\/pages\/1859\/revisions"}],"predecessor-version":[{"id":1860,"href":"https:\/\/sites.uel.br\/pdi\/wp-json\/wp\/v2\/pages\/1859\/revisions\/1860"}],"wp:attachment":[{"href":"https:\/\/sites.uel.br\/pdi\/wp-json\/wp\/v2\/media?parent=1859"}],"curies":[{"name":"wp","href":"https:\/\/api.w.org\/{rel}","templated":true}]}}