{"id":1847,"date":"2022-11-02T15:19:10","date_gmt":"2022-11-02T18:19:10","guid":{"rendered":"https:\/\/sites.uel.br\/pdi\/?page_id=1847"},"modified":"2022-11-02T15:19:10","modified_gmt":"2022-11-02T18:19:10","slug":"ordem-de-servico","status":"publish","type":"page","link":"https:\/\/sites.uel.br\/pdi\/ordem-de-servico\/","title":{"rendered":"Ordem de Servi\u00e7o"},"content":{"rendered":"\n<p class=\"has-white-color has-text-color\">.<\/p>\n\n\n\n<p>Pela Ordem de Servi\u00e7o \u00e9 determinada pelo Reitor ou dirigente de \u00d3rg\u00e3o da Reitoria, a execu\u00e7\u00e3o de tarefas espec\u00edficas ou a atribui\u00e7\u00e3o de incumb\u00eancias.<\/p>\n","protected":false},"excerpt":{"rendered":"<p>. Pela Ordem de Servi\u00e7o \u00e9 determinada pelo Reitor ou dirigente de \u00d3rg\u00e3o da Reitoria, a execu\u00e7\u00e3o de tarefas espec\u00edficas ou a atribui\u00e7\u00e3o de incumb\u00eancias.<\/p>\n","protected":false},"author":8,"featured_media":0,"parent":0,"menu_order":0,"comment_status":"closed","ping_status":"closed","template":"","meta":{"footnotes":""},"class_list":["post-1847","page","type-page","status-publish","hentry"],"acf":[],"_links":{"self":[{"href":"https:\/\/sites.uel.br\/pdi\/wp-json\/wp\/v2\/pages\/1847","targetHints":{"allow":["GET"]}}],"collection":[{"href":"https:\/\/sites.uel.br\/pdi\/wp-json\/wp\/v2\/pages"}],"about":[{"href":"https:\/\/sites.uel.br\/pdi\/wp-json\/wp\/v2\/types\/page"}],"author":[{"embeddable":true,"href":"https:\/\/sites.uel.br\/pdi\/wp-json\/wp\/v2\/users\/8"}],"replies":[{"embeddable":true,"href":"https:\/\/sites.uel.br\/pdi\/wp-json\/wp\/v2\/comments?post=1847"}],"version-history":[{"count":1,"href":"https:\/\/sites.uel.br\/pdi\/wp-json\/wp\/v2\/pages\/1847\/revisions"}],"predecessor-version":[{"id":1848,"href":"https:\/\/sites.uel.br\/pdi\/wp-json\/wp\/v2\/pages\/1847\/revisions\/1848"}],"wp:attachment":[{"href":"https:\/\/sites.uel.br\/pdi\/wp-json\/wp\/v2\/media?parent=1847"}],"curies":[{"name":"wp","href":"https:\/\/api.w.org\/{rel}","templated":true}]}}

Ordem de Serviço

<p class="has-white-color has-text-color">.</p>



<p>Pela Ordem de Serviço é determinada pelo Reitor ou dirigente de Órgão da Reitoria, a execução de tarefas específicas ou a atribuição de incumbências.</p>

<p>. Pela Ordem de Serviço é determinada pelo Reitor ou dirigente de Órgão da Reitoria, a execução de tarefas específicas ou a atribuição de incumbências.</p>
