{"id":1839,"date":"2022-11-02T15:16:55","date_gmt":"2022-11-02T18:16:55","guid":{"rendered":"https:\/\/sites.uel.br\/pdi\/?page_id=1839"},"modified":"2022-11-02T15:25:37","modified_gmt":"2022-11-02T18:25:37","slug":"aexecutivo","status":"publish","type":"page","link":"https:\/\/sites.uel.br\/pdi\/aexecutivo\/","title":{"rendered":"Ato Executivo"},"content":{"rendered":"\n<p class=\"has-white-color has-text-color\">.<\/p>\n\n\n\n<p>O Ato Executivo \u00e9 o instrumento por via do qual o Reitor, no \u00e2mbito de suas atribui\u00e7\u00f5es, regulamenta dispositivos do Estatuto, Regimento Geral, Resolu\u00e7\u00f5es e do Regimento da Reitoria da UEL ou baixa normas em assuntos de sua compet\u00eancia.<\/p>\n","protected":false},"excerpt":{"rendered":"<p>. O Ato Executivo \u00e9 o instrumento por via do qual o Reitor, no \u00e2mbito de suas atribui\u00e7\u00f5es, regulamenta dispositivos do Estatuto, Regimento Geral, Resolu\u00e7\u00f5es e do Regimento da Reitoria da UEL ou baixa normas em assuntos de sua compet\u00eancia.<\/p>\n","protected":false},"author":8,"featured_media":0,"parent":0,"menu_order":0,"comment_status":"closed","ping_status":"closed","template":"","meta":{"footnotes":""},"class_list":["post-1839","page","type-page","status-publish","hentry"],"acf":[],"_links":{"self":[{"href":"https:\/\/sites.uel.br\/pdi\/wp-json\/wp\/v2\/pages\/1839","targetHints":{"allow":["GET"]}}],"collection":[{"href":"https:\/\/sites.uel.br\/pdi\/wp-json\/wp\/v2\/pages"}],"about":[{"href":"https:\/\/sites.uel.br\/pdi\/wp-json\/wp\/v2\/types\/page"}],"author":[{"embeddable":true,"href":"https:\/\/sites.uel.br\/pdi\/wp-json\/wp\/v2\/users\/8"}],"replies":[{"embeddable":true,"href":"https:\/\/sites.uel.br\/pdi\/wp-json\/wp\/v2\/comments?post=1839"}],"version-history":[{"count":1,"href":"https:\/\/sites.uel.br\/pdi\/wp-json\/wp\/v2\/pages\/1839\/revisions"}],"predecessor-version":[{"id":1840,"href":"https:\/\/sites.uel.br\/pdi\/wp-json\/wp\/v2\/pages\/1839\/revisions\/1840"}],"wp:attachment":[{"href":"https:\/\/sites.uel.br\/pdi\/wp-json\/wp\/v2\/media?parent=1839"}],"curies":[{"name":"wp","href":"https:\/\/api.w.org\/{rel}","templated":true}]}}

<p class="has-white-color has-text-color">.</p>



<p>O Ato Executivo é o instrumento por via do qual o Reitor, no âmbito de suas atribuições, regulamenta dispositivos do Estatuto, Regimento Geral, Resoluções e do Regimento da Reitoria da UEL ou baixa normas em assuntos de sua competência.</p>

<p>. O Ato Executivo é o instrumento por via do qual o Reitor, no âmbito de suas atribuições, regulamenta dispositivos do Estatuto, Regimento Geral, Resoluções e do Regimento da Reitoria da UEL ou baixa normas em assuntos de sua competência.</p>
