{"id":1826,"date":"2022-11-02T15:06:46","date_gmt":"2022-11-02T18:06:46","guid":{"rendered":"https:\/\/sites.uel.br\/pdi\/?page_id=1826"},"modified":"2022-11-02T15:06:46","modified_gmt":"2022-11-02T18:06:46","slug":"secretarias","status":"publish","type":"page","link":"https:\/\/sites.uel.br\/pdi\/secretarias\/","title":{"rendered":"Secretarias"},"content":{"rendered":"\n<p class=\"has-white-color has-text-color\">.<\/p>\n\n\n\n<p>A Secretaria Geral dos \u00d3rg\u00e3os Colegiados Superiores, subordinada ao Reitor, \u00e9 administrada pelo Secret\u00e1rio Geral, designado pelo Reitor.<\/p>\n\n\n\n<p>Os \u00d3rg\u00e3os da Reitoria, os Centros de Estudos, \u00d3rg\u00e3os de Apoio e os \u00d3rg\u00e3os Suplementares poder\u00e3o ter como elemento de apoio t\u00e9cnico-administrativo, uma Secretaria Executiva exercida, preferencialmente, por pessoal de n\u00edvel superior.<\/p>\n","protected":false},"excerpt":{"rendered":"<p>. A Secretaria Geral dos \u00d3rg\u00e3os Colegiados Superiores, subordinada ao Reitor, \u00e9 administrada pelo Secret\u00e1rio Geral, designado pelo Reitor. Os \u00d3rg\u00e3os da Reitoria, os Centros de Estudos, \u00d3rg\u00e3os de Apoio e os \u00d3rg\u00e3os Suplementares poder\u00e3o ter como elemento de apoio t\u00e9cnico-administrativo, uma Secretaria Executiva exercida, preferencialmente, por pessoal de n\u00edvel superior.<\/p>\n","protected":false},"author":8,"featured_media":0,"parent":0,"menu_order":0,"comment_status":"closed","ping_status":"closed","template":"","meta":{"footnotes":""},"class_list":["post-1826","page","type-page","status-publish","hentry"],"acf":[],"_links":{"self":[{"href":"https:\/\/sites.uel.br\/pdi\/wp-json\/wp\/v2\/pages\/1826","targetHints":{"allow":["GET"]}}],"collection":[{"href":"https:\/\/sites.uel.br\/pdi\/wp-json\/wp\/v2\/pages"}],"about":[{"href":"https:\/\/sites.uel.br\/pdi\/wp-json\/wp\/v2\/types\/page"}],"author":[{"embeddable":true,"href":"https:\/\/sites.uel.br\/pdi\/wp-json\/wp\/v2\/users\/8"}],"replies":[{"embeddable":true,"href":"https:\/\/sites.uel.br\/pdi\/wp-json\/wp\/v2\/comments?post=1826"}],"version-history":[{"count":1,"href":"https:\/\/sites.uel.br\/pdi\/wp-json\/wp\/v2\/pages\/1826\/revisions"}],"predecessor-version":[{"id":1827,"href":"https:\/\/sites.uel.br\/pdi\/wp-json\/wp\/v2\/pages\/1826\/revisions\/1827"}],"wp:attachment":[{"href":"https:\/\/sites.uel.br\/pdi\/wp-json\/wp\/v2\/media?parent=1826"}],"curies":[{"name":"wp","href":"https:\/\/api.w.org\/{rel}","templated":true}]}}

<p class="has-white-color has-text-color">.</p>



<p>A Secretaria Geral dos Órgãos Colegiados Superiores, subordinada ao Reitor, é administrada pelo Secretário Geral, designado pelo Reitor.</p>



<p>Os Órgãos da Reitoria, os Centros de Estudos, Órgãos de Apoio e os Órgãos Suplementares poderão ter como elemento de apoio técnico-administrativo, uma Secretaria Executiva exercida, preferencialmente, por pessoal de nível superior.</p>

<p>. A Secretaria Geral dos Órgãos Colegiados Superiores, subordinada ao Reitor, é administrada pelo Secretário Geral, designado pelo Reitor. Os Órgãos da Reitoria, os Centros de Estudos, Órgãos de Apoio e os Órgãos Suplementares poderão ter como elemento de apoio técnico-administrativo, uma Secretaria Executiva exercida, preferencialmente, por pessoal de nível superior.</p>
