{"id":1816,"date":"2022-11-01T17:10:34","date_gmt":"2022-11-01T20:10:34","guid":{"rendered":"https:\/\/sites.uel.br\/pdi\/?page_id=1816"},"modified":"2022-11-02T16:48:32","modified_gmt":"2022-11-02T19:48:32","slug":"cursos-e-programas-de-pos-graduacao","status":"publish","type":"page","link":"https:\/\/sites.uel.br\/pdi\/cursos-e-programas-de-pos-graduacao\/","title":{"rendered":"Cursos e Programas de P\u00f3s-Gradua\u00e7\u00e3o"},"content":{"rendered":"\n<p class=\"has-white-color has-text-color\">.<\/p>\n\n\n\n<p>Os Cursos de P\u00f3s-Gradua\u00e7\u00e3o Lato Sensu e os Programas de P\u00f3s-Gradua\u00e7\u00e3o Stricto-Sensu destinam-se a proporcionar forma\u00e7\u00e3o cient\u00edfica e cultural, oferecendo a oportunidade de especializa\u00e7\u00e3o nas modalidades Lato Sensu e desenvolvendo a capacidade de pesquisa e ensino nas modalidades Stricto Sensu.<\/p>\n\n\n\n<p>Ficar\u00e1 a cargo das Comiss\u00f5es Coordenadoras exercerem a coordena\u00e7\u00e3o pedag\u00f3gica e administrativa dos Cursos e Programas de P\u00f3s-Gradua\u00e7\u00e3o, de acordo com a legisla\u00e7\u00e3o vigente. A constitui\u00e7\u00e3o e atribui\u00e7\u00f5es das Comiss\u00f5es Coordenadoras dos Cursos e Programas de P\u00f3s-Gradua\u00e7\u00e3o ser\u00e3o estabelecidas nos respectivos regulamentos, os quais dever\u00e3o ser aprovados pelo Conselho de Ensino, Pesquisa e Extens\u00e3o.<\/p>\n\n\n\n<p>Para a supervis\u00e3o dos cursos de p\u00f3s-gradua\u00e7\u00e3o Lato Sensu e programas de p\u00f3s-gradua\u00e7\u00e3o Stricto Sensu, s\u00e3o constitu\u00eddos os Colegiados de Cursos apresentados em sequ\u00eancia:<\/p>\n\n\n\n<ul class=\"wp-block-list\">\n<li>Colegiado dos Cursos de P\u00f3s-Gradua\u00e7\u00e3o Lato Sensu das \u00c1reas B\u00e1sicas<\/li>\n\n\n\n<li>Colegiado dos Cursos de P\u00f3s-Gradua\u00e7\u00e3o Lato Sensu das \u00c1reas Profissionalizantes<\/li>\n\n\n\n<li>Colegiado dos Cursos de P\u00f3s-Gradua\u00e7\u00e3o Lato Sensu Modalidade Resid\u00eancia na \u00c1rea da Sa\u00fade<\/li>\n\n\n\n<li>Colegiado dos Programas de P\u00f3s-Gradua\u00e7\u00e3o Stricto Sensu<\/li>\n<\/ul>\n","protected":false},"excerpt":{"rendered":"<p>. Os Cursos de P\u00f3s-Gradua\u00e7\u00e3o Lato Sensu e os Programas de P\u00f3s-Gradua\u00e7\u00e3o Stricto-Sensu destinam-se a proporcionar forma\u00e7\u00e3o cient\u00edfica e cultural, oferecendo a oportunidade de especializa\u00e7\u00e3o nas modalidades Lato Sensu e desenvolvendo a capacidade de pesquisa e ensino nas modalidades Stricto Sensu. Ficar\u00e1 a cargo das Comiss\u00f5es Coordenadoras exercerem a coordena\u00e7\u00e3o pedag\u00f3gica e administrativa dos Cursos [&hellip;]<\/p>\n","protected":false},"author":8,"featured_media":0,"parent":0,"menu_order":0,"comment_status":"closed","ping_status":"closed","template":"","meta":{"footnotes":""},"class_list":["post-1816","page","type-page","status-publish","hentry"],"acf":[],"_links":{"self":[{"href":"https:\/\/sites.uel.br\/pdi\/wp-json\/wp\/v2\/pages\/1816","targetHints":{"allow":["GET"]}}],"collection":[{"href":"https:\/\/sites.uel.br\/pdi\/wp-json\/wp\/v2\/pages"}],"about":[{"href":"https:\/\/sites.uel.br\/pdi\/wp-json\/wp\/v2\/types\/page"}],"author":[{"embeddable":true,"href":"https:\/\/sites.uel.br\/pdi\/wp-json\/wp\/v2\/users\/8"}],"replies":[{"embeddable":true,"href":"https:\/\/sites.uel.br\/pdi\/wp-json\/wp\/v2\/comments?post=1816"}],"version-history":[{"count":3,"href":"https:\/\/sites.uel.br\/pdi\/wp-json\/wp\/v2\/pages\/1816\/revisions"}],"predecessor-version":[{"id":1918,"href":"https:\/\/sites.uel.br\/pdi\/wp-json\/wp\/v2\/pages\/1816\/revisions\/1918"}],"wp:attachment":[{"href":"https:\/\/sites.uel.br\/pdi\/wp-json\/wp\/v2\/media?parent=1816"}],"curies":[{"name":"wp","href":"https:\/\/api.w.org\/{rel}","templated":true}]}}

Cursos e Programas de Pós-Graduação

<p class="has-white-color has-text-color">.</p>



<p>Os Cursos de Pós-Graduação Lato Sensu e os Programas de Pós-Graduação Stricto-Sensu destinam-se a proporcionar formação científica e cultural, oferecendo a oportunidade de especialização nas modalidades Lato Sensu e desenvolvendo a capacidade de pesquisa e ensino nas modalidades Stricto Sensu.</p>



<p>Ficará a cargo das Comissões Coordenadoras exercerem a coordenação pedagógica e administrativa dos Cursos e Programas de Pós-Graduação, de acordo com a legislação vigente. A constituição e atribuições das Comissões Coordenadoras dos Cursos e Programas de Pós-Graduação serão estabelecidas nos respectivos regulamentos, os quais deverão ser aprovados pelo Conselho de Ensino, Pesquisa e Extensão.</p>



<p>Para a supervisão dos cursos de pós-graduação Lato Sensu e programas de pós-graduação Stricto Sensu, são constituídos os Colegiados de Cursos apresentados em sequência:</p>



<ul class="wp-block-list">
<li>Colegiado dos Cursos de Pós-Graduação Lato Sensu das Áreas Básicas</li>



<li>Colegiado dos Cursos de Pós-Graduação Lato Sensu das Áreas Profissionalizantes</li>



<li>Colegiado dos Cursos de Pós-Graduação Lato Sensu Modalidade Residência na Área da Saúde</li>



<li>Colegiado dos Programas de Pós-Graduação Stricto Sensu</li>
</ul>

<p>. Os Cursos de Pós-Graduação Lato Sensu e os Programas de Pós-Graduação Stricto-Sensu destinam-se a proporcionar formação científica e cultural, oferecendo a oportunidade de especialização nas modalidades Lato Sensu e desenvolvendo a capacidade de pesquisa e ensino nas modalidades Stricto Sensu. Ficará a cargo das Comissões Coordenadoras exercerem a coordenação pedagógica e administrativa dos Cursos [&hellip;]</p>
