{"id":1813,"date":"2022-11-01T17:06:41","date_gmt":"2022-11-01T20:06:41","guid":{"rendered":"https:\/\/sites.uel.br\/pdi\/?page_id=1813"},"modified":"2022-11-01T17:06:41","modified_gmt":"2022-11-01T20:06:41","slug":"stricto-sensu-coordenacao","status":"publish","type":"page","link":"https:\/\/sites.uel.br\/pdi\/stricto-sensu-coordenacao\/","title":{"rendered":"Stricto Sensu &#8211; Coordena\u00e7\u00e3o"},"content":{"rendered":"\n<p class=\"has-white-color has-text-color\">.<\/p>\n\n\n\n<p>S\u00e3o atribui\u00e7\u00f5es da Coordena\u00e7\u00e3o do Programa:<\/p>\n\n\n\n<ul class=\"wp-block-list\"><li>Convocar e presidir as reuni\u00f5es da Comiss\u00e3o Coordenadora do Programa.<\/li><li>Coordenar a execu\u00e7\u00e3o program\u00e1tica do Programa, adotando, em entendimento com os Chefes de Departamento, as medidas necess\u00e1rias ao seu desenvolvimento.<\/li><li>Exercer a dire\u00e7\u00e3o administrativa do Programa.<\/li><li>Dar cumprimento \u00e0s decis\u00f5es da Comiss\u00e3o Coordenadora, do Colegiado dos Programas de P\u00f3s-Gradua\u00e7\u00e3o, da C\u00e2mara de P\u00f3s-Gradua\u00e7\u00e3o, da Pr\u00f3-Reitoria de Pesquisa e P\u00f3s-Gradua\u00e7\u00e3o e dos demais \u00f3rg\u00e3os superiores da Universidade.<\/li><li>Elaborar o hor\u00e1rio de aulas junto aos Departamentos participantes do Programa, com seus respectivos docentes.<\/li><li>Elaborar a lista dos professores orientadores, ouvida a Comiss\u00e3o Coordenadora.<\/li><li>Solicitar e distribuir bolsas de estudo, ouvida a Comiss\u00e3o de Bolsa.<\/li><li>Responsabilizar-se pelos relat\u00f3rios da CAPES.<\/li><li>Aprovar os nomes (membros) de composi\u00e7\u00e3o de bancas examinadoras de qualifica\u00e7\u00e3o, de disserta\u00e7\u00e3o ou tese, indicadas pelo(a) orientador(a),<\/li><li>Representar o Programa onde e quando se fizer necess\u00e1rio.<\/li><li>Encaminhar pedidos de aux\u00edlio financeiro e autorizar despesas de acordo com a previs\u00e3o or\u00e7ament\u00e1ria do Programa junto \u00e0 Pr\u00f3-Reitoria de Pesquisa e P\u00f3s-Gradua\u00e7\u00e3o.<\/li><li>Delegar atribui\u00e7\u00f5es a outros membros da Comiss\u00e3o Coordenadora ou professores do Programa.<\/li><li>Participar das reuni\u00f5es do Colegiado dos Programas de P\u00f3s-Gradua\u00e7\u00e3o.<\/li><li>Deliberar sobre os pedidos de equival\u00eancia de disciplina, convalida\u00e7\u00e3o de cr\u00e9ditos e aproveitamento de atividades especiais, programadas ou outras definidas pelo Programa, ouvido o orientador(a) se necess\u00e1rio.<\/li><li>Indicar Comiss\u00f5es de Sele\u00e7\u00e3o para ingresso de estudantes nos Programas de P\u00f3s-Gradua\u00e7\u00e3o, estabelecer os crit\u00e9rios e os documentos necess\u00e1rios para a sele\u00e7\u00e3o e informar \u00e0 PROPPG.<\/li><li>Operacionalizar o Exame de Profici\u00eancia em L\u00edngua Estrangeira, quando aplicado pelo Programa de P\u00f3s-Gradua\u00e7\u00e3o.<\/li><\/ul>\n","protected":false},"excerpt":{"rendered":"<p>. S\u00e3o atribui\u00e7\u00f5es da Coordena\u00e7\u00e3o do Programa: Convocar e presidir as reuni\u00f5es da Comiss\u00e3o Coordenadora do Programa. Coordenar a execu\u00e7\u00e3o program\u00e1tica do Programa, adotando, em entendimento com os Chefes de Departamento, as medidas necess\u00e1rias ao seu desenvolvimento. Exercer a dire\u00e7\u00e3o administrativa do Programa. Dar cumprimento \u00e0s decis\u00f5es da Comiss\u00e3o Coordenadora, do Colegiado dos Programas de [&hellip;]<\/p>\n","protected":false},"author":8,"featured_media":0,"parent":0,"menu_order":0,"comment_status":"closed","ping_status":"closed","template":"","meta":{"footnotes":""},"class_list":["post-1813","page","type-page","status-publish","hentry"],"acf":[],"_links":{"self":[{"href":"https:\/\/sites.uel.br\/pdi\/wp-json\/wp\/v2\/pages\/1813","targetHints":{"allow":["GET"]}}],"collection":[{"href":"https:\/\/sites.uel.br\/pdi\/wp-json\/wp\/v2\/pages"}],"about":[{"href":"https:\/\/sites.uel.br\/pdi\/wp-json\/wp\/v2\/types\/page"}],"author":[{"embeddable":true,"href":"https:\/\/sites.uel.br\/pdi\/wp-json\/wp\/v2\/users\/8"}],"replies":[{"embeddable":true,"href":"https:\/\/sites.uel.br\/pdi\/wp-json\/wp\/v2\/comments?post=1813"}],"version-history":[{"count":1,"href":"https:\/\/sites.uel.br\/pdi\/wp-json\/wp\/v2\/pages\/1813\/revisions"}],"predecessor-version":[{"id":1814,"href":"https:\/\/sites.uel.br\/pdi\/wp-json\/wp\/v2\/pages\/1813\/revisions\/1814"}],"wp:attachment":[{"href":"https:\/\/sites.uel.br\/pdi\/wp-json\/wp\/v2\/media?parent=1813"}],"curies":[{"name":"wp","href":"https:\/\/api.w.org\/{rel}","templated":true}]}}

Stricto Sensu &#8211; Coordenação

<p class="has-white-color has-text-color">.</p>



<p>São atribuições da Coordenação do Programa:</p>



<ul class="wp-block-list"><li>Convocar e presidir as reuniões da Comissão Coordenadora do Programa.</li><li>Coordenar a execução programática do Programa, adotando, em entendimento com os Chefes de Departamento, as medidas necessárias ao seu desenvolvimento.</li><li>Exercer a direção administrativa do Programa.</li><li>Dar cumprimento às decisões da Comissão Coordenadora, do Colegiado dos Programas de Pós-Graduação, da Câmara de Pós-Graduação, da Pró-Reitoria de Pesquisa e Pós-Graduação e dos demais órgãos superiores da Universidade.</li><li>Elaborar o horário de aulas junto aos Departamentos participantes do Programa, com seus respectivos docentes.</li><li>Elaborar a lista dos professores orientadores, ouvida a Comissão Coordenadora.</li><li>Solicitar e distribuir bolsas de estudo, ouvida a Comissão de Bolsa.</li><li>Responsabilizar-se pelos relatórios da CAPES.</li><li>Aprovar os nomes (membros) de composição de bancas examinadoras de qualificação, de dissertação ou tese, indicadas pelo(a) orientador(a),</li><li>Representar o Programa onde e quando se fizer necessário.</li><li>Encaminhar pedidos de auxílio financeiro e autorizar despesas de acordo com a previsão orçamentária do Programa junto à Pró-Reitoria de Pesquisa e Pós-Graduação.</li><li>Delegar atribuições a outros membros da Comissão Coordenadora ou professores do Programa.</li><li>Participar das reuniões do Colegiado dos Programas de Pós-Graduação.</li><li>Deliberar sobre os pedidos de equivalência de disciplina, convalidação de créditos e aproveitamento de atividades especiais, programadas ou outras definidas pelo Programa, ouvido o orientador(a) se necessário.</li><li>Indicar Comissões de Seleção para ingresso de estudantes nos Programas de Pós-Graduação, estabelecer os critérios e os documentos necessários para a seleção e informar à PROPPG.</li><li>Operacionalizar o Exame de Proficiência em Língua Estrangeira, quando aplicado pelo Programa de Pós-Graduação.</li></ul>

<p>. São atribuições da Coordenação do Programa: Convocar e presidir as reuniões da Comissão Coordenadora do Programa. Coordenar a execução programática do Programa, adotando, em entendimento com os Chefes de Departamento, as medidas necessárias ao seu desenvolvimento. Exercer a direção administrativa do Programa. Dar cumprimento às decisões da Comissão Coordenadora, do Colegiado dos Programas de [&hellip;]</p>
