{"id":1809,"date":"2022-11-01T17:05:08","date_gmt":"2022-11-01T20:05:08","guid":{"rendered":"https:\/\/sites.uel.br\/pdi\/?page_id=1809"},"modified":"2022-11-01T17:05:08","modified_gmt":"2022-11-01T20:05:08","slug":"stricto-sensu-colegiados","status":"publish","type":"page","link":"https:\/\/sites.uel.br\/pdi\/stricto-sensu-colegiados\/","title":{"rendered":"Stricto Sensu &#8211; Colegiados"},"content":{"rendered":"\n<p class=\"has-white-color has-text-color\">.<\/p>\n\n\n\n<p>Colegiados dos Programas de P\u00f3s-Gradua\u00e7\u00e3o Stricto Sensu<\/p>\n\n\n\n<p>Compete ao Colegiado dos Programas de P\u00f3s-Gradua\u00e7\u00e3o:<\/p>\n\n\n\n<ul class=\"wp-block-list\"><li>Eleger, entre seus membros docentes, o Coordenador, o Vice-Coordenador e os representantes do Colegiado junto \u00e0 C\u00e2mara de P\u00f3s-Gradua\u00e7\u00e3o.<\/li><li>Sugerir \u00e0 administra\u00e7\u00e3o quaisquer medidas julgadas \u00fateis \u00e0 execu\u00e7\u00e3o dos Programas de P\u00f3s-Gradua\u00e7\u00e3o.<\/li><li>Analisar e emitir parecer sobre os processos referentes \u00e0 cria\u00e7\u00e3o ou extin\u00e7\u00e3o de Programas de P\u00f3s-Gradua\u00e7\u00e3o Stricto Sensu nas diversas unidades da UEL, encaminhando seu parecer \u00e0s inst\u00e2ncias superiores.<\/li><li>Analisar e recomendar o calend\u00e1rio das atividades de p\u00f3s-gradua\u00e7\u00e3o Stricto Sensu.<\/li><li>Aprovar as adequa\u00e7\u00f5es curriculares, regimentais e reestrutura\u00e7\u00f5es de Cursos\/Programas de P\u00f3s-Gradua\u00e7\u00e3o.<\/li><li>Aprovar a mudan\u00e7a de n\u00edvel direta (com ou sem defesa) de estudante de Mestrado para o Doutorado, quando regulamentada no Regimento do Programa e deferida pela Comiss\u00e3o Coordenadora.<\/li><li>Aprovar as solicita\u00e7\u00f5es de inclus\u00e3o de professor s\u00eanior junto aos Programas de P\u00f3s-Gradua\u00e7\u00e3o.<\/li><\/ul>\n","protected":false},"excerpt":{"rendered":"<p>. Colegiados dos Programas de P\u00f3s-Gradua\u00e7\u00e3o Stricto Sensu Compete ao Colegiado dos Programas de P\u00f3s-Gradua\u00e7\u00e3o: Eleger, entre seus membros docentes, o Coordenador, o Vice-Coordenador e os representantes do Colegiado junto \u00e0 C\u00e2mara de P\u00f3s-Gradua\u00e7\u00e3o. Sugerir \u00e0 administra\u00e7\u00e3o quaisquer medidas julgadas \u00fateis \u00e0 execu\u00e7\u00e3o dos Programas de P\u00f3s-Gradua\u00e7\u00e3o. Analisar e emitir parecer sobre os processos referentes [&hellip;]<\/p>\n","protected":false},"author":8,"featured_media":0,"parent":0,"menu_order":0,"comment_status":"closed","ping_status":"closed","template":"","meta":{"footnotes":""},"class_list":["post-1809","page","type-page","status-publish","hentry"],"acf":[],"_links":{"self":[{"href":"https:\/\/sites.uel.br\/pdi\/wp-json\/wp\/v2\/pages\/1809","targetHints":{"allow":["GET"]}}],"collection":[{"href":"https:\/\/sites.uel.br\/pdi\/wp-json\/wp\/v2\/pages"}],"about":[{"href":"https:\/\/sites.uel.br\/pdi\/wp-json\/wp\/v2\/types\/page"}],"author":[{"embeddable":true,"href":"https:\/\/sites.uel.br\/pdi\/wp-json\/wp\/v2\/users\/8"}],"replies":[{"embeddable":true,"href":"https:\/\/sites.uel.br\/pdi\/wp-json\/wp\/v2\/comments?post=1809"}],"version-history":[{"count":1,"href":"https:\/\/sites.uel.br\/pdi\/wp-json\/wp\/v2\/pages\/1809\/revisions"}],"predecessor-version":[{"id":1810,"href":"https:\/\/sites.uel.br\/pdi\/wp-json\/wp\/v2\/pages\/1809\/revisions\/1810"}],"wp:attachment":[{"href":"https:\/\/sites.uel.br\/pdi\/wp-json\/wp\/v2\/media?parent=1809"}],"curies":[{"name":"wp","href":"https:\/\/api.w.org\/{rel}","templated":true}]}}

<p class="has-white-color has-text-color">.</p>



<p>Colegiados dos Programas de Pós-Graduação Stricto Sensu</p>



<p>Compete ao Colegiado dos Programas de Pós-Graduação:</p>



<ul class="wp-block-list"><li>Eleger, entre seus membros docentes, o Coordenador, o Vice-Coordenador e os representantes do Colegiado junto à Câmara de Pós-Graduação.</li><li>Sugerir à administração quaisquer medidas julgadas úteis à execução dos Programas de Pós-Graduação.</li><li>Analisar e emitir parecer sobre os processos referentes à criação ou extinção de Programas de Pós-Graduação Stricto Sensu nas diversas unidades da UEL, encaminhando seu parecer às instâncias superiores.</li><li>Analisar e recomendar o calendário das atividades de pós-graduação Stricto Sensu.</li><li>Aprovar as adequações curriculares, regimentais e reestruturações de Cursos/Programas de Pós-Graduação.</li><li>Aprovar a mudança de nível direta (com ou sem defesa) de estudante de Mestrado para o Doutorado, quando regulamentada no Regimento do Programa e deferida pela Comissão Coordenadora.</li><li>Aprovar as solicitações de inclusão de professor sênior junto aos Programas de Pós-Graduação.</li></ul>

<p>. Colegiados dos Programas de Pós-Graduação Stricto Sensu Compete ao Colegiado dos Programas de Pós-Graduação: Eleger, entre seus membros docentes, o Coordenador, o Vice-Coordenador e os representantes do Colegiado junto à Câmara de Pós-Graduação. Sugerir à administração quaisquer medidas julgadas úteis à execução dos Programas de Pós-Graduação. Analisar e emitir parecer sobre os processos referentes [&hellip;]</p>
