{"id":1805,"date":"2022-11-01T16:56:48","date_gmt":"2022-11-01T19:56:48","guid":{"rendered":"https:\/\/sites.uel.br\/pdi\/?page_id=1805"},"modified":"2022-11-01T16:56:48","modified_gmt":"2022-11-01T19:56:48","slug":"orgaos-suplementares","status":"publish","type":"page","link":"https:\/\/sites.uel.br\/pdi\/orgaos-suplementares\/","title":{"rendered":"\u00d3rg\u00e3os Suplementares"},"content":{"rendered":"\n<p class=\"has-white-color has-text-color\">.<\/p>\n\n\n\n<p>A Universidade dispor\u00e1 de \u00d3rg\u00e3os Suplementares com finalidade de subsidiar as atividades de ensino, pesquisa e extens\u00e3o, por meio de atividades acad\u00eamicas, sociais, cient\u00edficas, tecnol\u00f3gicas, culturais, esportivas, ambientais, de presta\u00e7\u00e3o de servi\u00e7os e assistenciais, enumeradas no Regimento Geral. Os \u00d3rg\u00e3os Suplementares est\u00e3o administrativamente subordinados \u00e0 Vice-Reitoria e academicamente vinculados aos Centros de Estudos, conforme estabelecido no Estatuto. Como \u00d3rg\u00e3os Deliberativos, os \u00d3rg\u00e3os Suplementares ter\u00e3o Conselhos Diretores, cuja composi\u00e7\u00e3o ser\u00e1 definida nos respectivos regimentos.<\/p>\n\n\n\n<div class=\"wp-block-columns is-layout-flex wp-container-core-columns-is-layout-9d6595d7 wp-block-columns-is-layout-flex\">\n<div class=\"wp-block-column is-layout-flow wp-block-column-is-layout-flow\">\n<figure class=\"wp-block-gallery has-nested-images columns-default is-cropped wp-block-gallery-1 is-layout-flex wp-block-gallery-is-layout-flex\">\n<figure class=\"wp-block-image size-large\"><a href=\"https:\/\/sites.uel.br\/pdi\/os-orgaos-suplementares\/\"><img loading=\"lazy\" decoding=\"async\" width=\"1987\" height=\"1110\" data-id=\"1806\" src=\"https:\/\/sites.uel.br\/pdi\/wp-content\/uploads\/2022\/11\/osup-psup.png\" alt=\"\" class=\"wp-image-1806\" srcset=\"https:\/\/sites.uel.br\/pdi\/wp-content\/uploads\/2022\/11\/osup-psup.png 1987w, https:\/\/sites.uel.br\/pdi\/wp-content\/uploads\/2022\/11\/osup-psup-300x168.png 300w, https:\/\/sites.uel.br\/pdi\/wp-content\/uploads\/2022\/11\/osup-psup-1024x572.png 1024w, https:\/\/sites.uel.br\/pdi\/wp-content\/uploads\/2022\/11\/osup-psup-768x429.png 768w, https:\/\/sites.uel.br\/pdi\/wp-content\/uploads\/2022\/11\/osup-psup-1536x858.png 1536w\" sizes=\"auto, (max-width: 1987px) 100vw, 1987px\" \/><\/a><\/figure>\n<\/figure>\n<\/div>\n\n\n\n<div class=\"wp-block-column is-layout-flow wp-block-column-is-layout-flow\">\n<figure class=\"wp-block-gallery has-nested-images columns-default is-cropped wp-block-gallery-2 is-layout-flex wp-block-gallery-is-layout-flex\">\n<figure class=\"wp-block-image size-large\"><a href=\"https:\/\/sites.uel.br\/pdi\/orgaos-suplementares-competencias\/\"><img loading=\"lazy\" decoding=\"async\" width=\"1987\" height=\"1110\" data-id=\"1759\" src=\"https:\/\/sites.uel.br\/pdi\/wp-content\/uploads\/2022\/10\/ATI-COMPET.png\" alt=\"\" class=\"wp-image-1759\" srcset=\"https:\/\/sites.uel.br\/pdi\/wp-content\/uploads\/2022\/10\/ATI-COMPET.png 1987w, https:\/\/sites.uel.br\/pdi\/wp-content\/uploads\/2022\/10\/ATI-COMPET-300x168.png 300w, https:\/\/sites.uel.br\/pdi\/wp-content\/uploads\/2022\/10\/ATI-COMPET-1024x572.png 1024w, https:\/\/sites.uel.br\/pdi\/wp-content\/uploads\/2022\/10\/ATI-COMPET-768x429.png 768w, https:\/\/sites.uel.br\/pdi\/wp-content\/uploads\/2022\/10\/ATI-COMPET-1536x858.png 1536w\" sizes=\"auto, (max-width: 1987px) 100vw, 1987px\" \/><\/a><\/figure>\n<\/figure>\n<\/div>\n\n\n\n<div class=\"wp-block-column is-layout-flow wp-block-column-is-layout-flow\">\n<figure class=\"wp-block-gallery has-nested-images columns-default is-cropped wp-block-gallery-3 is-layout-flex wp-block-gallery-is-layout-flex\">\n<figure class=\"wp-block-image size-large\"><a href=\"https:\/\/sites.uel.br\/pdi\/orgaos-suplementares-finalidades\/\"><img loading=\"lazy\" decoding=\"async\" width=\"952\" height=\"532\" data-id=\"1728\" src=\"https:\/\/sites.uel.br\/pdi\/wp-content\/uploads\/2022\/10\/ARI-FINALIDADES.jpg\" alt=\"\" class=\"wp-image-1728\" srcset=\"https:\/\/sites.uel.br\/pdi\/wp-content\/uploads\/2022\/10\/ARI-FINALIDADES.jpg 952w, https:\/\/sites.uel.br\/pdi\/wp-content\/uploads\/2022\/10\/ARI-FINALIDADES-300x168.jpg 300w, https:\/\/sites.uel.br\/pdi\/wp-content\/uploads\/2022\/10\/ARI-FINALIDADES-768x429.jpg 768w\" sizes=\"auto, (max-width: 952px) 100vw, 952px\" \/><\/a><\/figure>\n<\/figure>\n<\/div>\n<\/div>\n","protected":false},"excerpt":{"rendered":"<p>. A Universidade dispor\u00e1 de \u00d3rg\u00e3os Suplementares com finalidade de subsidiar as atividades de ensino, pesquisa e extens\u00e3o, por meio de atividades acad\u00eamicas, sociais, cient\u00edficas, tecnol\u00f3gicas, culturais, esportivas, ambientais, de presta\u00e7\u00e3o de servi\u00e7os e assistenciais, enumeradas no Regimento Geral. Os \u00d3rg\u00e3os Suplementares est\u00e3o administrativamente subordinados \u00e0 Vice-Reitoria e academicamente vinculados aos Centros de Estudos, conforme [&hellip;]<\/p>\n","protected":false},"author":8,"featured_media":0,"parent":0,"menu_order":0,"comment_status":"closed","ping_status":"closed","template":"","meta":{"footnotes":""},"class_list":["post-1805","page","type-page","status-publish","hentry"],"acf":[],"_links":{"self":[{"href":"https:\/\/sites.uel.br\/pdi\/wp-json\/wp\/v2\/pages\/1805","targetHints":{"allow":["GET"]}}],"collection":[{"href":"https:\/\/sites.uel.br\/pdi\/wp-json\/wp\/v2\/pages"}],"about":[{"href":"https:\/\/sites.uel.br\/pdi\/wp-json\/wp\/v2\/types\/page"}],"author":[{"embeddable":true,"href":"https:\/\/sites.uel.br\/pdi\/wp-json\/wp\/v2\/users\/8"}],"replies":[{"embeddable":true,"href":"https:\/\/sites.uel.br\/pdi\/wp-json\/wp\/v2\/comments?post=1805"}],"version-history":[{"count":1,"href":"https:\/\/sites.uel.br\/pdi\/wp-json\/wp\/v2\/pages\/1805\/revisions"}],"predecessor-version":[{"id":1807,"href":"https:\/\/sites.uel.br\/pdi\/wp-json\/wp\/v2\/pages\/1805\/revisions\/1807"}],"wp:attachment":[{"href":"https:\/\/sites.uel.br\/pdi\/wp-json\/wp\/v2\/media?parent=1805"}],"curies":[{"name":"wp","href":"https:\/\/api.w.org\/{rel}","templated":true}]}}