{"id":1801,"date":"2022-11-01T16:52:21","date_gmt":"2022-11-01T19:52:21","guid":{"rendered":"https:\/\/sites.uel.br\/pdi\/?page_id=1801"},"modified":"2022-11-01T16:52:21","modified_gmt":"2022-11-01T19:52:21","slug":"orgaos-suplementares-competencias","status":"publish","type":"page","link":"https:\/\/sites.uel.br\/pdi\/orgaos-suplementares-competencias\/","title":{"rendered":"\u00d3rg\u00e3os Suplementares &#8211; Compet\u00eancias"},"content":{"rendered":"\n<p class=\"has-text-color\" style=\"color:#fefefe\">.<\/p>\n\n\n\n<p>Aos Diretores dos \u00d3rg\u00e3os Suplementares&nbsp;<strong>compete<\/strong>:<\/p>\n\n\n\n<ul class=\"wp-block-list\"><li>administrar e representar o \u00f3rg\u00e3o;<\/li><li>elaborar a proposta or\u00e7ament\u00e1ria anual do \u00f3rg\u00e3o, ouvido o respectivo Conselho Diretor;<\/li><li>controlar a aplica\u00e7\u00e3o dos recursos or\u00e7ament\u00e1rios consignados ao \u00f3rg\u00e3o;<\/li><li>assegurar a ordem e a disciplina no \u00e2mbito do \u00f3rg\u00e3o, inclusive em rela\u00e7\u00e3o aos docentes em atividade no mesmo, bem como propor ao Reitor a abertura de sindic\u00e2ncias ou processos administrativo-disciplinares, de acordo com o Regimento Geral;<\/li><li>supervisionar e fiscalizar administrativamente as atividades dos docentes do Centro a que se achar o \u00f3rg\u00e3o vinculado, quando os mesmos nele estiverem, no exerc\u00edcio de suas respectivas fun\u00e7\u00f5es;<\/li><li>opinar, juntamente com o Diretor do Centro a que estiver vinculado, sobre licen\u00e7as e f\u00e9rias do respectivo pessoal docente em atividade no \u00d3rg\u00e3o Suplementar;<\/li><li>aprovar licen\u00e7as e f\u00e9rias do pessoal t\u00e9cnico-administrativo lotado no \u00f3rg\u00e3o;<\/li><li>constituir comiss\u00f5es ou grupos de trabalho para o desempenho de tarefas especiais;<\/li><li>promover a divulga\u00e7\u00e3o das atividades do \u00f3rg\u00e3o;<\/li><li>realocar o pessoal t\u00e9cnico-administrativo no \u00e2mbito do \u00f3rg\u00e3o;<\/li><li>responsabilizar-se e zelar pela guarda e conserva\u00e7\u00e3o dos equipamentos e instala\u00e7\u00f5es do \u00f3rg\u00e3o;<\/li><li>apresentar anualmente plano de trabalho e relat\u00f3rio de atividades para aprecia\u00e7\u00e3o pelo Conselho do respectivo Centro de Estudos e aprova\u00e7\u00e3o pelo Conselho de Ensino, Pesquisa e Extens\u00e3o e Conselho de Administra\u00e7\u00e3o;<\/li><li>apresentar anualmente ao Conselho de Centro respectivo, dentro do primeiro trimestre, relat\u00f3rio circunstanciado dos trabalhos desenvolvidos no \u00f3rg\u00e3o, no ano anterior, ouvido o Conselho Diretor, nele assinalando as provid\u00eancias indicadas para maior efici\u00eancia das respectivas atividades;<\/li><li>cumprir e fazer cumprir o Regimento do \u00f3rg\u00e3o e as disposi\u00e7\u00f5es estatut\u00e1rias e regimentais que lhe sejam aplic\u00e1veis;<\/li><li>representar o \u00f3rg\u00e3o no Conselho de Centro ao qual est\u00e1 vinculado;<\/li><li>desempenhar outras fun\u00e7\u00f5es inerentes ao cargo de acordo com o disposto no Estatuto, no Regimento Geral e no Regimento pr\u00f3prio.<\/li><\/ul>\n","protected":false},"excerpt":{"rendered":"<p>. Aos Diretores dos \u00d3rg\u00e3os Suplementares&nbsp;compete: administrar e representar o \u00f3rg\u00e3o; elaborar a proposta or\u00e7ament\u00e1ria anual do \u00f3rg\u00e3o, ouvido o respectivo Conselho Diretor; controlar a aplica\u00e7\u00e3o dos recursos or\u00e7ament\u00e1rios consignados ao \u00f3rg\u00e3o; assegurar a ordem e a disciplina no \u00e2mbito do \u00f3rg\u00e3o, inclusive em rela\u00e7\u00e3o aos docentes em atividade no mesmo, bem como propor ao [&hellip;]<\/p>\n","protected":false},"author":8,"featured_media":0,"parent":0,"menu_order":0,"comment_status":"closed","ping_status":"closed","template":"","meta":{"footnotes":""},"class_list":["post-1801","page","type-page","status-publish","hentry"],"acf":[],"_links":{"self":[{"href":"https:\/\/sites.uel.br\/pdi\/wp-json\/wp\/v2\/pages\/1801","targetHints":{"allow":["GET"]}}],"collection":[{"href":"https:\/\/sites.uel.br\/pdi\/wp-json\/wp\/v2\/pages"}],"about":[{"href":"https:\/\/sites.uel.br\/pdi\/wp-json\/wp\/v2\/types\/page"}],"author":[{"embeddable":true,"href":"https:\/\/sites.uel.br\/pdi\/wp-json\/wp\/v2\/users\/8"}],"replies":[{"embeddable":true,"href":"https:\/\/sites.uel.br\/pdi\/wp-json\/wp\/v2\/comments?post=1801"}],"version-history":[{"count":1,"href":"https:\/\/sites.uel.br\/pdi\/wp-json\/wp\/v2\/pages\/1801\/revisions"}],"predecessor-version":[{"id":1802,"href":"https:\/\/sites.uel.br\/pdi\/wp-json\/wp\/v2\/pages\/1801\/revisions\/1802"}],"wp:attachment":[{"href":"https:\/\/sites.uel.br\/pdi\/wp-json\/wp\/v2\/media?parent=1801"}],"curies":[{"name":"wp","href":"https:\/\/api.w.org\/{rel}","templated":true}]}}

Órgãos Suplementares &#8211; Competências

<p class="has-text-color" style="color:#fefefe">.</p>



<p>Aos Diretores dos Órgãos Suplementares&nbsp;<strong>compete</strong>:</p>



<ul class="wp-block-list"><li>administrar e representar o órgão;</li><li>elaborar a proposta orçamentária anual do órgão, ouvido o respectivo Conselho Diretor;</li><li>controlar a aplicação dos recursos orçamentários consignados ao órgão;</li><li>assegurar a ordem e a disciplina no âmbito do órgão, inclusive em relação aos docentes em atividade no mesmo, bem como propor ao Reitor a abertura de sindicâncias ou processos administrativo-disciplinares, de acordo com o Regimento Geral;</li><li>supervisionar e fiscalizar administrativamente as atividades dos docentes do Centro a que se achar o órgão vinculado, quando os mesmos nele estiverem, no exercício de suas respectivas funções;</li><li>opinar, juntamente com o Diretor do Centro a que estiver vinculado, sobre licenças e férias do respectivo pessoal docente em atividade no Órgão Suplementar;</li><li>aprovar licenças e férias do pessoal técnico-administrativo lotado no órgão;</li><li>constituir comissões ou grupos de trabalho para o desempenho de tarefas especiais;</li><li>promover a divulgação das atividades do órgão;</li><li>realocar o pessoal técnico-administrativo no âmbito do órgão;</li><li>responsabilizar-se e zelar pela guarda e conservação dos equipamentos e instalações do órgão;</li><li>apresentar anualmente plano de trabalho e relatório de atividades para apreciação pelo Conselho do respectivo Centro de Estudos e aprovação pelo Conselho de Ensino, Pesquisa e Extensão e Conselho de Administração;</li><li>apresentar anualmente ao Conselho de Centro respectivo, dentro do primeiro trimestre, relatório circunstanciado dos trabalhos desenvolvidos no órgão, no ano anterior, ouvido o Conselho Diretor, nele assinalando as providências indicadas para maior eficiência das respectivas atividades;</li><li>cumprir e fazer cumprir o Regimento do órgão e as disposições estatutárias e regimentais que lhe sejam aplicáveis;</li><li>representar o órgão no Conselho de Centro ao qual está vinculado;</li><li>desempenhar outras funções inerentes ao cargo de acordo com o disposto no Estatuto, no Regimento Geral e no Regimento próprio.</li></ul>

<p>. Aos Diretores dos Órgãos Suplementares&nbsp;compete: administrar e representar o órgão; elaborar a proposta orçamentária anual do órgão, ouvido o respectivo Conselho Diretor; controlar a aplicação dos recursos orçamentários consignados ao órgão; assegurar a ordem e a disciplina no âmbito do órgão, inclusive em relação aos docentes em atividade no mesmo, bem como propor ao [&hellip;]</p>
