{"id":1799,"date":"2022-11-01T16:31:25","date_gmt":"2022-11-01T19:31:25","guid":{"rendered":"https:\/\/sites.uel.br\/pdi\/?page_id=1799"},"modified":"2022-11-01T16:31:25","modified_gmt":"2022-11-01T19:31:25","slug":"orgaos-suplementares-finalidades","status":"publish","type":"page","link":"https:\/\/sites.uel.br\/pdi\/orgaos-suplementares-finalidades\/","title":{"rendered":"\u00d3rg\u00e3os Suplementares &#8211; Finalidades"},"content":{"rendered":"\n<p class=\"has-white-color has-text-color\">.<\/p>\n\n\n\n<p>Os \u00d3rg\u00e3os Suplementares da Universidade t\u00eam as seguintes&nbsp;<strong>finalidades<\/strong>:<\/p>\n\n\n\n<ul class=\"wp-block-list\"><li>Indissociabilidade do Ensino, Pesquisa e Extens\u00e3o.<\/li><li>Atendimento e suporte \u00e0 \u00e1rea acad\u00eamica e administrativa.<\/li><li>Qualifica\u00e7\u00e3o did\u00e1tica e cient\u00edfica, aprimorando os conhecimentos atrav\u00e9s dos est\u00e1gios pr\u00e1ticos.<\/li><li>Presta\u00e7\u00e3o de servi\u00e7o.<\/li><li>Atendimento a Comunidades Interna e Comunidade Externa.<\/li><li>Sustentabilidade no desenvolvimento das a\u00e7\u00f5es no \u00e2mbito social, cultural, esportivo e ambiental.<\/li><li>Realiza\u00e7\u00e3o de atividades docentes assistenciais.<\/li><\/ul>\n","protected":false},"excerpt":{"rendered":"<p>. Os \u00d3rg\u00e3os Suplementares da Universidade t\u00eam as seguintes&nbsp;finalidades: Indissociabilidade do Ensino, Pesquisa e Extens\u00e3o. Atendimento e suporte \u00e0 \u00e1rea acad\u00eamica e administrativa. Qualifica\u00e7\u00e3o did\u00e1tica e cient\u00edfica, aprimorando os conhecimentos atrav\u00e9s dos est\u00e1gios pr\u00e1ticos. Presta\u00e7\u00e3o de servi\u00e7o. Atendimento a Comunidades Interna e Comunidade Externa. Sustentabilidade no desenvolvimento das a\u00e7\u00f5es no \u00e2mbito social, cultural, esportivo e [&hellip;]<\/p>\n","protected":false},"author":8,"featured_media":0,"parent":0,"menu_order":0,"comment_status":"closed","ping_status":"closed","template":"","meta":{"footnotes":""},"class_list":["post-1799","page","type-page","status-publish","hentry"],"acf":[],"_links":{"self":[{"href":"https:\/\/sites.uel.br\/pdi\/wp-json\/wp\/v2\/pages\/1799","targetHints":{"allow":["GET"]}}],"collection":[{"href":"https:\/\/sites.uel.br\/pdi\/wp-json\/wp\/v2\/pages"}],"about":[{"href":"https:\/\/sites.uel.br\/pdi\/wp-json\/wp\/v2\/types\/page"}],"author":[{"embeddable":true,"href":"https:\/\/sites.uel.br\/pdi\/wp-json\/wp\/v2\/users\/8"}],"replies":[{"embeddable":true,"href":"https:\/\/sites.uel.br\/pdi\/wp-json\/wp\/v2\/comments?post=1799"}],"version-history":[{"count":1,"href":"https:\/\/sites.uel.br\/pdi\/wp-json\/wp\/v2\/pages\/1799\/revisions"}],"predecessor-version":[{"id":1800,"href":"https:\/\/sites.uel.br\/pdi\/wp-json\/wp\/v2\/pages\/1799\/revisions\/1800"}],"wp:attachment":[{"href":"https:\/\/sites.uel.br\/pdi\/wp-json\/wp\/v2\/media?parent=1799"}],"curies":[{"name":"wp","href":"https:\/\/api.w.org\/{rel}","templated":true}]}}