{"id":1781,"date":"2022-11-01T11:17:50","date_gmt":"2022-11-01T14:17:50","guid":{"rendered":"https:\/\/sites.uel.br\/pdi\/?page_id=1781"},"modified":"2022-11-01T11:17:50","modified_gmt":"2022-11-01T14:17:50","slug":"auditoria","status":"publish","type":"page","link":"https:\/\/sites.uel.br\/pdi\/auditoria\/","title":{"rendered":"Auditoria"},"content":{"rendered":"\n<p class=\"has-white-color has-text-color\">.<\/p>\n\n\n\n<p>A Assessoria de Auditoria Interna (AAI) \u00e9 uma subunidade interna de assessoramento direto \u00e0 administra\u00e7\u00e3o da Universidade, respons\u00e1vel pelo monitoramento, an\u00e1lise e avalia\u00e7\u00e3o de atos, fatos, registros, procedimentos e ocorr\u00eancias de natureza administrativa, cont\u00e1bil, financeira e assistencial hospitalar com a finalidade de convalidar sua legitimidade, exatid\u00e3o, legalidade, efici\u00eancia, efic\u00e1cia e conformidade com as normas e dispositivos legais vigentes aplicados \u00e0 administra\u00e7\u00e3o p\u00fablica.<\/p>\n","protected":false},"excerpt":{"rendered":"<p>. A Assessoria de Auditoria Interna (AAI) \u00e9 uma subunidade interna de assessoramento direto \u00e0 administra\u00e7\u00e3o da Universidade, respons\u00e1vel pelo monitoramento, an\u00e1lise e avalia\u00e7\u00e3o de atos, fatos, registros, procedimentos e ocorr\u00eancias de natureza administrativa, cont\u00e1bil, financeira e assistencial hospitalar com a finalidade de convalidar sua legitimidade, exatid\u00e3o, legalidade, efici\u00eancia, efic\u00e1cia e conformidade com as normas [&hellip;]<\/p>\n","protected":false},"author":8,"featured_media":0,"parent":0,"menu_order":0,"comment_status":"closed","ping_status":"closed","template":"","meta":{"footnotes":""},"class_list":["post-1781","page","type-page","status-publish","hentry"],"acf":[],"_links":{"self":[{"href":"https:\/\/sites.uel.br\/pdi\/wp-json\/wp\/v2\/pages\/1781","targetHints":{"allow":["GET"]}}],"collection":[{"href":"https:\/\/sites.uel.br\/pdi\/wp-json\/wp\/v2\/pages"}],"about":[{"href":"https:\/\/sites.uel.br\/pdi\/wp-json\/wp\/v2\/types\/page"}],"author":[{"embeddable":true,"href":"https:\/\/sites.uel.br\/pdi\/wp-json\/wp\/v2\/users\/8"}],"replies":[{"embeddable":true,"href":"https:\/\/sites.uel.br\/pdi\/wp-json\/wp\/v2\/comments?post=1781"}],"version-history":[{"count":1,"href":"https:\/\/sites.uel.br\/pdi\/wp-json\/wp\/v2\/pages\/1781\/revisions"}],"predecessor-version":[{"id":1782,"href":"https:\/\/sites.uel.br\/pdi\/wp-json\/wp\/v2\/pages\/1781\/revisions\/1782"}],"wp:attachment":[{"href":"https:\/\/sites.uel.br\/pdi\/wp-json\/wp\/v2\/media?parent=1781"}],"curies":[{"name":"wp","href":"https:\/\/api.w.org\/{rel}","templated":true}]}}