{"id":1754,"date":"2022-10-31T17:46:36","date_gmt":"2022-10-31T20:46:36","guid":{"rendered":"https:\/\/sites.uel.br\/pdi\/?page_id=1754"},"modified":"2022-10-31T18:01:07","modified_gmt":"2022-10-31T21:01:07","slug":"assessorat","status":"publish","type":"page","link":"https:\/\/sites.uel.br\/pdi\/assessorat\/","title":{"rendered":"ATI &#8211; Assessor"},"content":{"rendered":"\n<p class=\"has-white-color has-text-color\">.<\/p>\n\n\n\n<p>Ao Titular da Assessoria de Tecnologia da Informa\u00e7\u00e3o compete:<\/p>\n\n\n\n<ul class=\"wp-block-list\"><li>estabelecer os procedimentos necess\u00e1rios ao cumprimento das a\u00e7\u00f5es determinadas pela Administra\u00e7\u00e3o;<\/li><li>assessorar o Reitor no \u00e2mbito de suas compet\u00eancias.<\/li><\/ul>\n\n\n\n<p>O Assessor ser\u00e1 escolhido e designado pelo Reitor. Para o cargo de Assessor ser\u00e1 indicado servidor que tenha forma\u00e7\u00e3o superior, que tenha e que esteja em exerc\u00edcio na Universidade h\u00e1, no m\u00ednimo, cinco anos.<\/p>\n","protected":false},"excerpt":{"rendered":"<p>. Ao Titular da Assessoria de Tecnologia da Informa\u00e7\u00e3o compete: estabelecer os procedimentos necess\u00e1rios ao cumprimento das a\u00e7\u00f5es determinadas pela Administra\u00e7\u00e3o; assessorar o Reitor no \u00e2mbito de suas compet\u00eancias. O Assessor ser\u00e1 escolhido e designado pelo Reitor. Para o cargo de Assessor ser\u00e1 indicado servidor que tenha forma\u00e7\u00e3o superior, que tenha e que esteja em [&hellip;]<\/p>\n","protected":false},"author":8,"featured_media":0,"parent":0,"menu_order":0,"comment_status":"closed","ping_status":"closed","template":"","meta":{"footnotes":""},"class_list":["post-1754","page","type-page","status-publish","hentry"],"acf":[],"_links":{"self":[{"href":"https:\/\/sites.uel.br\/pdi\/wp-json\/wp\/v2\/pages\/1754","targetHints":{"allow":["GET"]}}],"collection":[{"href":"https:\/\/sites.uel.br\/pdi\/wp-json\/wp\/v2\/pages"}],"about":[{"href":"https:\/\/sites.uel.br\/pdi\/wp-json\/wp\/v2\/types\/page"}],"author":[{"embeddable":true,"href":"https:\/\/sites.uel.br\/pdi\/wp-json\/wp\/v2\/users\/8"}],"replies":[{"embeddable":true,"href":"https:\/\/sites.uel.br\/pdi\/wp-json\/wp\/v2\/comments?post=1754"}],"version-history":[{"count":1,"href":"https:\/\/sites.uel.br\/pdi\/wp-json\/wp\/v2\/pages\/1754\/revisions"}],"predecessor-version":[{"id":1755,"href":"https:\/\/sites.uel.br\/pdi\/wp-json\/wp\/v2\/pages\/1754\/revisions\/1755"}],"wp:attachment":[{"href":"https:\/\/sites.uel.br\/pdi\/wp-json\/wp\/v2\/media?parent=1754"}],"curies":[{"name":"wp","href":"https:\/\/api.w.org\/{rel}","templated":true}]}}

<p class="has-white-color has-text-color">.</p>



<p>Ao Titular da Assessoria de Tecnologia da Informação compete:</p>



<ul class="wp-block-list"><li>estabelecer os procedimentos necessários ao cumprimento das ações determinadas pela Administração;</li><li>assessorar o Reitor no âmbito de suas competências.</li></ul>



<p>O Assessor será escolhido e designado pelo Reitor. Para o cargo de Assessor será indicado servidor que tenha formação superior, que tenha e que esteja em exercício na Universidade há, no mínimo, cinco anos.</p>

<p>. Ao Titular da Assessoria de Tecnologia da Informação compete: estabelecer os procedimentos necessários ao cumprimento das ações determinadas pela Administração; assessorar o Reitor no âmbito de suas competências. O Assessor será escolhido e designado pelo Reitor. Para o cargo de Assessor será indicado servidor que tenha formação superior, que tenha e que esteja em [&hellip;]</p>
