{"id":1752,"date":"2022-10-31T17:45:45","date_gmt":"2022-10-31T20:45:45","guid":{"rendered":"https:\/\/sites.uel.br\/pdi\/?page_id=1752"},"modified":"2022-11-01T10:19:57","modified_gmt":"2022-11-01T13:19:57","slug":"competenciasat","status":"publish","type":"page","link":"https:\/\/sites.uel.br\/pdi\/competenciasat\/","title":{"rendered":"ATI &#8211; Compet\u00eancias"},"content":{"rendered":"\n<p class=\"has-white-color has-text-color\">.<\/p>\n\n\n\n<p>\u00c0 Assessoria de Tecnologia da Informa\u00e7\u00e3o compete:<\/p>\n\n\n\n<ul class=\"wp-block-list\"><li>atender \u00e0 comunidade da UEL dentro de suas compet\u00eancias e atribui\u00e7\u00f5es;<\/li><li>instalar e manter em funcionamento todos os ativos respons\u00e1veis pelo funcionamento da Rede UEL;<\/li><li>propor e administrar programas especiais na \u00e1rea de inform\u00e1tica;<\/li><li>elaborar e propor diretrizes gerais e pol\u00edticas de inform\u00e1tica da Universidade;<\/li><li>estimular o desenvolvimento da inform\u00e1tica na Institui\u00e7\u00e3o, promovendo seu crescimento interno;<\/li><li>constituir campo de est\u00e1gio para alunos de gradua\u00e7\u00e3o e p\u00f3s-gradua\u00e7\u00e3o de cursos afim da Universidade Estadual de Londrina.<\/li><\/ul>\n","protected":false},"excerpt":{"rendered":"<p>. \u00c0 Assessoria de Tecnologia da Informa\u00e7\u00e3o compete: atender \u00e0 comunidade da UEL dentro de suas compet\u00eancias e atribui\u00e7\u00f5es; instalar e manter em funcionamento todos os ativos respons\u00e1veis pelo funcionamento da Rede UEL; propor e administrar programas especiais na \u00e1rea de inform\u00e1tica; elaborar e propor diretrizes gerais e pol\u00edticas de inform\u00e1tica da Universidade; estimular o [&hellip;]<\/p>\n","protected":false},"author":8,"featured_media":0,"parent":0,"menu_order":0,"comment_status":"closed","ping_status":"closed","template":"","meta":{"footnotes":""},"class_list":["post-1752","page","type-page","status-publish","hentry"],"acf":[],"_links":{"self":[{"href":"https:\/\/sites.uel.br\/pdi\/wp-json\/wp\/v2\/pages\/1752","targetHints":{"allow":["GET"]}}],"collection":[{"href":"https:\/\/sites.uel.br\/pdi\/wp-json\/wp\/v2\/pages"}],"about":[{"href":"https:\/\/sites.uel.br\/pdi\/wp-json\/wp\/v2\/types\/page"}],"author":[{"embeddable":true,"href":"https:\/\/sites.uel.br\/pdi\/wp-json\/wp\/v2\/users\/8"}],"replies":[{"embeddable":true,"href":"https:\/\/sites.uel.br\/pdi\/wp-json\/wp\/v2\/comments?post=1752"}],"version-history":[{"count":1,"href":"https:\/\/sites.uel.br\/pdi\/wp-json\/wp\/v2\/pages\/1752\/revisions"}],"predecessor-version":[{"id":1753,"href":"https:\/\/sites.uel.br\/pdi\/wp-json\/wp\/v2\/pages\/1752\/revisions\/1753"}],"wp:attachment":[{"href":"https:\/\/sites.uel.br\/pdi\/wp-json\/wp\/v2\/media?parent=1752"}],"curies":[{"name":"wp","href":"https:\/\/api.w.org\/{rel}","templated":true}]}}