{"id":1750,"date":"2022-10-31T17:45:07","date_gmt":"2022-10-31T20:45:07","guid":{"rendered":"https:\/\/sites.uel.br\/pdi\/?page_id=1750"},"modified":"2022-11-01T10:20:44","modified_gmt":"2022-11-01T13:20:44","slug":"diretoria-de-desenvolvimento-de-sistemasat","status":"publish","type":"page","link":"https:\/\/sites.uel.br\/pdi\/diretoria-de-desenvolvimento-de-sistemasat\/","title":{"rendered":"ATI &#8211; Diretoria de Desenvolvimento de Sistemas"},"content":{"rendered":"\n<p class=\"has-white-color has-text-color\">.<\/p>\n\n\n\n<p>\u00c0 Diretoria de Desenvolvimento de Sistemas compete:<\/p>\n\n\n\n<ul class=\"wp-block-list\"><li>responsabilizar-se pelo desenvolvimento de modelos e representa\u00e7\u00f5es do processo de neg\u00f3cio e dos dom\u00ednios de aplica\u00e7\u00e3o da institui\u00e7\u00e3o;<\/li><li>responsabilizar-se pelo desenvolvimento de sistemas usando novas tecnologias, realizando pesquisas e testes com novas tecnologias de TI;<\/li><li>pesquisar, testar e implantar novas arquiteturas e tecnologias voltadas para TI;<\/li><li>responsabilizar-se por conceber, elaborar, construir, testar e manter os sistemas de informa\u00e7\u00e3o;<\/li><li>atuar na aquisi\u00e7\u00e3o, desenvolvimento e gerenciamento de servi\u00e7os e recursos da tecnologia da informa\u00e7\u00e3o assim como no desenvolvimento e evolu\u00e7\u00e3o de sistemas para uso de tecnologia da informa\u00e7\u00e3o em processos organizacionais;<\/li><li>estabelecer padr\u00f5es, coordenar projetos e oferecer solu\u00e7\u00f5es para ambientes informatizados e pesquisar tecnologias da informa\u00e7\u00e3o;<\/li><li>gerenciar projetos e opera\u00e7\u00f5es de servi\u00e7os de tecnologia da informa\u00e7\u00e3o, identificar oportunidades de aplica\u00e7\u00e3o desta tecnologia;<\/li><li>administrar pessoas, equipes e interagir com outras \u00e1reas;<\/li><li>gerenciar o desenvolvimento de trabalhos de natureza t\u00e9cnica na \u00e1rea de inform\u00e1tica, visando o atendimento das necessidades dos usu\u00e1rios da institui\u00e7\u00e3o, podendo atuar em uma ou mais especifica\u00e7\u00f5es que essa fun\u00e7\u00e3o abrange;<\/li><li>desenvolver, implantar e prestar manuten\u00e7\u00e3o nos sistemas de informa\u00e7\u00e3o.<\/li><\/ul>\n","protected":false},"excerpt":{"rendered":"<p>. \u00c0 Diretoria de Desenvolvimento de Sistemas compete: responsabilizar-se pelo desenvolvimento de modelos e representa\u00e7\u00f5es do processo de neg\u00f3cio e dos dom\u00ednios de aplica\u00e7\u00e3o da institui\u00e7\u00e3o; responsabilizar-se pelo desenvolvimento de sistemas usando novas tecnologias, realizando pesquisas e testes com novas tecnologias de TI; pesquisar, testar e implantar novas arquiteturas e tecnologias voltadas para TI; responsabilizar-se [&hellip;]<\/p>\n","protected":false},"author":8,"featured_media":0,"parent":0,"menu_order":0,"comment_status":"closed","ping_status":"closed","template":"","meta":{"footnotes":""},"class_list":["post-1750","page","type-page","status-publish","hentry"],"acf":[],"_links":{"self":[{"href":"https:\/\/sites.uel.br\/pdi\/wp-json\/wp\/v2\/pages\/1750","targetHints":{"allow":["GET"]}}],"collection":[{"href":"https:\/\/sites.uel.br\/pdi\/wp-json\/wp\/v2\/pages"}],"about":[{"href":"https:\/\/sites.uel.br\/pdi\/wp-json\/wp\/v2\/types\/page"}],"author":[{"embeddable":true,"href":"https:\/\/sites.uel.br\/pdi\/wp-json\/wp\/v2\/users\/8"}],"replies":[{"embeddable":true,"href":"https:\/\/sites.uel.br\/pdi\/wp-json\/wp\/v2\/comments?post=1750"}],"version-history":[{"count":1,"href":"https:\/\/sites.uel.br\/pdi\/wp-json\/wp\/v2\/pages\/1750\/revisions"}],"predecessor-version":[{"id":1751,"href":"https:\/\/sites.uel.br\/pdi\/wp-json\/wp\/v2\/pages\/1750\/revisions\/1751"}],"wp:attachment":[{"href":"https:\/\/sites.uel.br\/pdi\/wp-json\/wp\/v2\/media?parent=1750"}],"curies":[{"name":"wp","href":"https:\/\/api.w.org\/{rel}","templated":true}]}}