{"id":1744,"date":"2022-10-31T17:42:38","date_gmt":"2022-10-31T20:42:38","guid":{"rendered":"https:\/\/sites.uel.br\/pdi\/?page_id=1744"},"modified":"2022-11-01T10:23:07","modified_gmt":"2022-11-01T13:23:07","slug":"secretariaat","status":"publish","type":"page","link":"https:\/\/sites.uel.br\/pdi\/secretariaat\/","title":{"rendered":"ATI &#8211; Secretaria"},"content":{"rendered":"\n<p class=\"has-text-color\" style=\"color:#fefefe\">.<\/p>\n\n\n\n<p>\u00c0 Secretaria da ATI compete:<\/p>\n\n\n\n<ul class=\"wp-block-list\"><li>prestar apoio ao expediente da estrutura administrativa da ATI;<\/li><li>registrar e secretariar as reuni\u00f5es da unidade e expedir as determina\u00e7\u00f5es e ordens de servi\u00e7os dela emanadas;<\/li><li>requisitar materiais e solicitar servi\u00e7os ao bom andamento das atividades do \u00f3rg\u00e3o;<\/li><li>redigir, expedir e dar conhecimento aos interessados das determina\u00e7\u00f5es do Assessor;<\/li><li>executar servi\u00e7os de digita\u00e7\u00e3o de documentos da ATI;<\/li><li>lavrar as atas das reuni\u00f5es;<\/li><li>auxiliar e providenciar os pedidos dos servidores da unidade referentes a liga\u00e7\u00f5es externas e interurbanas, solicita\u00e7\u00e3o de f\u00e9rias, horas extras, licen\u00e7as, entre outros relacionados \u00e0 Institui\u00e7\u00e3o;<\/li><li>preparar as folhas-ponto, bem como lan\u00e7ar adicional noturno, horas extras, atestados m\u00e9dicos, f\u00e9rias, licen\u00e7as, etc.;<\/li><li>organizar o arquivo de correspond\u00eancias e outros documentos recebidos ou expedidos e c\u00f3pias ou processos que devam ser mantidos em condi\u00e7\u00f5es de pronta consulta;<\/li><li>gerenciar e localizar arquivos de informa\u00e7\u00f5es da administra\u00e7\u00e3o da ATI sempre que solicitado por servidor da unidade;<\/li><li>atender ao p\u00fablico (interno e externo), pessoalmente ou por telefone, prestando informa\u00e7\u00e3o de sua compet\u00eancia.<\/li><\/ul>\n","protected":false},"excerpt":{"rendered":"<p>. \u00c0 Secretaria da ATI compete: prestar apoio ao expediente da estrutura administrativa da ATI; registrar e secretariar as reuni\u00f5es da unidade e expedir as determina\u00e7\u00f5es e ordens de servi\u00e7os dela emanadas; requisitar materiais e solicitar servi\u00e7os ao bom andamento das atividades do \u00f3rg\u00e3o; redigir, expedir e dar conhecimento aos interessados das determina\u00e7\u00f5es do Assessor; [&hellip;]<\/p>\n","protected":false},"author":8,"featured_media":0,"parent":0,"menu_order":0,"comment_status":"closed","ping_status":"closed","template":"","meta":{"footnotes":""},"class_list":["post-1744","page","type-page","status-publish","hentry"],"acf":[],"_links":{"self":[{"href":"https:\/\/sites.uel.br\/pdi\/wp-json\/wp\/v2\/pages\/1744","targetHints":{"allow":["GET"]}}],"collection":[{"href":"https:\/\/sites.uel.br\/pdi\/wp-json\/wp\/v2\/pages"}],"about":[{"href":"https:\/\/sites.uel.br\/pdi\/wp-json\/wp\/v2\/types\/page"}],"author":[{"embeddable":true,"href":"https:\/\/sites.uel.br\/pdi\/wp-json\/wp\/v2\/users\/8"}],"replies":[{"embeddable":true,"href":"https:\/\/sites.uel.br\/pdi\/wp-json\/wp\/v2\/comments?post=1744"}],"version-history":[{"count":1,"href":"https:\/\/sites.uel.br\/pdi\/wp-json\/wp\/v2\/pages\/1744\/revisions"}],"predecessor-version":[{"id":1745,"href":"https:\/\/sites.uel.br\/pdi\/wp-json\/wp\/v2\/pages\/1744\/revisions\/1745"}],"wp:attachment":[{"href":"https:\/\/sites.uel.br\/pdi\/wp-json\/wp\/v2\/media?parent=1744"}],"curies":[{"name":"wp","href":"https:\/\/api.w.org\/{rel}","templated":true}]}}