{"id":1735,"date":"2022-10-31T12:57:09","date_gmt":"2022-10-31T15:57:09","guid":{"rendered":"https:\/\/sites.uel.br\/pdi\/?page_id=1735"},"modified":"2022-10-31T12:57:09","modified_gmt":"2022-10-31T15:57:09","slug":"assessoria-de-controle-interno","status":"publish","type":"page","link":"https:\/\/sites.uel.br\/pdi\/assessoria-de-controle-interno\/","title":{"rendered":"Assessoria de Controle Interno"},"content":{"rendered":"\n<p class=\"has-white-color has-text-color\">.<\/p>\n\n\n\n<p>O sistema de controle interno tem por finalidade o acompanhamento e avalia\u00e7\u00e3o das atividades da Universidade, visando o aprimoramento, a economia, a efici\u00eancia e a efic\u00e1cia de todos os procedimentos adotados pela Administra\u00e7\u00e3o P\u00fablica, bem como aferir e estimular o cumprimento das normas legais, diretrizes administrativas, instru\u00e7\u00f5es normativas, estatutos e regimentos.<\/p>\n\n\n\n<p>Ao Titular da Assessoria de Controle Interno (ACI) compete:<\/p>\n\n\n\n<ul class=\"wp-block-list\"><li>estabelecer os procedimentos necess\u00e1rios ao cumprimento das a\u00e7\u00f5es determinadas pela Controladoria Geral do Estado;<\/li><li>acompanhar o cumprimento das recomenda\u00e7\u00f5es feitas pela Controladoria Geral do Estado no prazo determinado;<\/li><li>cumprir as dilig\u00eancias solicitadas pela Controladoria Geral do Estado que devem ser feiras in loco junto \u00e0s unidades da Universidade;<\/li><li>informar ao Reitor, de maneira expressa, atrav\u00e9s de of\u00edcio, quando constatada alguma ilegalidade ou irregularidade na Universidade;<\/li><li>assessorar o Reitor no \u00e2mbito de suas compet\u00eancias;<\/li><li>acompanhar o cumprimento dos est\u00e1gios das receitas e despesas;<\/li><li>supervisionar o sistema de controle dos bens do ativo permanente;<\/li><li>verificar, no \u00e2mbito de sua Unidade, a exatid\u00e3o e a fidelidade dos dados or\u00e7ament\u00e1rios, financeiros, patrimoniais, cont\u00e1beis e de pessoal e a execu\u00e7\u00e3o de leis e regulamentos;<\/li><li>supervisionar a emiss\u00e3o das certid\u00f5es de regularidade Fiscal e Jur\u00eddica pertinente a UEL;<\/li><li>apoiar os \u00f3rg\u00e3os de controle externo no exerc\u00edcio de sua miss\u00e3o institucional;<\/li><li>atestar a presta\u00e7\u00e3o de contas anual da UEL e o cumprimento das metas determinadas nos seus Planos de A\u00e7\u00f5es.<\/li><\/ul>\n","protected":false},"excerpt":{"rendered":"<p>. O sistema de controle interno tem por finalidade o acompanhamento e avalia\u00e7\u00e3o das atividades da Universidade, visando o aprimoramento, a economia, a efici\u00eancia e a efic\u00e1cia de todos os procedimentos adotados pela Administra\u00e7\u00e3o P\u00fablica, bem como aferir e estimular o cumprimento das normas legais, diretrizes administrativas, instru\u00e7\u00f5es normativas, estatutos e regimentos. Ao Titular da [&hellip;]<\/p>\n","protected":false},"author":8,"featured_media":0,"parent":0,"menu_order":0,"comment_status":"closed","ping_status":"closed","template":"","meta":{"footnotes":""},"class_list":["post-1735","page","type-page","status-publish","hentry"],"acf":[],"_links":{"self":[{"href":"https:\/\/sites.uel.br\/pdi\/wp-json\/wp\/v2\/pages\/1735","targetHints":{"allow":["GET"]}}],"collection":[{"href":"https:\/\/sites.uel.br\/pdi\/wp-json\/wp\/v2\/pages"}],"about":[{"href":"https:\/\/sites.uel.br\/pdi\/wp-json\/wp\/v2\/types\/page"}],"author":[{"embeddable":true,"href":"https:\/\/sites.uel.br\/pdi\/wp-json\/wp\/v2\/users\/8"}],"replies":[{"embeddable":true,"href":"https:\/\/sites.uel.br\/pdi\/wp-json\/wp\/v2\/comments?post=1735"}],"version-history":[{"count":1,"href":"https:\/\/sites.uel.br\/pdi\/wp-json\/wp\/v2\/pages\/1735\/revisions"}],"predecessor-version":[{"id":1736,"href":"https:\/\/sites.uel.br\/pdi\/wp-json\/wp\/v2\/pages\/1735\/revisions\/1736"}],"wp:attachment":[{"href":"https:\/\/sites.uel.br\/pdi\/wp-json\/wp\/v2\/media?parent=1735"}],"curies":[{"name":"wp","href":"https:\/\/api.w.org\/{rel}","templated":true}]}}