{"id":1716,"date":"2022-10-31T11:27:50","date_gmt":"2022-10-31T14:27:50","guid":{"rendered":"https:\/\/sites.uel.br\/pdi\/?page_id=1716"},"modified":"2022-10-31T11:27:50","modified_gmt":"2022-10-31T14:27:50","slug":"ari-competencias","status":"publish","type":"page","link":"https:\/\/sites.uel.br\/pdi\/ari-competencias\/","title":{"rendered":"ARI &#8211; Compet\u00eancias"},"content":{"rendered":"\n<p class=\"has-white-color has-text-color\">.<\/p>\n\n\n\n<p>\u00c0 ARI&nbsp;<strong>compete<\/strong>:<\/p>\n\n\n\n<ul class=\"wp-block-list\"><li>coordenar as a\u00e7\u00f5es de internacionaliza\u00e7\u00e3o da UEL, respeitando a legisla\u00e7\u00e3o vigente;<\/li><li>propor diretrizes para uma pol\u00edtica institucional na \u00e1rea de coopera\u00e7\u00e3o internacional, envolvendo o ensino, a pesquisa e a extens\u00e3o;<\/li><li>receber e dar encaminhamento \u00e0 demanda externa de propostas de coopera\u00e7\u00e3o internacional em suas diversas modalidades;<\/li><li>propor e acompanhar propostas internas de tramita\u00e7\u00e3o de acordos e conv\u00eanios internacionais de coopera\u00e7\u00e3o t\u00e9cnica, cient\u00edfica e cultural;<\/li><li>articular, orientar e prestar assist\u00eancia \u00e0 comunidade acad\u00eamica em acordos e conv\u00eanios de coopera\u00e7\u00e3o bilateral e multilateral com institui\u00e7\u00f5es estrangeiras;<\/li><li>assessorar e representar a Reitoria em quest\u00f5es referentes \u00e0s rela\u00e7\u00f5es internacionais;<\/li><li>assessorar as Pr\u00f3-Reitorias e as demais unidades administrativas nos assuntos internacionais;<\/li><li>manter contato com institui\u00e7\u00f5es internacionais com a finalidade de identificar oportunidades de interc\u00e2mbio e coopera\u00e7\u00e3o;<\/li><li>realizar acompanhamento administrativo dos acordos de coopera\u00e7\u00e3o e interc\u00e2mbio internacionais;<\/li><li>interagir com as Pr\u00f3-Reitorias pertinentes visando \u00e0 realiza\u00e7\u00e3o de atividades de mobilidade acad\u00eamica de discentes, docentes e agentes universit\u00e1rios;<\/li><li>executar demais atividades inerentes \u00e0s rela\u00e7\u00f5es internacionais que venham a ser delegadas para autoridade competente, obedecida a legisla\u00e7\u00e3o vigente;<\/li><li>articular as a\u00e7\u00f5es desenvolvidas atrav\u00e9s do interc\u00e2mbio cient\u00edfico e cultural, bem como o desenvolvimento de estudos de culturas de outros povos;<\/li><li>interagir com pares de outras institui\u00e7\u00f5es nacionais e estrangeiras de modo a fortalecer a internacionaliza\u00e7\u00e3o da UEL.<\/li><\/ul>\n","protected":false},"excerpt":{"rendered":"<p>. \u00c0 ARI&nbsp;compete: coordenar as a\u00e7\u00f5es de internacionaliza\u00e7\u00e3o da UEL, respeitando a legisla\u00e7\u00e3o vigente; propor diretrizes para uma pol\u00edtica institucional na \u00e1rea de coopera\u00e7\u00e3o internacional, envolvendo o ensino, a pesquisa e a extens\u00e3o; receber e dar encaminhamento \u00e0 demanda externa de propostas de coopera\u00e7\u00e3o internacional em suas diversas modalidades; propor e acompanhar propostas internas de [&hellip;]<\/p>\n","protected":false},"author":8,"featured_media":0,"parent":0,"menu_order":0,"comment_status":"closed","ping_status":"closed","template":"","meta":{"footnotes":""},"class_list":["post-1716","page","type-page","status-publish","hentry"],"acf":[],"_links":{"self":[{"href":"https:\/\/sites.uel.br\/pdi\/wp-json\/wp\/v2\/pages\/1716","targetHints":{"allow":["GET"]}}],"collection":[{"href":"https:\/\/sites.uel.br\/pdi\/wp-json\/wp\/v2\/pages"}],"about":[{"href":"https:\/\/sites.uel.br\/pdi\/wp-json\/wp\/v2\/types\/page"}],"author":[{"embeddable":true,"href":"https:\/\/sites.uel.br\/pdi\/wp-json\/wp\/v2\/users\/8"}],"replies":[{"embeddable":true,"href":"https:\/\/sites.uel.br\/pdi\/wp-json\/wp\/v2\/comments?post=1716"}],"version-history":[{"count":1,"href":"https:\/\/sites.uel.br\/pdi\/wp-json\/wp\/v2\/pages\/1716\/revisions"}],"predecessor-version":[{"id":1717,"href":"https:\/\/sites.uel.br\/pdi\/wp-json\/wp\/v2\/pages\/1716\/revisions\/1717"}],"wp:attachment":[{"href":"https:\/\/sites.uel.br\/pdi\/wp-json\/wp\/v2\/media?parent=1716"}],"curies":[{"name":"wp","href":"https:\/\/api.w.org\/{rel}","templated":true}]}}

ARI &#8211; Competências

<p class="has-white-color has-text-color">.</p>



<p>À ARI&nbsp;<strong>compete</strong>:</p>



<ul class="wp-block-list"><li>coordenar as ações de internacionalização da UEL, respeitando a legislação vigente;</li><li>propor diretrizes para uma política institucional na área de cooperação internacional, envolvendo o ensino, a pesquisa e a extensão;</li><li>receber e dar encaminhamento à demanda externa de propostas de cooperação internacional em suas diversas modalidades;</li><li>propor e acompanhar propostas internas de tramitação de acordos e convênios internacionais de cooperação técnica, científica e cultural;</li><li>articular, orientar e prestar assistência à comunidade acadêmica em acordos e convênios de cooperação bilateral e multilateral com instituições estrangeiras;</li><li>assessorar e representar a Reitoria em questões referentes às relações internacionais;</li><li>assessorar as Pró-Reitorias e as demais unidades administrativas nos assuntos internacionais;</li><li>manter contato com instituições internacionais com a finalidade de identificar oportunidades de intercâmbio e cooperação;</li><li>realizar acompanhamento administrativo dos acordos de cooperação e intercâmbio internacionais;</li><li>interagir com as Pró-Reitorias pertinentes visando à realização de atividades de mobilidade acadêmica de discentes, docentes e agentes universitários;</li><li>executar demais atividades inerentes às relações internacionais que venham a ser delegadas para autoridade competente, obedecida a legislação vigente;</li><li>articular as ações desenvolvidas através do intercâmbio científico e cultural, bem como o desenvolvimento de estudos de culturas de outros povos;</li><li>interagir com pares de outras instituições nacionais e estrangeiras de modo a fortalecer a internacionalização da UEL.</li></ul>

<p>. À ARI&nbsp;compete: coordenar as ações de internacionalização da UEL, respeitando a legislação vigente; propor diretrizes para uma política institucional na área de cooperação internacional, envolvendo o ensino, a pesquisa e a extensão; receber e dar encaminhamento à demanda externa de propostas de cooperação internacional em suas diversas modalidades; propor e acompanhar propostas internas de [&hellip;]</p>
