{"id":1709,"date":"2022-10-30T12:09:21","date_gmt":"2022-10-30T15:09:21","guid":{"rendered":"https:\/\/sites.uel.br\/pdi\/?page_id=1709"},"modified":"2022-10-30T12:09:21","modified_gmt":"2022-10-30T15:09:21","slug":"assessorias","status":"publish","type":"page","link":"https:\/\/sites.uel.br\/pdi\/assessorias\/","title":{"rendered":"Assessorias"},"content":{"rendered":"\n<p class=\"has-white-color has-text-color\">.<\/p>\n\n\n\n<p>As assessorias vinculadas ao Reitor prestam servi\u00e7os nos assuntos de sua compet\u00eancia espec\u00edfica, \u00e0 Reitoria e aos demais \u00f3rg\u00e3os da Universidade, atrav\u00e9s do Gabinete do Reitor.<\/p>\n","protected":false},"excerpt":{"rendered":"<p>. As assessorias vinculadas ao Reitor prestam servi\u00e7os nos assuntos de sua compet\u00eancia espec\u00edfica, \u00e0 Reitoria e aos demais \u00f3rg\u00e3os da Universidade, atrav\u00e9s do Gabinete do Reitor.<\/p>\n","protected":false},"author":8,"featured_media":0,"parent":0,"menu_order":0,"comment_status":"closed","ping_status":"closed","template":"","meta":{"footnotes":""},"class_list":["post-1709","page","type-page","status-publish","hentry"],"acf":[],"_links":{"self":[{"href":"https:\/\/sites.uel.br\/pdi\/wp-json\/wp\/v2\/pages\/1709","targetHints":{"allow":["GET"]}}],"collection":[{"href":"https:\/\/sites.uel.br\/pdi\/wp-json\/wp\/v2\/pages"}],"about":[{"href":"https:\/\/sites.uel.br\/pdi\/wp-json\/wp\/v2\/types\/page"}],"author":[{"embeddable":true,"href":"https:\/\/sites.uel.br\/pdi\/wp-json\/wp\/v2\/users\/8"}],"replies":[{"embeddable":true,"href":"https:\/\/sites.uel.br\/pdi\/wp-json\/wp\/v2\/comments?post=1709"}],"version-history":[{"count":1,"href":"https:\/\/sites.uel.br\/pdi\/wp-json\/wp\/v2\/pages\/1709\/revisions"}],"predecessor-version":[{"id":1710,"href":"https:\/\/sites.uel.br\/pdi\/wp-json\/wp\/v2\/pages\/1709\/revisions\/1710"}],"wp:attachment":[{"href":"https:\/\/sites.uel.br\/pdi\/wp-json\/wp\/v2\/media?parent=1709"}],"curies":[{"name":"wp","href":"https:\/\/api.w.org\/{rel}","templated":true}]}}

<p class="has-white-color has-text-color">.</p>



<p>As assessorias vinculadas ao Reitor prestam serviços nos assuntos de sua competência específica, à Reitoria e aos demais órgãos da Universidade, através do Gabinete do Reitor.</p>

<p>. As assessorias vinculadas ao Reitor prestam serviços nos assuntos de sua competência específica, à Reitoria e aos demais órgãos da Universidade, através do Gabinete do Reitor.</p>
