{"id":1706,"date":"2022-10-30T12:08:08","date_gmt":"2022-10-30T15:08:08","guid":{"rendered":"https:\/\/sites.uel.br\/pdi\/?page_id=1706"},"modified":"2022-10-30T12:08:08","modified_gmt":"2022-10-30T15:08:08","slug":"ouvidoria","status":"publish","type":"page","link":"https:\/\/sites.uel.br\/pdi\/ouvidoria\/","title":{"rendered":"Ouvidoria"},"content":{"rendered":"\n<p class=\"has-white-color has-text-color\">.<\/p>\n\n\n\n<p>A Ouvidoria, vinculada \u00e0 Reitoria, \u00e9 um \u00f3rg\u00e3o de assessoramento administrativo no que concerne \u00e0 comunica\u00e7\u00e3o com a comunidade interna e externa, visando ao aperfei\u00e7oamento das a\u00e7\u00f5es institucionais.<\/p>\n\n\n\n<ul class=\"wp-block-list\"><li>A Ouvidoria Geral \u00e9 administrada por um servidor integrante da carreira docente ou t\u00e9cnico administrativo, escolhido pelo reitor.<\/li><li>A \u00e1rea de atua\u00e7\u00e3o da Ouvidoria Geral compreende todas as unidades e servi\u00e7os que formam e comp\u00f5em a estrutura organizacional da UEL e todas as unidades e servi\u00e7os prestados para a comunidade externa.<\/li><\/ul>\n\n\n\n<div class=\"wp-block-columns is-layout-flex wp-container-core-columns-is-layout-9d6595d7 wp-block-columns-is-layout-flex\">\n<div class=\"wp-block-column is-layout-flow wp-block-column-is-layout-flow\">\n<figure class=\"wp-block-gallery has-nested-images columns-default is-cropped wp-block-gallery-1 is-layout-flex wp-block-gallery-is-layout-flex\">\n<figure class=\"wp-block-image size-large\"><a href=\"https:\/\/sites.uel.br\/pdi\/ouvidoria-objetivo\/\"><img loading=\"lazy\" decoding=\"async\" width=\"952\" height=\"532\" data-id=\"1694\" src=\"https:\/\/sites.uel.br\/pdi\/wp-content\/uploads\/2022\/10\/ouv-objetivo.jpg\" alt=\"\" class=\"wp-image-1694\" srcset=\"https:\/\/sites.uel.br\/pdi\/wp-content\/uploads\/2022\/10\/ouv-objetivo.jpg 952w, https:\/\/sites.uel.br\/pdi\/wp-content\/uploads\/2022\/10\/ouv-objetivo-300x168.jpg 300w, https:\/\/sites.uel.br\/pdi\/wp-content\/uploads\/2022\/10\/ouv-objetivo-768x429.jpg 768w\" sizes=\"auto, (max-width: 952px) 100vw, 952px\" \/><\/a><\/figure>\n<\/figure>\n<\/div>\n\n\n\n<div class=\"wp-block-column is-layout-flow wp-block-column-is-layout-flow\">\n<figure class=\"wp-block-gallery has-nested-images columns-default is-cropped wp-block-gallery-2 is-layout-flex wp-block-gallery-is-layout-flex\">\n<figure class=\"wp-block-image size-large\"><a href=\"https:\/\/sites.uel.br\/pdi\/ouvidoria-estrutura-funcional\/\"><img loading=\"lazy\" decoding=\"async\" width=\"952\" height=\"532\" data-id=\"1693\" src=\"https:\/\/sites.uel.br\/pdi\/wp-content\/uploads\/2022\/10\/ouv-estrutura.jpg\" alt=\"\" class=\"wp-image-1693\" srcset=\"https:\/\/sites.uel.br\/pdi\/wp-content\/uploads\/2022\/10\/ouv-estrutura.jpg 952w, https:\/\/sites.uel.br\/pdi\/wp-content\/uploads\/2022\/10\/ouv-estrutura-300x168.jpg 300w, https:\/\/sites.uel.br\/pdi\/wp-content\/uploads\/2022\/10\/ouv-estrutura-768x429.jpg 768w\" sizes=\"auto, (max-width: 952px) 100vw, 952px\" \/><\/a><\/figure>\n<\/figure>\n<\/div>\n\n\n\n<div class=\"wp-block-column is-layout-flow wp-block-column-is-layout-flow\">\n<figure class=\"wp-block-gallery has-nested-images columns-default is-cropped wp-block-gallery-3 is-layout-flex wp-block-gallery-is-layout-flex\">\n<figure class=\"wp-block-image size-large\"><a href=\"https:\/\/sites.uel.br\/pdi\/ouvidoria-principios\/\"><img loading=\"lazy\" decoding=\"async\" width=\"952\" height=\"532\" data-id=\"1695\" src=\"https:\/\/sites.uel.br\/pdi\/wp-content\/uploads\/2022\/10\/ouv-principios.jpg\" alt=\"\" class=\"wp-image-1695\" srcset=\"https:\/\/sites.uel.br\/pdi\/wp-content\/uploads\/2022\/10\/ouv-principios.jpg 952w, https:\/\/sites.uel.br\/pdi\/wp-content\/uploads\/2022\/10\/ouv-principios-300x168.jpg 300w, https:\/\/sites.uel.br\/pdi\/wp-content\/uploads\/2022\/10\/ouv-principios-768x429.jpg 768w\" sizes=\"auto, (max-width: 952px) 100vw, 952px\" \/><\/a><\/figure>\n<\/figure>\n<\/div>\n<\/div>\n\n\n\n<div class=\"wp-block-columns is-layout-flex wp-container-core-columns-is-layout-9d6595d7 wp-block-columns-is-layout-flex\">\n<div class=\"wp-block-column is-layout-flow wp-block-column-is-layout-flow\">\n<figure class=\"wp-block-gallery has-nested-images columns-default is-cropped wp-block-gallery-4 is-layout-flex wp-block-gallery-is-layout-flex\">\n<figure class=\"wp-block-image size-large\"><a href=\"https:\/\/sites.uel.br\/pdi\/ouvidoria-acesso\/\"><img loading=\"lazy\" decoding=\"async\" width=\"952\" height=\"532\" data-id=\"1691\" src=\"https:\/\/sites.uel.br\/pdi\/wp-content\/uploads\/2022\/10\/ouv-acesso.jpg\" alt=\"\" class=\"wp-image-1691\" srcset=\"https:\/\/sites.uel.br\/pdi\/wp-content\/uploads\/2022\/10\/ouv-acesso.jpg 952w, https:\/\/sites.uel.br\/pdi\/wp-content\/uploads\/2022\/10\/ouv-acesso-300x168.jpg 300w, https:\/\/sites.uel.br\/pdi\/wp-content\/uploads\/2022\/10\/ouv-acesso-768x429.jpg 768w\" sizes=\"auto, (max-width: 952px) 100vw, 952px\" \/><\/a><\/figure>\n<\/figure>\n<\/div>\n\n\n\n<div class=\"wp-block-column is-layout-flow wp-block-column-is-layout-flow\">\n<figure class=\"wp-block-gallery has-nested-images columns-default is-cropped wp-block-gallery-5 is-layout-flex wp-block-gallery-is-layout-flex\">\n<figure class=\"wp-block-image size-large\"><a href=\"https:\/\/sites.uel.br\/pdi\/ouvidoria-competencias\/\"><img loading=\"lazy\" decoding=\"async\" width=\"1987\" height=\"1110\" data-id=\"1692\" src=\"https:\/\/sites.uel.br\/pdi\/wp-content\/uploads\/2022\/10\/ouv-competencias.png\" alt=\"\" class=\"wp-image-1692\" srcset=\"https:\/\/sites.uel.br\/pdi\/wp-content\/uploads\/2022\/10\/ouv-competencias.png 1987w, https:\/\/sites.uel.br\/pdi\/wp-content\/uploads\/2022\/10\/ouv-competencias-300x168.png 300w, https:\/\/sites.uel.br\/pdi\/wp-content\/uploads\/2022\/10\/ouv-competencias-1024x572.png 1024w, https:\/\/sites.uel.br\/pdi\/wp-content\/uploads\/2022\/10\/ouv-competencias-768x429.png 768w, https:\/\/sites.uel.br\/pdi\/wp-content\/uploads\/2022\/10\/ouv-competencias-1536x858.png 1536w\" sizes=\"auto, (max-width: 1987px) 100vw, 1987px\" \/><\/a><\/figure>\n<\/figure>\n<\/div>\n\n\n\n<div class=\"wp-block-column is-layout-flow wp-block-column-is-layout-flow\"><\/div>\n<\/div>\n","protected":false},"excerpt":{"rendered":"<p>. A Ouvidoria, vinculada \u00e0 Reitoria, \u00e9 um \u00f3rg\u00e3o de assessoramento administrativo no que concerne \u00e0 comunica\u00e7\u00e3o com a comunidade interna e externa, visando ao aperfei\u00e7oamento das a\u00e7\u00f5es institucionais. A Ouvidoria Geral \u00e9 administrada por um servidor integrante da carreira docente ou t\u00e9cnico administrativo, escolhido pelo reitor. A \u00e1rea de atua\u00e7\u00e3o da Ouvidoria Geral compreende [&hellip;]<\/p>\n","protected":false},"author":8,"featured_media":0,"parent":0,"menu_order":0,"comment_status":"closed","ping_status":"closed","template":"","meta":{"footnotes":""},"class_list":["post-1706","page","type-page","status-publish","hentry"],"acf":[],"_links":{"self":[{"href":"https:\/\/sites.uel.br\/pdi\/wp-json\/wp\/v2\/pages\/1706","targetHints":{"allow":["GET"]}}],"collection":[{"href":"https:\/\/sites.uel.br\/pdi\/wp-json\/wp\/v2\/pages"}],"about":[{"href":"https:\/\/sites.uel.br\/pdi\/wp-json\/wp\/v2\/types\/page"}],"author":[{"embeddable":true,"href":"https:\/\/sites.uel.br\/pdi\/wp-json\/wp\/v2\/users\/8"}],"replies":[{"embeddable":true,"href":"https:\/\/sites.uel.br\/pdi\/wp-json\/wp\/v2\/comments?post=1706"}],"version-history":[{"count":1,"href":"https:\/\/sites.uel.br\/pdi\/wp-json\/wp\/v2\/pages\/1706\/revisions"}],"predecessor-version":[{"id":1707,"href":"https:\/\/sites.uel.br\/pdi\/wp-json\/wp\/v2\/pages\/1706\/revisions\/1707"}],"wp:attachment":[{"href":"https:\/\/sites.uel.br\/pdi\/wp-json\/wp\/v2\/media?parent=1706"}],"curies":[{"name":"wp","href":"https:\/\/api.w.org\/{rel}","templated":true}]}}

<p class="has-white-color has-text-color">.</p>



<p>A Ouvidoria, vinculada à Reitoria, é um órgão de assessoramento administrativo no que concerne à comunicação com a comunidade interna e externa, visando ao aperfeiçoamento das ações institucionais.</p>



<ul class="wp-block-list"><li>A Ouvidoria Geral é administrada por um servidor integrante da carreira docente ou técnico administrativo, escolhido pelo reitor.</li><li>A área de atuação da Ouvidoria Geral compreende todas as unidades e serviços que formam e compõem a estrutura organizacional da UEL e todas as unidades e serviços prestados para a comunidade externa.</li></ul>



<div class="wp-block-columns is-layout-flex wp-container-core-columns-is-layout-9d6595d7 wp-block-columns-is-layout-flex">
<div class="wp-block-column is-layout-flow wp-block-column-is-layout-flow">
<figure class="wp-block-gallery has-nested-images columns-default is-cropped wp-block-gallery-1 is-layout-flex wp-block-gallery-is-layout-flex">
<figure class="wp-block-image size-large"><a href="https://sites.uel.br/pdi/ouvidoria-objetivo/"><img loading="lazy" decoding="async" width="952" height="532" data-id="1694" src="https://sites.uel.br/pdi/wp-content/uploads/2022/10/ouv-objetivo.jpg" alt="" class="wp-image-1694" srcset="https://sites.uel.br/pdi/wp-content/uploads/2022/10/ouv-objetivo.jpg 952w, https://sites.uel.br/pdi/wp-content/uploads/2022/10/ouv-objetivo-300x168.jpg 300w, https://sites.uel.br/pdi/wp-content/uploads/2022/10/ouv-objetivo-768x429.jpg 768w" sizes="auto, (max-width: 952px) 100vw, 952px" /></a></figure>
</figure>
</div>



<div class="wp-block-column is-layout-flow wp-block-column-is-layout-flow">
<figure class="wp-block-gallery has-nested-images columns-default is-cropped wp-block-gallery-2 is-layout-flex wp-block-gallery-is-layout-flex">
<figure class="wp-block-image size-large"><a href="https://sites.uel.br/pdi/ouvidoria-estrutura-funcional/"><img loading="lazy" decoding="async" width="952" height="532" data-id="1693" src="https://sites.uel.br/pdi/wp-content/uploads/2022/10/ouv-estrutura.jpg" alt="" class="wp-image-1693" srcset="https://sites.uel.br/pdi/wp-content/uploads/2022/10/ouv-estrutura.jpg 952w, https://sites.uel.br/pdi/wp-content/uploads/2022/10/ouv-estrutura-300x168.jpg 300w, https://sites.uel.br/pdi/wp-content/uploads/2022/10/ouv-estrutura-768x429.jpg 768w" sizes="auto, (max-width: 952px) 100vw, 952px" /></a></figure>
</figure>
</div>



<div class="wp-block-column is-layout-flow wp-block-column-is-layout-flow">
<figure class="wp-block-gallery has-nested-images columns-default is-cropped wp-block-gallery-3 is-layout-flex wp-block-gallery-is-layout-flex">
<figure class="wp-block-image size-large"><a href="https://sites.uel.br/pdi/ouvidoria-principios/"><img loading="lazy" decoding="async" width="952" height="532" data-id="1695" src="https://sites.uel.br/pdi/wp-content/uploads/2022/10/ouv-principios.jpg" alt="" class="wp-image-1695" srcset="https://sites.uel.br/pdi/wp-content/uploads/2022/10/ouv-principios.jpg 952w, https://sites.uel.br/pdi/wp-content/uploads/2022/10/ouv-principios-300x168.jpg 300w, https://sites.uel.br/pdi/wp-content/uploads/2022/10/ouv-principios-768x429.jpg 768w" sizes="auto, (max-width: 952px) 100vw, 952px" /></a></figure>
</figure>
</div>
</div>



<div class="wp-block-columns is-layout-flex wp-container-core-columns-is-layout-9d6595d7 wp-block-columns-is-layout-flex">
<div class="wp-block-column is-layout-flow wp-block-column-is-layout-flow">
<figure class="wp-block-gallery has-nested-images columns-default is-cropped wp-block-gallery-4 is-layout-flex wp-block-gallery-is-layout-flex">
<figure class="wp-block-image size-large"><a href="https://sites.uel.br/pdi/ouvidoria-acesso/"><img loading="lazy" decoding="async" width="952" height="532" data-id="1691" src="https://sites.uel.br/pdi/wp-content/uploads/2022/10/ouv-acesso.jpg" alt="" class="wp-image-1691" srcset="https://sites.uel.br/pdi/wp-content/uploads/2022/10/ouv-acesso.jpg 952w, https://sites.uel.br/pdi/wp-content/uploads/2022/10/ouv-acesso-300x168.jpg 300w, https://sites.uel.br/pdi/wp-content/uploads/2022/10/ouv-acesso-768x429.jpg 768w" sizes="auto, (max-width: 952px) 100vw, 952px" /></a></figure>
</figure>
</div>



<div class="wp-block-column is-layout-flow wp-block-column-is-layout-flow">
<figure class="wp-block-gallery has-nested-images columns-default is-cropped wp-block-gallery-5 is-layout-flex wp-block-gallery-is-layout-flex">
<figure class="wp-block-image size-large"><a href="https://sites.uel.br/pdi/ouvidoria-competencias/"><img loading="lazy" decoding="async" width="1987" height="1110" data-id="1692" src="https://sites.uel.br/pdi/wp-content/uploads/2022/10/ouv-competencias.png" alt="" class="wp-image-1692" srcset="https://sites.uel.br/pdi/wp-content/uploads/2022/10/ouv-competencias.png 1987w, https://sites.uel.br/pdi/wp-content/uploads/2022/10/ouv-competencias-300x168.png 300w, https://sites.uel.br/pdi/wp-content/uploads/2022/10/ouv-competencias-1024x572.png 1024w, https://sites.uel.br/pdi/wp-content/uploads/2022/10/ouv-competencias-768x429.png 768w, https://sites.uel.br/pdi/wp-content/uploads/2022/10/ouv-competencias-1536x858.png 1536w" sizes="auto, (max-width: 1987px) 100vw, 1987px" /></a></figure>
</figure>
</div>



<div class="wp-block-column is-layout-flow wp-block-column-is-layout-flow"></div>
</div>

<p>. A Ouvidoria, vinculada à Reitoria, é um órgão de assessoramento administrativo no que concerne à comunicação com a comunidade interna e externa, visando ao aperfeiçoamento das ações institucionais. A Ouvidoria Geral é administrada por um servidor integrante da carreira docente ou técnico administrativo, escolhido pelo reitor. A área de atuação da Ouvidoria Geral compreende [&hellip;]</p>
