{"id":170,"date":"2022-09-07T14:17:57","date_gmt":"2022-09-07T17:17:57","guid":{"rendered":"https:\/\/sites.uel.br\/pdi\/?page_id=170"},"modified":"2022-09-07T14:17:57","modified_gmt":"2022-09-07T17:17:57","slug":"eixo-tematico-x-gestao-financeira-e-orcamentaria-da-instituicao","status":"publish","type":"page","link":"https:\/\/sites.uel.br\/pdi\/eixo-tematico-x-gestao-financeira-e-orcamentaria-da-instituicao\/","title":{"rendered":"Eixo Tem\u00e1tico X &#8211; GEST\u00c3O FINANCEIRA E OR\u00c7AMENT\u00c1RIA DA INSTITUI\u00c7\u00c3O"},"content":{"rendered":"\n<p class=\"has-white-color has-text-color\">&#8211;<\/p>\n\n\n\n<p>Quanto ao Eixo X \u2013 Gest\u00e3o Financeira e Or\u00e7ament\u00e1ria da Institui\u00e7\u00e3o, de acordo com os marcos legais e os documentos de refer\u00eancia consultados, estabeleceu-se como prioridade o destaque dos t\u00f3picos listados em sequ\u00eancia:&nbsp;<\/p>\n\n\n\n<ul class=\"wp-block-list\"><li>demonstra\u00e7\u00e3o da sustentabilidade financeira da institui\u00e7\u00e3o;&nbsp;<\/li><li>programas de expans\u00e3o abordados nos eixos tem\u00e1ticos anteriores;&nbsp;<\/li><li>vincula\u00e7\u00f5es entre as receitas e as a\u00e7\u00f5es propostas no PDI;&nbsp;<\/li><li>solidez e factibilidade do planejamento proposto;&nbsp;<\/li><li>a\u00e7\u00f5es relacionadas \u00e0 melhoria da gest\u00e3o financeira da institui\u00e7\u00e3o;&nbsp;<\/li><li>estrat\u00e9gias de gest\u00e3o que ser\u00e3o adotadas pela institui\u00e7\u00e3o;&nbsp;<\/li><li>tabela com previs\u00e3o or\u00e7ament\u00e1ria dos pr\u00f3ximos cinco anos;&nbsp;<\/li><li>tabela com principais fontes de custos e proje\u00e7\u00e3o de despesas;&nbsp;<\/li><li>gastos\/despesas incorridos dos projetos\/a\u00e7\u00f5es estabelecidos nos demais eixos tem\u00e1ticos;&nbsp;<\/li><li>origem das receitas mediante disposi\u00e7\u00e3o de recursos para operacionaliza\u00e7\u00e3o dos projetos\/a\u00e7\u00f5es; e,&nbsp;<\/li><li>consolida\u00e7\u00e3o dos valores necess\u00e1rios para as a\u00e7\u00f5es tra\u00e7adas.<\/li><\/ul>\n","protected":false},"excerpt":{"rendered":"<p>&#8211; Quanto ao Eixo X \u2013 Gest\u00e3o Financeira e Or\u00e7ament\u00e1ria da Institui\u00e7\u00e3o, de acordo com os marcos legais e os documentos de refer\u00eancia consultados, estabeleceu-se como prioridade o destaque dos t\u00f3picos listados em sequ\u00eancia:&nbsp; demonstra\u00e7\u00e3o da sustentabilidade financeira da institui\u00e7\u00e3o;&nbsp; programas de expans\u00e3o abordados nos eixos tem\u00e1ticos anteriores;&nbsp; vincula\u00e7\u00f5es entre as receitas e as a\u00e7\u00f5es [&hellip;]<\/p>\n","protected":false},"author":8,"featured_media":0,"parent":0,"menu_order":0,"comment_status":"closed","ping_status":"closed","template":"","meta":{"footnotes":""},"class_list":["post-170","page","type-page","status-publish","hentry"],"acf":[],"_links":{"self":[{"href":"https:\/\/sites.uel.br\/pdi\/wp-json\/wp\/v2\/pages\/170","targetHints":{"allow":["GET"]}}],"collection":[{"href":"https:\/\/sites.uel.br\/pdi\/wp-json\/wp\/v2\/pages"}],"about":[{"href":"https:\/\/sites.uel.br\/pdi\/wp-json\/wp\/v2\/types\/page"}],"author":[{"embeddable":true,"href":"https:\/\/sites.uel.br\/pdi\/wp-json\/wp\/v2\/users\/8"}],"replies":[{"embeddable":true,"href":"https:\/\/sites.uel.br\/pdi\/wp-json\/wp\/v2\/comments?post=170"}],"version-history":[{"count":1,"href":"https:\/\/sites.uel.br\/pdi\/wp-json\/wp\/v2\/pages\/170\/revisions"}],"predecessor-version":[{"id":173,"href":"https:\/\/sites.uel.br\/pdi\/wp-json\/wp\/v2\/pages\/170\/revisions\/173"}],"wp:attachment":[{"href":"https:\/\/sites.uel.br\/pdi\/wp-json\/wp\/v2\/media?parent=170"}],"curies":[{"name":"wp","href":"https:\/\/api.w.org\/{rel}","templated":true}]}}