{"id":1688,"date":"2022-10-30T11:12:53","date_gmt":"2022-10-30T14:12:53","guid":{"rendered":"https:\/\/sites.uel.br\/pdi\/?page_id=1688"},"modified":"2022-10-30T11:12:53","modified_gmt":"2022-10-30T14:12:53","slug":"coordenadoria-de-comunicacao","status":"publish","type":"page","link":"https:\/\/sites.uel.br\/pdi\/coordenadoria-de-comunicacao\/","title":{"rendered":"Coordenadoria de Comunica\u00e7\u00e3o"},"content":{"rendered":"\n<p class=\"has-white-color has-text-color\">.<\/p>\n\n\n\n<p>A Coordenadoria de Comunica\u00e7\u00e3o \u00e9 o \u00f3rg\u00e3o respons\u00e1vel pela promo\u00e7\u00e3o e relacionamento desta Universidade junto \u00e0s comunidades interna e externa, e imprensa. O Coordenador de Comunica\u00e7\u00e3o ser\u00e1 escolhido e designado pelo Reitor, e exercer\u00e1 suas fun\u00e7\u00f5es em comiss\u00e3o.<\/p>\n\n\n\n<p>A Coordenadoria de Comunica\u00e7\u00e3o compreende:<\/p>\n\n\n\n<ul class=\"wp-block-list\"><li>Coordenador;<\/li><li>Diretoria de Servi\u00e7os Gr\u00e1ficos;<\/li><li>Secretaria, sob responsabilidade de secret\u00e1rio, preferencialmente, designado para tal.<\/li><\/ul>\n\n\n\n<div class=\"wp-block-columns is-layout-flex wp-container-core-columns-is-layout-9d6595d7 wp-block-columns-is-layout-flex\">\n<div class=\"wp-block-column is-layout-flow wp-block-column-is-layout-flow\">\n<figure class=\"wp-block-gallery has-nested-images columns-default is-cropped wp-block-gallery-1 is-layout-flex wp-block-gallery-is-layout-flex\">\n<figure class=\"wp-block-image size-large\"><a href=\"https:\/\/sites.uel.br\/pdi\/com-coordenacao\/\"><img loading=\"lazy\" decoding=\"async\" width=\"952\" height=\"532\" data-id=\"1682\" src=\"https:\/\/sites.uel.br\/pdi\/wp-content\/uploads\/2022\/10\/COM-COM.jpg\" alt=\"\" class=\"wp-image-1682\" srcset=\"https:\/\/sites.uel.br\/pdi\/wp-content\/uploads\/2022\/10\/COM-COM.jpg 952w, https:\/\/sites.uel.br\/pdi\/wp-content\/uploads\/2022\/10\/COM-COM-300x168.jpg 300w, https:\/\/sites.uel.br\/pdi\/wp-content\/uploads\/2022\/10\/COM-COM-768x429.jpg 768w\" sizes=\"auto, (max-width: 952px) 100vw, 952px\" \/><\/a><\/figure>\n<\/figure>\n<\/div>\n\n\n\n<div class=\"wp-block-column is-layout-flow wp-block-column-is-layout-flow\">\n<figure class=\"wp-block-gallery has-nested-images columns-default is-cropped wp-block-gallery-2 is-layout-flex wp-block-gallery-is-layout-flex\">\n<figure class=\"wp-block-image size-large\"><a href=\"https:\/\/sites.uel.br\/pdi\/com-diretoria-de-servicos-graficos\/\"><img loading=\"lazy\" decoding=\"async\" width=\"952\" height=\"532\" data-id=\"1683\" src=\"https:\/\/sites.uel.br\/pdi\/wp-content\/uploads\/2022\/10\/COM-DIR.jpg\" alt=\"\" class=\"wp-image-1683\" srcset=\"https:\/\/sites.uel.br\/pdi\/wp-content\/uploads\/2022\/10\/COM-DIR.jpg 952w, https:\/\/sites.uel.br\/pdi\/wp-content\/uploads\/2022\/10\/COM-DIR-300x168.jpg 300w, https:\/\/sites.uel.br\/pdi\/wp-content\/uploads\/2022\/10\/COM-DIR-768x429.jpg 768w\" sizes=\"auto, (max-width: 952px) 100vw, 952px\" \/><\/a><\/figure>\n<\/figure>\n<\/div>\n<\/div>\n","protected":false},"excerpt":{"rendered":"<p>. A Coordenadoria de Comunica\u00e7\u00e3o \u00e9 o \u00f3rg\u00e3o respons\u00e1vel pela promo\u00e7\u00e3o e relacionamento desta Universidade junto \u00e0s comunidades interna e externa, e imprensa. O Coordenador de Comunica\u00e7\u00e3o ser\u00e1 escolhido e designado pelo Reitor, e exercer\u00e1 suas fun\u00e7\u00f5es em comiss\u00e3o. A Coordenadoria de Comunica\u00e7\u00e3o compreende: Coordenador; Diretoria de Servi\u00e7os Gr\u00e1ficos; Secretaria, sob responsabilidade de secret\u00e1rio, preferencialmente, [&hellip;]<\/p>\n","protected":false},"author":8,"featured_media":0,"parent":0,"menu_order":0,"comment_status":"closed","ping_status":"closed","template":"","meta":{"footnotes":""},"class_list":["post-1688","page","type-page","status-publish","hentry"],"acf":[],"_links":{"self":[{"href":"https:\/\/sites.uel.br\/pdi\/wp-json\/wp\/v2\/pages\/1688","targetHints":{"allow":["GET"]}}],"collection":[{"href":"https:\/\/sites.uel.br\/pdi\/wp-json\/wp\/v2\/pages"}],"about":[{"href":"https:\/\/sites.uel.br\/pdi\/wp-json\/wp\/v2\/types\/page"}],"author":[{"embeddable":true,"href":"https:\/\/sites.uel.br\/pdi\/wp-json\/wp\/v2\/users\/8"}],"replies":[{"embeddable":true,"href":"https:\/\/sites.uel.br\/pdi\/wp-json\/wp\/v2\/comments?post=1688"}],"version-history":[{"count":1,"href":"https:\/\/sites.uel.br\/pdi\/wp-json\/wp\/v2\/pages\/1688\/revisions"}],"predecessor-version":[{"id":1689,"href":"https:\/\/sites.uel.br\/pdi\/wp-json\/wp\/v2\/pages\/1688\/revisions\/1689"}],"wp:attachment":[{"href":"https:\/\/sites.uel.br\/pdi\/wp-json\/wp\/v2\/media?parent=1688"}],"curies":[{"name":"wp","href":"https:\/\/api.w.org\/{rel}","templated":true}]}}

Coordenadoria de Comunicação

<p class="has-white-color has-text-color">.</p>



<p>A Coordenadoria de Comunicação é o órgão responsável pela promoção e relacionamento desta Universidade junto às comunidades interna e externa, e imprensa. O Coordenador de Comunicação será escolhido e designado pelo Reitor, e exercerá suas funções em comissão.</p>



<p>A Coordenadoria de Comunicação compreende:</p>



<ul class="wp-block-list"><li>Coordenador;</li><li>Diretoria de Serviços Gráficos;</li><li>Secretaria, sob responsabilidade de secretário, preferencialmente, designado para tal.</li></ul>



<div class="wp-block-columns is-layout-flex wp-container-core-columns-is-layout-9d6595d7 wp-block-columns-is-layout-flex">
<div class="wp-block-column is-layout-flow wp-block-column-is-layout-flow">
<figure class="wp-block-gallery has-nested-images columns-default is-cropped wp-block-gallery-1 is-layout-flex wp-block-gallery-is-layout-flex">
<figure class="wp-block-image size-large"><a href="https://sites.uel.br/pdi/com-coordenacao/"><img loading="lazy" decoding="async" width="952" height="532" data-id="1682" src="https://sites.uel.br/pdi/wp-content/uploads/2022/10/COM-COM.jpg" alt="" class="wp-image-1682" srcset="https://sites.uel.br/pdi/wp-content/uploads/2022/10/COM-COM.jpg 952w, https://sites.uel.br/pdi/wp-content/uploads/2022/10/COM-COM-300x168.jpg 300w, https://sites.uel.br/pdi/wp-content/uploads/2022/10/COM-COM-768x429.jpg 768w" sizes="auto, (max-width: 952px) 100vw, 952px" /></a></figure>
</figure>
</div>



<div class="wp-block-column is-layout-flow wp-block-column-is-layout-flow">
<figure class="wp-block-gallery has-nested-images columns-default is-cropped wp-block-gallery-2 is-layout-flex wp-block-gallery-is-layout-flex">
<figure class="wp-block-image size-large"><a href="https://sites.uel.br/pdi/com-diretoria-de-servicos-graficos/"><img loading="lazy" decoding="async" width="952" height="532" data-id="1683" src="https://sites.uel.br/pdi/wp-content/uploads/2022/10/COM-DIR.jpg" alt="" class="wp-image-1683" srcset="https://sites.uel.br/pdi/wp-content/uploads/2022/10/COM-DIR.jpg 952w, https://sites.uel.br/pdi/wp-content/uploads/2022/10/COM-DIR-300x168.jpg 300w, https://sites.uel.br/pdi/wp-content/uploads/2022/10/COM-DIR-768x429.jpg 768w" sizes="auto, (max-width: 952px) 100vw, 952px" /></a></figure>
</figure>
</div>
</div>

<p>. A Coordenadoria de Comunicação é o órgão responsável pela promoção e relacionamento desta Universidade junto às comunidades interna e externa, e imprensa. O Coordenador de Comunicação será escolhido e designado pelo Reitor, e exercerá suas funções em comissão. A Coordenadoria de Comunicação compreende: Coordenador; Diretoria de Serviços Gráficos; Secretaria, sob responsabilidade de secretário, preferencialmente, [&hellip;]</p>
