{"id":1686,"date":"2022-10-30T11:10:13","date_gmt":"2022-10-30T14:10:13","guid":{"rendered":"https:\/\/sites.uel.br\/pdi\/?page_id=1686"},"modified":"2022-10-30T11:10:13","modified_gmt":"2022-10-30T14:10:13","slug":"com-diretoria-de-servicos-graficos","status":"publish","type":"page","link":"https:\/\/sites.uel.br\/pdi\/com-diretoria-de-servicos-graficos\/","title":{"rendered":"COM &#8211; Diretoria de Servi\u00e7os Gr\u00e1ficos"},"content":{"rendered":"\n<p class=\"has-text-color\" style=\"color:#fefefe\">.<\/p>\n\n\n\n<p>\u00c0 Diretoria de Servi\u00e7os Gr\u00e1ficos, respons\u00e1vel pela confec\u00e7\u00e3o de impressos de uso e material promocional e institucional da Universidade, compete:<\/p>\n\n\n\n<ul class=\"wp-block-list\"><li>executar todas as atividades de servi\u00e7os gr\u00e1ficos, a elabora\u00e7\u00e3o de pedidos para a aquisi\u00e7\u00e3o de material de consumo e a manuten\u00e7\u00e3o do parque gr\u00e1fico colocado \u00e0 sua disposi\u00e7\u00e3o;<\/li><li>supervisionar o pessoal lotado da Diretoria;<\/li><li>controlar todo o estoque de materiais de consumo a seu cargo, observadas as normas de controle existentes;<\/li><li>relacionar-se com todos os \u00f3rg\u00e3os da UEL que demandam seus servi\u00e7os, orientando quanto a custos e otimiza\u00e7\u00e3o de resultados;<\/li><li>apresentar, anualmente, ao Coordenador da Coordenadoria de Comunica\u00e7\u00e3o, relat\u00f3rio circunstanciado de suas atividades.<\/li><\/ul>\n","protected":false},"excerpt":{"rendered":"<p>. \u00c0 Diretoria de Servi\u00e7os Gr\u00e1ficos, respons\u00e1vel pela confec\u00e7\u00e3o de impressos de uso e material promocional e institucional da Universidade, compete: executar todas as atividades de servi\u00e7os gr\u00e1ficos, a elabora\u00e7\u00e3o de pedidos para a aquisi\u00e7\u00e3o de material de consumo e a manuten\u00e7\u00e3o do parque gr\u00e1fico colocado \u00e0 sua disposi\u00e7\u00e3o; supervisionar o pessoal lotado da Diretoria; [&hellip;]<\/p>\n","protected":false},"author":8,"featured_media":0,"parent":0,"menu_order":0,"comment_status":"closed","ping_status":"closed","template":"","meta":{"footnotes":""},"class_list":["post-1686","page","type-page","status-publish","hentry"],"acf":[],"_links":{"self":[{"href":"https:\/\/sites.uel.br\/pdi\/wp-json\/wp\/v2\/pages\/1686","targetHints":{"allow":["GET"]}}],"collection":[{"href":"https:\/\/sites.uel.br\/pdi\/wp-json\/wp\/v2\/pages"}],"about":[{"href":"https:\/\/sites.uel.br\/pdi\/wp-json\/wp\/v2\/types\/page"}],"author":[{"embeddable":true,"href":"https:\/\/sites.uel.br\/pdi\/wp-json\/wp\/v2\/users\/8"}],"replies":[{"embeddable":true,"href":"https:\/\/sites.uel.br\/pdi\/wp-json\/wp\/v2\/comments?post=1686"}],"version-history":[{"count":1,"href":"https:\/\/sites.uel.br\/pdi\/wp-json\/wp\/v2\/pages\/1686\/revisions"}],"predecessor-version":[{"id":1687,"href":"https:\/\/sites.uel.br\/pdi\/wp-json\/wp\/v2\/pages\/1686\/revisions\/1687"}],"wp:attachment":[{"href":"https:\/\/sites.uel.br\/pdi\/wp-json\/wp\/v2\/media?parent=1686"}],"curies":[{"name":"wp","href":"https:\/\/api.w.org\/{rel}","templated":true}]}}

COM &#8211; Diretoria de Serviços Gráficos

<p class="has-text-color" style="color:#fefefe">.</p>



<p>À Diretoria de Serviços Gráficos, responsável pela confecção de impressos de uso e material promocional e institucional da Universidade, compete:</p>



<ul class="wp-block-list"><li>executar todas as atividades de serviços gráficos, a elaboração de pedidos para a aquisição de material de consumo e a manutenção do parque gráfico colocado à sua disposição;</li><li>supervisionar o pessoal lotado da Diretoria;</li><li>controlar todo o estoque de materiais de consumo a seu cargo, observadas as normas de controle existentes;</li><li>relacionar-se com todos os órgãos da UEL que demandam seus serviços, orientando quanto a custos e otimização de resultados;</li><li>apresentar, anualmente, ao Coordenador da Coordenadoria de Comunicação, relatório circunstanciado de suas atividades.</li></ul>

<p>. À Diretoria de Serviços Gráficos, responsável pela confecção de impressos de uso e material promocional e institucional da Universidade, compete: executar todas as atividades de serviços gráficos, a elaboração de pedidos para a aquisição de material de consumo e a manutenção do parque gráfico colocado à sua disposição; supervisionar o pessoal lotado da Diretoria; [&hellip;]</p>
