{"id":1684,"date":"2022-10-30T11:06:43","date_gmt":"2022-10-30T14:06:43","guid":{"rendered":"https:\/\/sites.uel.br\/pdi\/?page_id=1684"},"modified":"2022-10-30T11:06:43","modified_gmt":"2022-10-30T14:06:43","slug":"com-coordenacao","status":"publish","type":"page","link":"https:\/\/sites.uel.br\/pdi\/com-coordenacao\/","title":{"rendered":"COM &#8211; Coordena\u00e7\u00e3o"},"content":{"rendered":"\n<p class=\"has-white-color has-text-color\">.<\/p>\n\n\n\n<p>\u00c0 Coordena\u00e7\u00e3o da Coordenadoria de Comunica\u00e7\u00e3o compete:<\/p>\n\n\n\n<ul class=\"wp-block-list\"><li>coordenar e promover a divulga\u00e7\u00e3o de informa\u00e7\u00f5es institucionais (administrativas e acad\u00eamicas), assim como a difus\u00e3o da produ\u00e7\u00e3o acad\u00eamica da Universidade junto aos \u00f3rg\u00e3os de comunica\u00e7\u00e3o;<\/li><li>selecionar mat\u00e9rias veiculadas pelas diferentes m\u00eddias locais que sejam de interesse da Universidade para reprodu\u00e7\u00e3o na home page da UEL, e em espa\u00e7o designado para tal;<\/li><li>produzir boletins e informativos oficiais da Universidade Estadual de Londrina;<\/li><li>produzir boletim e\/ou publica\u00e7\u00e3o impressa e digital de conte\u00fado editorial para divulga\u00e7\u00e3o das atividades da Universidade junto \u00e0s comunidades interna e externa;<\/li><li>agendar, pautar e acompanhar coletivas de imprensa, assim como acompanhar a dire\u00e7\u00e3o da UEL em entrevistas pr\u00e9-agendadas pela Coordenadoria;<\/li><li>estabelecer e coordenar a programa\u00e7\u00e3o de festividades, com a colabora\u00e7\u00e3o dos demais \u00f3rg\u00e3os interessados, em calend\u00e1rio anual que contemple datas comemorativas nacional, estadual e municipal, bem como as especificidades da Universidade;<\/li><li>coordenar o cerimonial da Reitoria, em festividades e solenidades institucionais;<\/li><li>promover interc\u00e2mbio de entidades cong\u00eaneres nacionais e estrangeiras nos campos acad\u00eamico-cient\u00edfico e t\u00e9cnico-administrativo;<\/li><li>coordenar os Servi\u00e7os Gr\u00e1ficos da Universidade.<\/li><\/ul>\n","protected":false},"excerpt":{"rendered":"<p>. \u00c0 Coordena\u00e7\u00e3o da Coordenadoria de Comunica\u00e7\u00e3o compete: coordenar e promover a divulga\u00e7\u00e3o de informa\u00e7\u00f5es institucionais (administrativas e acad\u00eamicas), assim como a difus\u00e3o da produ\u00e7\u00e3o acad\u00eamica da Universidade junto aos \u00f3rg\u00e3os de comunica\u00e7\u00e3o; selecionar mat\u00e9rias veiculadas pelas diferentes m\u00eddias locais que sejam de interesse da Universidade para reprodu\u00e7\u00e3o na home page da UEL, e em [&hellip;]<\/p>\n","protected":false},"author":8,"featured_media":0,"parent":0,"menu_order":0,"comment_status":"closed","ping_status":"closed","template":"","meta":{"footnotes":""},"class_list":["post-1684","page","type-page","status-publish","hentry"],"acf":[],"_links":{"self":[{"href":"https:\/\/sites.uel.br\/pdi\/wp-json\/wp\/v2\/pages\/1684","targetHints":{"allow":["GET"]}}],"collection":[{"href":"https:\/\/sites.uel.br\/pdi\/wp-json\/wp\/v2\/pages"}],"about":[{"href":"https:\/\/sites.uel.br\/pdi\/wp-json\/wp\/v2\/types\/page"}],"author":[{"embeddable":true,"href":"https:\/\/sites.uel.br\/pdi\/wp-json\/wp\/v2\/users\/8"}],"replies":[{"embeddable":true,"href":"https:\/\/sites.uel.br\/pdi\/wp-json\/wp\/v2\/comments?post=1684"}],"version-history":[{"count":1,"href":"https:\/\/sites.uel.br\/pdi\/wp-json\/wp\/v2\/pages\/1684\/revisions"}],"predecessor-version":[{"id":1685,"href":"https:\/\/sites.uel.br\/pdi\/wp-json\/wp\/v2\/pages\/1684\/revisions\/1685"}],"wp:attachment":[{"href":"https:\/\/sites.uel.br\/pdi\/wp-json\/wp\/v2\/media?parent=1684"}],"curies":[{"name":"wp","href":"https:\/\/api.w.org\/{rel}","templated":true}]}}

COM &#8211; Coordenação

<p class="has-white-color has-text-color">.</p>



<p>À Coordenação da Coordenadoria de Comunicação compete:</p>



<ul class="wp-block-list"><li>coordenar e promover a divulgação de informações institucionais (administrativas e acadêmicas), assim como a difusão da produção acadêmica da Universidade junto aos órgãos de comunicação;</li><li>selecionar matérias veiculadas pelas diferentes mídias locais que sejam de interesse da Universidade para reprodução na home page da UEL, e em espaço designado para tal;</li><li>produzir boletins e informativos oficiais da Universidade Estadual de Londrina;</li><li>produzir boletim e/ou publicação impressa e digital de conteúdo editorial para divulgação das atividades da Universidade junto às comunidades interna e externa;</li><li>agendar, pautar e acompanhar coletivas de imprensa, assim como acompanhar a direção da UEL em entrevistas pré-agendadas pela Coordenadoria;</li><li>estabelecer e coordenar a programação de festividades, com a colaboração dos demais órgãos interessados, em calendário anual que contemple datas comemorativas nacional, estadual e municipal, bem como as especificidades da Universidade;</li><li>coordenar o cerimonial da Reitoria, em festividades e solenidades institucionais;</li><li>promover intercâmbio de entidades congêneres nacionais e estrangeiras nos campos acadêmico-científico e técnico-administrativo;</li><li>coordenar os Serviços Gráficos da Universidade.</li></ul>

<p>. À Coordenação da Coordenadoria de Comunicação compete: coordenar e promover a divulgação de informações institucionais (administrativas e acadêmicas), assim como a difusão da produção acadêmica da Universidade junto aos órgãos de comunicação; selecionar matérias veiculadas pelas diferentes mídias locais que sejam de interesse da Universidade para reprodução na home page da UEL, e em [&hellip;]</p>
