{"id":1669,"date":"2022-10-20T17:31:42","date_gmt":"2022-10-20T20:31:42","guid":{"rendered":"https:\/\/sites.uel.br\/pdi\/?page_id=1669"},"modified":"2022-10-20T17:31:42","modified_gmt":"2022-10-20T20:31:42","slug":"cops-comissao-permanente-de-selecao","status":"publish","type":"page","link":"https:\/\/sites.uel.br\/pdi\/cops-comissao-permanente-de-selecao\/","title":{"rendered":"COPS &#8211; Comiss\u00e3o Permanente de Sele\u00e7\u00e3o"},"content":{"rendered":"\n<p class=\"has-white-color has-text-color\">.<\/p>\n\n\n\n<p>\u00c0 Comiss\u00e3o Permanente de Sele\u00e7\u00e3o (COPESE) compete:<\/p>\n\n\n\n<ul class=\"wp-block-list\"><li>propor ao Conselho de Ensino, Pesquisa e Extens\u00e3o as diretrizes acad\u00eamicas referentes aos processos seletivos e concursos organizados pela COPS;<\/li><li>encaminhar para aprova\u00e7\u00e3o, ap\u00f3s an\u00e1lise preliminar, as propostas de abertura de licita\u00e7\u00f5es, contratos e conv\u00eanios em todas as suas modalidades, afetos \u00e0 Coordenadoria, aos \u00f3rg\u00e3os competentes da Institui\u00e7\u00e3o;<\/li><li>acompanhar e analisar os processos seletivos e concursos realizados pela COPS;<\/li><li>aprovar os impressos e material de divulga\u00e7\u00e3o dos processos seletivos e concursos, elaborados e apresentados pela COPS;<\/li><li>analisar os relat\u00f3rios e a presta\u00e7\u00e3o de contas dos processos seletivos e concursos organizados pela COPS, para posterior encaminhamento ao Conselho de Administra\u00e7\u00e3o e \u00e0 Auditoria Interna;<\/li><li>elaborar e submeter \u00e0 aprecia\u00e7\u00e3o superior o regimento interno da COPS, bem como os Manuais de Servi\u00e7os Internos, estabelecendo compet\u00eancias para cada divis\u00e3o;<\/li><li>reunir-se ordinariamente uma vez por m\u00eas ou extraordinariamente, por convoca\u00e7\u00e3o do presidente da COPESE ou por 2\/3 de seus membros.<\/li><\/ul>\n","protected":false},"excerpt":{"rendered":"<p>. \u00c0 Comiss\u00e3o Permanente de Sele\u00e7\u00e3o (COPESE) compete: propor ao Conselho de Ensino, Pesquisa e Extens\u00e3o as diretrizes acad\u00eamicas referentes aos processos seletivos e concursos organizados pela COPS; encaminhar para aprova\u00e7\u00e3o, ap\u00f3s an\u00e1lise preliminar, as propostas de abertura de licita\u00e7\u00f5es, contratos e conv\u00eanios em todas as suas modalidades, afetos \u00e0 Coordenadoria, aos \u00f3rg\u00e3os competentes da [&hellip;]<\/p>\n","protected":false},"author":8,"featured_media":0,"parent":0,"menu_order":0,"comment_status":"closed","ping_status":"closed","template":"","meta":{"footnotes":""},"class_list":["post-1669","page","type-page","status-publish","hentry"],"acf":[],"_links":{"self":[{"href":"https:\/\/sites.uel.br\/pdi\/wp-json\/wp\/v2\/pages\/1669","targetHints":{"allow":["GET"]}}],"collection":[{"href":"https:\/\/sites.uel.br\/pdi\/wp-json\/wp\/v2\/pages"}],"about":[{"href":"https:\/\/sites.uel.br\/pdi\/wp-json\/wp\/v2\/types\/page"}],"author":[{"embeddable":true,"href":"https:\/\/sites.uel.br\/pdi\/wp-json\/wp\/v2\/users\/8"}],"replies":[{"embeddable":true,"href":"https:\/\/sites.uel.br\/pdi\/wp-json\/wp\/v2\/comments?post=1669"}],"version-history":[{"count":1,"href":"https:\/\/sites.uel.br\/pdi\/wp-json\/wp\/v2\/pages\/1669\/revisions"}],"predecessor-version":[{"id":1670,"href":"https:\/\/sites.uel.br\/pdi\/wp-json\/wp\/v2\/pages\/1669\/revisions\/1670"}],"wp:attachment":[{"href":"https:\/\/sites.uel.br\/pdi\/wp-json\/wp\/v2\/media?parent=1669"}],"curies":[{"name":"wp","href":"https:\/\/api.w.org\/{rel}","templated":true}]}}