{"id":1655,"date":"2022-10-20T14:44:25","date_gmt":"2022-10-20T17:44:25","guid":{"rendered":"https:\/\/sites.uel.br\/pdi\/?page_id=1655"},"modified":"2022-10-20T14:44:25","modified_gmt":"2022-10-20T17:44:25","slug":"pcu-diretoria-de-moveis-e-equipamentos","status":"publish","type":"page","link":"https:\/\/sites.uel.br\/pdi\/pcu-diretoria-de-moveis-e-equipamentos\/","title":{"rendered":"PCU &#8211; Diretoria de M\u00f3veis e Equipamentos"},"content":{"rendered":"\n<p class=\"has-text-color\" style=\"color:#fefefe\">.<\/p>\n\n\n\n<p>\u00c0 Diretoria de M\u00f3veis e Equipamentos:<\/p>\n\n\n\n<ul class=\"wp-block-list\"><li>analisar os pedidos de aquisi\u00e7\u00e3o de bens m\u00f3veis e equipamentos, avaliando a necessidade dos mesmos conforme as normas de padroniza\u00e7\u00e3o aprovadas;<\/li><li>executar a produ\u00e7\u00e3o de m\u00f3veis e equipamentos da Universidade, conforme as normas de produ\u00e7\u00e3o;<\/li><li>executar a manuten\u00e7\u00e3o de m\u00f3veis e equipamentos da Universidade;<\/li><li>executar a instala\u00e7\u00e3o de tubula\u00e7\u00e3o e canaletas, lan\u00e7amento de cabos met\u00e1licos e de fibra \u00f3tica, instala\u00e7\u00e3o, manuten\u00e7\u00e3o, certifica\u00e7\u00e3o e documenta\u00e7\u00e3o da estrutura f\u00edsica da rede l\u00f3gica de comunica\u00e7\u00e3o da Universidade, seguindo as normas de padroniza\u00e7\u00e3o conforme defini\u00e7\u00f5es realizadas pela ATI e Diretoria de Planejamento do Territ\u00f3rio e Edifica\u00e7\u00f5es da PROPLAN;<\/li><li>executar a instala\u00e7\u00e3o, altera\u00e7\u00e3o, manuten\u00e7\u00e3o, gerenciamento e opera\u00e7\u00e3o do sistema de telefonia da Universidade, seguindo as normas de padroniza\u00e7\u00e3o conforme defini\u00e7\u00f5es realizadas pela ATI e Diretoria de Planejamento do Territ\u00f3rio e Edifica\u00e7\u00f5es da PROPLAN;<\/li><li>executar o atendimento do PABX do Campus Universit\u00e1rio, mantendo o padr\u00e3o Telebr\u00e1s para o assunto;<\/li><li>propor e supervisionar a execu\u00e7\u00e3o de contratos de manuten\u00e7\u00e3o de equipamentos;<\/li><li>efetuar a instala\u00e7\u00e3o de software em equipamento de inform\u00e1tica, quando necess\u00e1rio para a manuten\u00e7\u00e3o do mesmo;<\/li><li>realizar a triagem dos equipamentos e acess\u00f3rios em geral, efetivando sua classifica\u00e7\u00e3o, por estado de conserva\u00e7\u00e3o, para execu\u00e7\u00e3o do servi\u00e7o e\/ou elabora\u00e7\u00e3o de laudo t\u00e9cnico;<\/li><li>efetuar registros para atualiza\u00e7\u00e3o dos prontu\u00e1rios de equipamentos no sistema de patrim\u00f4nio, de solicita\u00e7\u00e3o de servi\u00e7os, entre outros;<\/li><li>assessorar o Prefeito do Campus em assuntos de sua compet\u00eancia;<\/li><li>participar do Conselho Deliberativo da PCU.<\/li><\/ul>\n","protected":false},"excerpt":{"rendered":"<p>. \u00c0 Diretoria de M\u00f3veis e Equipamentos: analisar os pedidos de aquisi\u00e7\u00e3o de bens m\u00f3veis e equipamentos, avaliando a necessidade dos mesmos conforme as normas de padroniza\u00e7\u00e3o aprovadas; executar a produ\u00e7\u00e3o de m\u00f3veis e equipamentos da Universidade, conforme as normas de produ\u00e7\u00e3o; executar a manuten\u00e7\u00e3o de m\u00f3veis e equipamentos da Universidade; executar a instala\u00e7\u00e3o de [&hellip;]<\/p>\n","protected":false},"author":8,"featured_media":0,"parent":0,"menu_order":0,"comment_status":"closed","ping_status":"closed","template":"","meta":{"footnotes":""},"class_list":["post-1655","page","type-page","status-publish","hentry"],"acf":[],"_links":{"self":[{"href":"https:\/\/sites.uel.br\/pdi\/wp-json\/wp\/v2\/pages\/1655","targetHints":{"allow":["GET"]}}],"collection":[{"href":"https:\/\/sites.uel.br\/pdi\/wp-json\/wp\/v2\/pages"}],"about":[{"href":"https:\/\/sites.uel.br\/pdi\/wp-json\/wp\/v2\/types\/page"}],"author":[{"embeddable":true,"href":"https:\/\/sites.uel.br\/pdi\/wp-json\/wp\/v2\/users\/8"}],"replies":[{"embeddable":true,"href":"https:\/\/sites.uel.br\/pdi\/wp-json\/wp\/v2\/comments?post=1655"}],"version-history":[{"count":1,"href":"https:\/\/sites.uel.br\/pdi\/wp-json\/wp\/v2\/pages\/1655\/revisions"}],"predecessor-version":[{"id":1656,"href":"https:\/\/sites.uel.br\/pdi\/wp-json\/wp\/v2\/pages\/1655\/revisions\/1656"}],"wp:attachment":[{"href":"https:\/\/sites.uel.br\/pdi\/wp-json\/wp\/v2\/media?parent=1655"}],"curies":[{"name":"wp","href":"https:\/\/api.w.org\/{rel}","templated":true}]}}

PCU &#8211; Diretoria de Móveis e Equipamentos

<p class="has-text-color" style="color:#fefefe">.</p>



<p>À Diretoria de Móveis e Equipamentos:</p>



<ul class="wp-block-list"><li>analisar os pedidos de aquisição de bens móveis e equipamentos, avaliando a necessidade dos mesmos conforme as normas de padronização aprovadas;</li><li>executar a produção de móveis e equipamentos da Universidade, conforme as normas de produção;</li><li>executar a manutenção de móveis e equipamentos da Universidade;</li><li>executar a instalação de tubulação e canaletas, lançamento de cabos metálicos e de fibra ótica, instalação, manutenção, certificação e documentação da estrutura física da rede lógica de comunicação da Universidade, seguindo as normas de padronização conforme definições realizadas pela ATI e Diretoria de Planejamento do Território e Edificações da PROPLAN;</li><li>executar a instalação, alteração, manutenção, gerenciamento e operação do sistema de telefonia da Universidade, seguindo as normas de padronização conforme definições realizadas pela ATI e Diretoria de Planejamento do Território e Edificações da PROPLAN;</li><li>executar o atendimento do PABX do Campus Universitário, mantendo o padrão Telebrás para o assunto;</li><li>propor e supervisionar a execução de contratos de manutenção de equipamentos;</li><li>efetuar a instalação de software em equipamento de informática, quando necessário para a manutenção do mesmo;</li><li>realizar a triagem dos equipamentos e acessórios em geral, efetivando sua classificação, por estado de conservação, para execução do serviço e/ou elaboração de laudo técnico;</li><li>efetuar registros para atualização dos prontuários de equipamentos no sistema de patrimônio, de solicitação de serviços, entre outros;</li><li>assessorar o Prefeito do Campus em assuntos de sua competência;</li><li>participar do Conselho Deliberativo da PCU.</li></ul>

<p>. À Diretoria de Móveis e Equipamentos: analisar os pedidos de aquisição de bens móveis e equipamentos, avaliando a necessidade dos mesmos conforme as normas de padronização aprovadas; executar a produção de móveis e equipamentos da Universidade, conforme as normas de produção; executar a manutenção de móveis e equipamentos da Universidade; executar a instalação de [&hellip;]</p>
