{"id":1653,"date":"2022-10-20T14:42:20","date_gmt":"2022-10-20T17:42:20","guid":{"rendered":"https:\/\/sites.uel.br\/pdi\/?page_id=1653"},"modified":"2022-10-20T14:42:20","modified_gmt":"2022-10-20T17:42:20","slug":"pcu-diretoria-de-servicos-gerais","status":"publish","type":"page","link":"https:\/\/sites.uel.br\/pdi\/pcu-diretoria-de-servicos-gerais\/","title":{"rendered":"PCU &#8211; Diretoria de Servi\u00e7os Gerais"},"content":{"rendered":"\n<p class=\"has-white-color has-text-color\">.<\/p>\n\n\n\n<p>\u00c0 Diretoria de Servi\u00e7os Gerais compete:<\/p>\n\n\n\n<ul class=\"wp-block-list\"><li>cuidar da limpeza e conserva\u00e7\u00e3o do Campus nas \u00e1reas externas dos edif\u00edcios, nas vias, logradouros e jardins;<\/li><li>cuidar da limpeza interna e externa dos edif\u00edcios da Reitoria, Centros de Estudos e outros \u00f3rg\u00e3os da Universidade;<\/li><li>executar o ajardinamento e tratar da manuten\u00e7\u00e3o das \u00e1reas verdes da Universidade;<\/li><li>efetuar a coleta e disposi\u00e7\u00e3o do lixo;<\/li><li>organizar os servi\u00e7os de transporte interno e externo;<\/li><li>programar e executar sistema de manuten\u00e7\u00e3o e abastecimento de ve\u00edculos e m\u00e1quinas;<\/li><li>zelar pela seguran\u00e7a do patrim\u00f4nio da Universidade;<\/li><li>incumbir-se das medidas de vigil\u00e2ncia e prote\u00e7\u00e3o geral e do patrim\u00f4nio;<\/li><li>fiscalizar e orientar o tr\u00e1fego interno;<\/li><li>fiscalizar os estacionamentos;<\/li><li>assessorar o Prefeito do Campus Universit\u00e1rio nos assuntos de sua compet\u00eancia;<\/li><li>participar do Conselho Deliberativo da PCU.<\/li><\/ul>\n","protected":false},"excerpt":{"rendered":"<p>. \u00c0 Diretoria de Servi\u00e7os Gerais compete: cuidar da limpeza e conserva\u00e7\u00e3o do Campus nas \u00e1reas externas dos edif\u00edcios, nas vias, logradouros e jardins; cuidar da limpeza interna e externa dos edif\u00edcios da Reitoria, Centros de Estudos e outros \u00f3rg\u00e3os da Universidade; executar o ajardinamento e tratar da manuten\u00e7\u00e3o das \u00e1reas verdes da Universidade; efetuar [&hellip;]<\/p>\n","protected":false},"author":8,"featured_media":0,"parent":0,"menu_order":0,"comment_status":"closed","ping_status":"closed","template":"","meta":{"footnotes":""},"class_list":["post-1653","page","type-page","status-publish","hentry"],"acf":[],"_links":{"self":[{"href":"https:\/\/sites.uel.br\/pdi\/wp-json\/wp\/v2\/pages\/1653","targetHints":{"allow":["GET"]}}],"collection":[{"href":"https:\/\/sites.uel.br\/pdi\/wp-json\/wp\/v2\/pages"}],"about":[{"href":"https:\/\/sites.uel.br\/pdi\/wp-json\/wp\/v2\/types\/page"}],"author":[{"embeddable":true,"href":"https:\/\/sites.uel.br\/pdi\/wp-json\/wp\/v2\/users\/8"}],"replies":[{"embeddable":true,"href":"https:\/\/sites.uel.br\/pdi\/wp-json\/wp\/v2\/comments?post=1653"}],"version-history":[{"count":1,"href":"https:\/\/sites.uel.br\/pdi\/wp-json\/wp\/v2\/pages\/1653\/revisions"}],"predecessor-version":[{"id":1654,"href":"https:\/\/sites.uel.br\/pdi\/wp-json\/wp\/v2\/pages\/1653\/revisions\/1654"}],"wp:attachment":[{"href":"https:\/\/sites.uel.br\/pdi\/wp-json\/wp\/v2\/media?parent=1653"}],"curies":[{"name":"wp","href":"https:\/\/api.w.org\/{rel}","templated":true}]}}

PCU &#8211; Diretoria de Serviços Gerais

<p class="has-white-color has-text-color">.</p>



<p>À Diretoria de Serviços Gerais compete:</p>



<ul class="wp-block-list"><li>cuidar da limpeza e conservação do Campus nas áreas externas dos edifícios, nas vias, logradouros e jardins;</li><li>cuidar da limpeza interna e externa dos edifícios da Reitoria, Centros de Estudos e outros órgãos da Universidade;</li><li>executar o ajardinamento e tratar da manutenção das áreas verdes da Universidade;</li><li>efetuar a coleta e disposição do lixo;</li><li>organizar os serviços de transporte interno e externo;</li><li>programar e executar sistema de manutenção e abastecimento de veículos e máquinas;</li><li>zelar pela segurança do patrimônio da Universidade;</li><li>incumbir-se das medidas de vigilância e proteção geral e do patrimônio;</li><li>fiscalizar e orientar o tráfego interno;</li><li>fiscalizar os estacionamentos;</li><li>assessorar o Prefeito do Campus Universitário nos assuntos de sua competência;</li><li>participar do Conselho Deliberativo da PCU.</li></ul>

<p>. À Diretoria de Serviços Gerais compete: cuidar da limpeza e conservação do Campus nas áreas externas dos edifícios, nas vias, logradouros e jardins; cuidar da limpeza interna e externa dos edifícios da Reitoria, Centros de Estudos e outros órgãos da Universidade; executar o ajardinamento e tratar da manutenção das áreas verdes da Universidade; efetuar [&hellip;]</p>
